-- https://www.phpmyadmin.net/
--
-- Versi Server: 10.1.30-MariaDB

START TRANSACTION;



--
-- Database: `mypos`
--

-- --------------------------------------------------------

--
-- Struktur dari tabel `customer`
--

CREATE TABLE `customer` (
  `customer_id` int(11) NOT NULL,
  `name` varchar(100) DEFAULT NULL,
  `gender` enum('L','P') DEFAULT NULL,
  `phone` varchar(15) DEFAULT NULL,
  `address` text,
  `created` datetime NOT NULL DEFAULT CURRENT_TIMESTAMP,
  `updated` datetime DEFAULT NULL
) ENGINE=InnoDB DEFAULT CHARSET=latin1;

--
-- Dumping data untuk tabel `customer`
--

INSERT INTO `customer` (`customer_id`, `name`, `gender`, `phone`, `address`, `created`, `updated`) VALUES
(2, 'Ibu tan', 'P', '0811996310', 'Jakarta', '2022-11-09 10:44:32', NULL),
(3, 'Hesti', 'P', '08129560995', 'Bogor', '2022-11-09 10:52:53', NULL),
(4, 'Tam', 'P', '081228374838', '', '2022-11-09 10:54:27', NULL),
(5, 'Feni', 'P', '', '', '2022-11-09 11:13:28', NULL),
(6, 'Helen', 'P', '0816786847', '', '2022-11-09 11:40:32', NULL),
(7, 'Retno', 'P', '085731040070', '', '2022-11-09 11:42:38', NULL),
(8, 'Tini', 'P', '', '', '2022-11-09 11:43:03', NULL),
(9, 'Heri', 'L', '', '', '2022-11-09 11:45:30', NULL),
(10, 'Heri', 'L', '', '', '2022-11-09 11:45:30', NULL),
(11, 'Arif', 'L', '', '', '2022-11-09 11:49:28', NULL),
(12, 'Ari', 'P', '', '', '2022-11-09 11:59:37', NULL),
(13, 'Yanda', 'P', '', '', '2022-11-09 12:08:24', NULL),
(14, 'Elis', 'P', '', '', '2022-11-09 13:10:51', NULL),
(15, 'Marlenn', 'P', '', '', '2022-11-09 13:24:47', NULL),
(16, 'Lina', 'P', '', '', '2022-11-09 13:30:52', NULL),
(17, 'Ibu hellen', 'P', '081315971723', 'Jakarta', '2022-11-09 13:46:02', NULL),
(18, 'Nina', 'P', '', '', '2022-11-09 13:46:15', NULL),
(19, 'Reni', 'P', '', '', '2022-11-09 13:51:51', NULL),
(20, 'Yoyoh', 'P', '', '', '2022-11-09 13:54:06', NULL),
(21, 'Ibu nisa', 'P', '081229559565', '', '2022-11-09 13:55:37', NULL),
(22, 'Tia', 'P', '08129679556', '', '2022-11-09 14:10:08', NULL),
(23, 'Heidy', 'P', '', '', '2022-11-09 14:13:56', NULL),
(24, 'Ibu ina', 'P', '0815774295092', '', '2022-11-09 15:14:50', NULL),
(25, 'Dian', 'P', '', '', '2022-11-09 15:31:52', NULL),
(26, 'Paulin', 'P', '', '', '2022-11-09 15:50:56', NULL),
(27, 'Rwni', 'P', '081326959525', '', '2022-11-09 16:14:56', NULL),
(28, 'Elin', 'P', '', '', '2022-11-09 16:18:01', NULL),
(29, 'Agnes', 'P', '', '', '2022-11-09 16:26:12', NULL),
(30, 'Ibu kuu', 'P', '085106252529', 'Jakarta', '2022-11-09 16:29:05', NULL),
(31, 'Ibu lulu', 'P', '085106252529', '', '2022-11-09 16:30:04', NULL),
(32, 'Nia ', 'P', '', '', '2022-11-09 17:00:21', NULL),
(33, 'Nita', 'P', '', '', '2022-11-09 17:03:40', NULL),
(34, 'Santi', 'P', '', '', '2022-11-09 17:06:47', NULL),
(35, 'Vera ', 'P', '', '', '2022-11-09 17:09:51', NULL),
(36, 'Irene', 'P', '', '', '2022-11-09 17:27:48', NULL),
(37, 'Paijo', 'L', '', '', '2022-11-09 17:41:32', NULL),
(38, 'Mega', 'P', '', '', '2022-11-09 17:46:17', NULL),
(39, 'Mega', 'P', '', '', '2022-11-09 17:50:32', NULL),
(40, 'Lina', 'P', '', '', '2022-11-09 18:06:36', NULL),
(41, 'Ibu lani', 'P', '08115982121', 'Jakarta', '2022-11-09 18:11:57', NULL),
(42, 'Dayat', 'L', '', '', '2022-11-14 09:03:59', NULL),
(43, 'Sugi', '', '', '', '2023-01-27 16:13:03', NULL),
(44, 'Bapak Bayu', 'L', '', '', '2023-01-30 09:28:16', NULL),
(45, 'Inggit', 'P', '', 'Bandung', '2023-02-02 08:53:00', NULL),
(46, 'Dian', '', '', '', '2023-02-02 09:11:46', NULL),
(47, 'Ibu Janti', 'L', '', '', '2023-02-02 09:12:16', NULL),
(48, 'Ibu Yuli', 'P', '', '', '2023-02-02 09:14:20', NULL),
(49, 'Ibu Isnaini', 'P', '', '', '2023-02-02 09:22:42', NULL),
(50, 'Ibu Novi', 'P', '', '', '2023-02-02 09:43:58', NULL),
(51, 'Tintun', 'P', '', '', '2023-02-02 10:30:38', NULL),
(52, 'Ibu erna', 'P', '', '', '2023-02-02 10:46:29', NULL),
(53, 'Ibu Aidati', 'P', '', '', '2023-02-02 10:55:23', NULL),
(54, 'Fatimah ', 'P', '', '', '2023-02-02 10:56:41', NULL),
(55, 'Ibu Natalia', 'P', '', '', '2023-02-02 11:01:40', NULL),
(56, 'Ibu Novi alamsyah', 'P', '', '', '2023-02-02 11:03:12', NULL),
(57, 'Ibu Yuliana', 'P', '', '', '2023-02-02 11:03:24', NULL),
(58, 'Neni', '', '', '', '2023-02-02 11:04:10', NULL),
(59, 'Vina', 'P', '', '', '2023-02-02 11:05:28', NULL),
(60, 'Ibu siti', 'P', '', '', '2023-02-02 11:09:07', NULL),
(61, 'Bapak Dedi', 'L', '', '', '2023-02-02 11:12:53', NULL),
(62, 'Ema', '', '', '', '2023-02-02 11:18:03', NULL),
(63, 'Ibu Meli', 'P', '', '', '2023-02-02 11:26:44', NULL),
(64, 'Ibu Rini', 'P', '', '', '2023-02-02 11:31:24', NULL),
(65, 'Dwi', '', '', '', '2023-02-02 11:43:03', NULL),
(66, 'Ibu susan', 'P', '', '', '2023-02-02 11:52:13', NULL),
(67, 'Bu Tasrina', 'P', '', '', '2023-02-02 11:53:36', NULL),
(68, 'Rere', 'P', '', 'Cirebon', '2023-02-02 12:02:45', NULL),
(69, 'Popy', '', '', '', '2023-02-02 12:03:29', NULL),
(70, 'Ibu Ari', 'P', '', '', '2023-02-02 12:03:42', NULL),
(72, 'Junjun', '', '', '', '2023-02-02 12:09:19', NULL),
(73, 'Wewi', '', '', '', '2023-02-02 12:11:38', NULL),
(74, 'Ibu Nunung', 'P', '', '', '2023-02-02 12:13:55', NULL),
(75, 'Nunug', 'P', '', '', '2023-02-02 12:15:22', NULL),
(76, 'Ibu nur', 'P', '', '', '2023-02-02 12:19:41', NULL),
(77, 'Dewi', '', '', '', '2023-02-02 12:23:29', NULL),
(78, 'Lia', 'P', '', '', '2023-02-02 12:23:46', NULL),
(79, 'Wiwi', 'P', '', '', '2023-02-02 12:25:14', NULL),
(80, 'Wiwi', 'P', '', '', '2023-02-02 12:25:27', NULL),
(81, 'Eli', 'P', '', '', '2023-02-02 12:36:34', NULL),
(82, 'Vita', 'P', '', '', '2023-02-02 12:41:13', NULL),
(83, 'Ice ', 'P', '', '', '2023-02-02 12:47:35', NULL),
(84, 'Ice', '', '', '', '2023-02-02 12:48:04', NULL),
(85, 'Ice ', 'P', '', '', '2023-02-02 12:48:23', NULL),
(86, 'Ice ', 'P', '', '', '2023-02-02 12:48:43', NULL),
(87, 'Voni', 'P', '', '', '2023-02-02 12:49:26', NULL),
(88, 'Oki', 'L', '', '', '2023-02-02 12:53:48', NULL),
(89, 'Dewi', 'P', '', '', '2023-02-02 12:54:16', NULL),
(90, 'Ibu mega', 'P', '', '', '2023-02-02 12:55:08', NULL),
(91, 'Timur ', 'L', '', '', '2023-02-02 12:57:39', NULL),
(92, 'Yanti', 'P', '', '', '2023-02-02 12:59:01', NULL),
(93, 'Aziza', 'P', '', '', '2023-02-02 12:59:38', NULL),
(94, 'Ibu ine', 'P', '', '', '2023-02-02 13:01:40', NULL),
(95, 'Bu Daisy P Wiguna', 'P', '', '', '2023-02-02 13:04:19', NULL),
(96, 'Intan', 'P', '', '', '2023-02-02 13:05:02', NULL),
(97, 'Azizah', 'P', '', '', '2023-02-02 13:05:56', NULL),
(98, 'Azizah', 'P', '', '', '2023-02-02 13:06:18', NULL),
(99, 'Azizah', 'P', '', '', '2023-02-02 13:06:51', NULL),
(100, 'Imel', '', '', '', '2023-02-02 13:09:03', NULL),
(101, 'Bu Chika', 'P', '', '', '2023-02-02 13:12:35', NULL),
(102, 'Lia', '', '', '', '2023-02-02 13:14:55', NULL),
(103, 'Bu euis', 'P', '', '', '2023-02-02 13:15:04', NULL),
(104, 'Ety', '', '', '', '2023-02-02 13:19:08', NULL),
(105, 'Mia', 'P', '', '', '2023-02-02 13:21:18', NULL),
(106, 'Tuti', 'P', '', '', '2023-02-02 13:23:47', NULL),
(107, 'Anggrum', 'P', '', '', '2023-02-02 13:25:01', NULL),
(108, 'Rina', 'P', '', '', '2023-02-02 13:26:31', NULL),
(109, 'Imass', 'P', '', '', '2023-02-02 13:28:24', NULL),
(110, 'Ine', 'P', '', '', '2023-02-02 13:28:41', NULL),
(111, 'Rita', 'P', '', '', '2023-02-02 13:29:42', NULL),
(112, 'Tety', '', '', '', '2023-02-02 13:29:47', NULL),
(113, 'Yanti ', '', '', '', '2023-02-02 13:32:42', NULL),
(114, 'Elsa', '', '', '', '2023-02-02 13:34:18', NULL),
(115, 'Rani', 'P', '', '', '2023-02-02 13:40:18', NULL),
(116, 'Lilis', 'P', '', '', '2023-02-02 13:48:53', NULL),
(117, 'Indra', 'L', '', '', '2023-02-02 13:49:11', NULL),
(118, 'Meli', '', '', '', '2023-02-02 13:52:06', NULL),
(119, 'Ruth', 'P', '', '', '2023-02-02 13:52:06', NULL),
(120, 'Hani', 'P', '', '', '2023-02-02 13:53:30', NULL),
(121, 'Heni', '', '', '', '2023-02-02 13:59:18', NULL),
(122, 'Lis', 'P', '', '', '2023-02-02 13:59:29', NULL),
(123, 'Bu erni', 'P', '', '', '2023-02-02 14:26:44', NULL),
(124, 'Karina', 'P', '', '', '2023-02-02 14:32:39', NULL),
(125, 'Bu usi', 'P', '', '', '2023-02-02 15:04:09', NULL),
(126, 'Ferdy', '', '', '', '2023-02-02 15:38:57', NULL),
(127, 'Ferdi', 'L', '', '', '2023-02-02 15:39:48', NULL),
(128, 'Bu neneng', 'P', '', '', '2023-02-02 15:40:40', NULL),
(129, 'Deni', 'P', '', '', '2023-02-02 15:42:06', NULL),
(130, 'Anita', '', '', '', '2023-02-02 15:45:32', NULL),
(131, 'Bu ria', 'P', '', '', '2023-02-02 15:55:31', NULL),
(132, 'Bu riani', 'P', '', '', '2023-02-02 15:56:58', NULL),
(133, 'Ibu eni', 'P', '', '', '2023-02-02 16:06:45', NULL),
(134, 'Rani', 'P', '', '', '2023-02-02 16:07:27', NULL),
(135, 'Karina', 'P', '', '', '2023-02-02 16:27:12', NULL),
(136, 'dewi sulistiawati', 'P', '', '', '2023-02-02 16:30:39', NULL),
(137, 'alika', 'P', '', '', '2023-02-02 16:32:36', NULL),
(138, 'Fatma', 'L', '', '', '2023-02-02 16:45:07', NULL),
(139, 'Ailin', 'P', '', '', '2023-02-02 17:14:04', NULL),
(140, 'Wilma', 'P', '', '', '2023-02-02 17:18:28', NULL),
(141, 'Grazia', 'P', '', '', '2023-02-02 17:31:11', NULL),
(142, 'Bu wastri', 'P', '', '', '2023-02-02 17:37:34', NULL),
(143, 'Bu lingling', 'P', '', '', '2023-02-02 17:47:03', NULL),
(144, 'Dartis', 'P', '', '', '2023-02-02 17:52:45', NULL),
(145, 'Bu vetty', 'P', '', '', '2023-02-02 17:54:42', NULL),
(146, 'Bu tika', 'P', '', '', '2023-02-02 18:02:28', NULL),
(147, 'Witri', 'P', '', '', '2023-02-03 09:59:33', NULL),
(148, 'Bu rosmiati', 'P', '', '', '2023-02-03 10:14:20', NULL),
(149, 'Citra', '', '', '', '2023-02-03 10:29:25', NULL),
(150, ' Yani', 'P', '', '', '2023-02-03 10:42:28', NULL),
(151, 'Vivi', '', '', '', '2023-02-03 10:54:42', NULL),
(152, 'Bu Gita', 'P', '', '', '2023-02-03 10:57:26', NULL),
(153, 'Erna', 'P', '', '', '2023-02-03 11:07:59', NULL),
(154, 'Mini', '', '', '', '2023-02-03 11:09:41', NULL),
(155, 'Mini', '', '', '', '2023-02-03 11:10:40', NULL),
(156, 'Ibu Rika', 'P', '', '', '2023-02-03 11:11:12', NULL),
(157, 'Mni', '', '', '', '2023-02-03 11:11:33', NULL),
(158, 'Iyah', 'P', '', '', '2023-02-03 11:13:56', NULL),
(159, 'Eeh', 'P', '', '', '2023-02-03 11:16:31', NULL),
(160, 'Diah', '', '', '', '2023-02-03 11:16:32', NULL),
(161, 'Cie Marta', 'P', '', '', '2023-02-03 11:16:55', NULL),
(162, 'Bu Selvi', 'P', '', '', '2023-02-03 11:19:29', NULL),
(163, 'Mely', '', '', '', '2023-02-03 11:19:51', NULL),
(164, 'Bu Dewi', 'P', '', '', '2023-02-03 11:20:18', NULL),
(165, 'Bu Ita', 'P', '', '', '2023-02-03 11:24:23', NULL),
(166, 'Lilis', 'P', '', '', '2023-02-03 11:26:23', NULL),
(167, 'Bu Tias', 'P', '', '', '2023-02-03 11:30:33', NULL),
(168, 'Yuyun', '', '', '', '2023-02-03 11:34:58', NULL),
(169, 'Mei ', 'P', '', '', '2023-02-03 11:38:10', NULL),
(170, 'Yuyn', '', '', '', '2023-02-03 11:38:16', NULL),
(171, 'Yuyun', '', '', '', '2023-02-03 11:43:01', NULL),
(172, 'Ibu Wini', 'P', '', '', '2023-02-03 11:44:48', NULL),
(173, 'Nurhasanah ', '', '', '', '2023-02-03 11:48:47', NULL),
(174, 'Ibu vivi', 'P', '', '', '2023-02-03 11:54:53', NULL),
(175, 'Irma ', 'P', '', '', '2023-02-03 11:57:15', NULL),
(176, 'seli', 'P', '', '', '2023-02-03 11:57:56', NULL),
(177, 'Ibu Sari', 'P', '', '', '2023-02-03 11:59:11', NULL),
(178, 'Giuk', '', '', '', '2023-02-03 11:59:44', NULL),
(179, 'Meli', '', '', '', '2023-02-03 12:01:52', NULL),
(180, 'Utami', 'P', '', '', '2023-02-03 12:02:42', NULL),
(181, 'Dita ', 'P', '', '', '2023-02-03 12:03:03', NULL),
(182, 'Sita', 'P', '', '', '2023-02-03 12:08:47', NULL),
(183, 'Wida', '', '', '', '2023-02-03 12:11:52', NULL),
(184, 'Rika', 'P', '', '', '2023-02-03 12:13:11', NULL),
(185, 'Yusi', 'P', '', '', '2023-02-03 12:21:25', NULL),
(186, 'Dewi', 'P', '', '', '2023-02-03 12:25:46', NULL),
(187, 'Rinrin', 'P', '', '', '2023-02-03 12:33:27', NULL),
(188, 'rina', 'P', '', '', '2023-02-03 12:36:16', NULL),
(189, 'Puspa', '', '', '', '2023-02-03 12:51:26', NULL),
(190, 'Sri', '', '', '', '2023-02-03 12:56:59', NULL),
(191, 'Siti', '', '', '', '2023-02-03 12:58:06', NULL),
(192, 'Desy', '', '', '', '2023-02-03 13:03:19', NULL),
(193, 'Tuty', '', '', '', '2023-02-03 13:13:19', NULL),
(194, 'Heli', 'P', '', '', '2023-02-03 13:15:07', NULL),
(195, 'Bu Lia', 'P', '', '', '2023-02-03 13:17:27', NULL),
(196, 'Bu Ratu', 'P', '', '', '2023-02-03 13:20:43', NULL),
(197, 'yuli', 'P', '', '', '2023-02-03 13:21:01', NULL),
(198, 'Monica', '', '', '', '2023-02-03 13:21:26', NULL),
(199, 'aldi', 'P', '', '', '2023-02-03 13:22:37', NULL),
(200, 'Ratu', '', '', '', '2023-02-03 13:23:58', NULL),
(201, 'Inge', 'P', '', '', '2023-02-03 13:25:05', NULL),
(202, 'Siana', 'P', '', '', '2023-02-03 13:26:59', NULL),
(203, 'iyen', 'P', '', '', '2023-02-03 13:30:14', NULL),
(204, 'Sian', '', '', '', '2023-02-03 13:31:10', NULL),
(205, 'Ida', '', '', '', '2023-02-03 13:31:29', NULL),
(206, 'Bu nolis', 'P', '', '', '2023-02-03 13:39:45', NULL),
(207, 'Bu mel', 'P', '', '', '2023-02-03 13:43:18', NULL),
(208, 'Liya', 'P', '', '', '2023-02-03 13:43:42', NULL),
(209, 'Bu yuyun', 'P', '', '', '2023-02-03 13:44:23', NULL),
(210, 'Nesa', 'P', '', '', '2023-02-03 13:45:47', NULL),
(211, 'Opi', '', '', '', '2023-02-03 13:47:55', NULL),
(212, 'Bu Ita', 'P', '', '', '2023-02-03 13:59:57', NULL),
(213, 'yani', 'P', '', '', '2023-02-03 14:02:09', NULL),
(214, 'Evi', '', '', '', '2023-02-03 14:02:49', NULL),
(215, 'Bu reny', 'P', '', '', '2023-02-03 14:04:29', NULL),
(216, 'Ima', '', '', '', '2023-02-03 14:04:30', NULL),
(217, 'Firdan', '', '', '', '2023-02-03 14:06:51', NULL),
(218, 'icat', 'P', '', '', '2023-02-03 14:10:23', NULL),
(219, 'Komugi', 'P', '', '', '2023-02-03 14:10:32', NULL),
(220, 'Imaa', '', '', '', '2023-02-03 14:11:46', NULL),
(221, 'wari', 'P', '', '', '2023-02-03 14:12:33', NULL),
(222, 'wari', 'P', '', '', '2023-02-03 14:15:21', NULL),
(223, 'Rosni', '', '', '', '2023-02-03 14:17:23', NULL),
(224, 'Evi', 'P', '', '', '2023-02-03 14:20:07', NULL),
(225, 'Nani', '', '', '', '2023-02-03 14:21:06', NULL),
(226, 'jonathan', 'L', '', '', '2023-02-03 14:21:07', NULL),
(227, 'Bu Isma', 'P', '', '', '2023-02-03 14:26:24', NULL),
(228, 'Ade', '', '', '', '2023-02-03 14:26:38', NULL),
(229, 'Bu eli', 'P', '', '', '2023-02-03 14:27:48', NULL),
(230, 'Diana', '', '', '', '2023-02-03 14:28:04', NULL),
(231, 'Tati', 'P', '', '', '2023-02-03 14:29:00', NULL),
(232, 'mimik', 'P', '', '', '2023-02-03 14:31:07', NULL),
(233, 'Lala', '', '', '', '2023-02-03 14:33:25', NULL),
(234, 'Sarahh', '', '', '', '2023-02-03 14:35:25', NULL),
(235, 'Ibu yana', 'P', '', '', '2023-02-03 14:35:44', NULL),
(236, 'Neneng', 'P', '', '', '2023-02-03 14:35:46', NULL),
(237, 'Bu Ane', 'P', '', '', '2023-02-03 14:36:28', NULL),
(238, 'Bu yana', 'P', '', '', '2023-02-03 14:39:04', NULL),
(239, 'Tintri', 'P', '', '', '2023-02-03 14:39:49', NULL),
(240, 'Agus', 'L', '', '', '2023-02-03 14:54:56', NULL),
(241, 'Agus', 'L', '', '', '2023-02-03 14:57:14', NULL),
(242, 'Bu Almi', 'P', '', '', '2023-02-03 15:07:05', NULL),
(243, 'Bu hartin', 'P', '', '', '2023-02-03 15:11:41', NULL),
(244, 'Serlin', 'P', '', '', '2023-02-03 15:17:45', NULL),
(245, 'Oki', 'L', '', '', '2023-02-03 15:21:33', NULL),
(246, 'Maurin', 'P', '', '', '2023-02-03 15:22:52', NULL),
(247, 'erna', 'P', '', '', '2023-02-03 15:24:01', NULL),
(248, 'Nur', 'P', '', '', '2023-02-03 15:25:37', NULL),
(249, 'Maurinn', '', '', '', '2023-02-03 15:28:04', NULL),
(250, 'Ria', 'P', '', '', '2023-02-03 15:29:15', NULL),
(251, ' Elin', 'P', '', '', '2023-02-03 15:30:21', NULL),
(252, 'Novi', 'P', '', '', '2023-02-03 15:32:38', NULL),
(253, 'riki', 'L', '', '', '2023-02-03 15:41:28', NULL),
(254, 'Santi', '', '', '', '2023-02-03 15:41:59', NULL),
(255, 'yuli', 'P', '', '', '2023-02-03 15:52:22', NULL),
(256, 'Sri', 'P', '', '', '2023-02-03 15:52:58', NULL),
(257, 'risol', 'P', '', '', '2023-02-03 15:55:55', NULL),
(258, 'Nans', 'P', '', '', '2023-02-03 15:56:59', NULL),
(259, 'Elin', 'P', '', '', '2023-02-03 15:58:51', NULL),
(260, 'Yanti', '', '', '', '2023-02-03 16:04:41', NULL),
(261, 'Emad', '', '', '', '2023-02-03 16:07:04', NULL),
(262, 'Febry', '', '', '', '2023-02-03 16:12:18', NULL),
(263, 'Kevin', 'L', '', '', '2023-02-03 16:16:33', NULL),
(264, 'Gita', '', '', '', '2023-02-03 16:22:03', NULL),
(265, 'Titin', '', '', '', '2023-02-03 16:24:37', NULL),
(266, 'Erlin', 'P', '', '', '2023-02-03 16:24:42', NULL),
(267, 'Titin', '', '', '', '2023-02-03 16:25:13', NULL),
(268, 'Erlin', 'P', '', '', '2023-02-03 16:25:36', NULL),
(269, 'Titin', '', '', '', '2023-02-03 16:25:38', NULL),
(270, 'titin', 'P', '', '', '2023-02-03 16:28:10', NULL),
(271, 'Ei', 'P', '', '', '2023-02-03 16:28:49', NULL),
(272, 'Caroline ', '', '', '', '2023-02-03 16:48:48', NULL),
(273, 'Amelia', 'P', '', '', '2023-02-03 17:02:24', NULL),
(274, 'Gina', 'P', '', '', '2023-02-03 17:05:02', NULL),
(275, 'Rusmiati', 'P', '', '', '2023-02-03 17:12:51', NULL),
(276, 'Bu Widia', 'P', '', '', '2023-02-03 17:14:25', NULL),
(277, 'ima', 'P', '', '', '2023-02-03 17:15:55', NULL),
(278, 'jilbab', 'P', '', '', '2023-02-03 17:19:21', NULL),
(279, 'Inne', 'P', '', '', '2023-02-03 17:20:10', NULL),
(280, 'Elie', '', '', '', '2023-02-03 17:26:04', NULL),
(281, 'Cici', 'P', '', '', '2023-02-03 17:29:07', NULL),
(282, 'Bu titi', 'P', '', '', '2023-02-03 17:38:39', NULL),
(283, 'Nia', 'P', '', '', '2023-02-03 17:39:14', NULL),
(284, 'Ida', 'P', '', '', '2023-02-03 17:43:29', NULL),
(285, 'Leli', 'P', '', '', '2023-02-03 17:46:20', NULL),
(286, 'Rita', 'P', '', '', '2023-02-03 17:48:38', NULL),
(287, 'Astri', 'P', '', '', '2023-02-03 17:53:28', NULL),
(288, 'Sari', 'P', '', '', '2023-02-03 17:57:31', NULL),
(289, 'Linda', 'P', '', '', '2023-02-03 17:57:50', NULL),
(290, 'Ibu Sar', 'P', '', '', '2023-02-03 17:59:57', NULL),
(291, 'Ane', 'P', '', '', '2023-02-03 18:00:20', NULL),
(292, 'Bu Yuli', 'P', '', '', '2023-02-03 18:03:23', NULL),
(293, 'Elvi', 'P', '', '', '2023-02-03 18:06:56', NULL),
(294, ' Rita', 'P', '', '', '2023-02-03 18:19:31', NULL),
(295, 'Subela', 'P', '', '', '2023-02-03 18:29:40', NULL),
(296, 'Akeng', 'P', '', '', '2023-02-03 18:30:06', NULL),
(297, 'Nur', 'P', '', '', '2023-02-03 18:33:15', NULL),
(298, 'Dini', '', '', '', '2023-02-03 18:35:08', NULL),
(299, 'Diani', 'P', '', '', '2023-02-03 18:36:58', NULL),
(300, 'Mira', 'P', '', '', '2023-02-03 18:38:53', NULL),
(301, 'Ramdan', '', '', '', '2023-02-03 18:40:22', NULL),
(302, 'Resti', 'P', '', '', '2023-02-03 18:45:28', NULL),
(303, 'Rahma', 'P', '', '', '2023-02-03 19:03:41', NULL),
(304, 'Sasmi', 'P', '', '', '2023-02-04 09:22:57', NULL),
(305, 'Dai', 'L', '', '', '2023-02-04 09:33:42', NULL),
(306, 'Nency', 'P', '', '', '2023-02-04 10:18:05', NULL),
(307, 'Ci amelia', 'P', '', '', '2023-02-04 10:18:39', NULL),
(308, 'Rena', 'P', '', '', '2023-02-04 10:20:49', NULL),
(309, 'rita', 'P', '', '', '2023-02-04 10:27:13', NULL),
(310, 'Nengsih', '', '', '', '2023-02-04 10:27:37', NULL),
(311, 'novi', 'P', '', '', '2023-02-04 10:31:29', NULL),
(312, 'Bu rina', 'P', '', '', '2023-02-04 10:31:57', NULL),
(313, 'Siska', 'P', '', '', '2023-02-04 10:33:52', NULL),
(314, 'ema', 'P', '', '', '2023-02-04 10:34:31', NULL),
(315, 'Neneng', 'P', '', '', '2023-02-04 10:36:09', NULL),
(316, 'Shinta ', 'P', '', '', '2023-02-04 10:36:37', NULL),
(317, 'Tika', 'P', '', '', '2023-02-04 10:43:12', NULL),
(318, 'Bu Dian Baking Ceria', 'P', '', '', '2023-02-04 10:47:29', NULL),
(319, 'Ina', 'P', '', '', '2023-02-04 10:47:59', NULL),
(320, 'Ayulia', 'P', '', '', '2023-02-04 10:48:10', NULL),
(321, 'Tini', '', '', '', '2023-02-04 10:49:10', NULL),
(322, 'Bu Eka', 'P', '', '', '2023-02-04 10:50:02', NULL),
(323, 'Tini1', '', '', '', '2023-02-04 10:50:06', NULL),
(324, 'Rani', 'P', '', '', '2023-02-04 10:50:45', NULL),
(325, 'Maria', 'P', '', '', '2023-02-04 10:51:25', NULL),
(326, 'Rita', 'P', '', '', '2023-02-04 10:58:40', NULL),
(327, 'Sela', 'P', '', '', '2023-02-04 10:59:43', NULL),
(328, 'Lisna', 'P', '', '', '2023-02-04 10:59:53', NULL),
(329, 'Riki', 'L', '', '', '2023-02-04 11:01:00', NULL),
(330, 'Reni', 'P', '', '', '2023-02-04 11:02:55', NULL),
(331, 'Wiwin', 'P', '', '', '2023-02-04 11:06:33', NULL),
(332, 'Kemasan ', '', '', '', '2023-02-04 11:07:16', NULL),
(333, 'Ibu Nur', 'P', '', '', '2023-02-04 11:09:15', NULL),
(334, 'Filma', 'P', '', '', '2023-02-04 11:09:17', NULL),
(335, 'Bu Ana', 'P', '', '', '2023-02-04 11:17:15', NULL),
(336, 'Bu anis', 'P', '', '', '2023-02-04 11:18:24', NULL),
(337, 'Tina', '', '', '', '2023-02-04 11:18:53', NULL),
(338, 'wawan', 'L', '', '', '2023-02-04 11:19:19', NULL),
(339, 'Bu Uut', 'P', '', '', '2023-02-04 11:20:40', NULL),
(340, 'Vina', '', '', '', '2023-02-04 11:21:47', NULL),
(341, 'Ibu aru', 'P', '', '', '2023-02-04 11:24:10', NULL),
(342, 'Yani', 'P', '', '', '2023-02-04 11:24:21', NULL),
(343, 'Yovie', '', '', '', '2023-02-04 11:28:42', NULL),
(344, 'Yovi', '', '', '', '2023-02-04 11:29:24', NULL),
(345, 'Erni', '', '', '', '2023-02-04 11:35:04', NULL),
(346, 'Dani', 'P', '', '', '2023-02-04 11:36:15', NULL),
(347, 'Martini', 'P', '', '', '2023-02-04 11:46:52', NULL),
(348, 'Ross', '', '', '', '2023-02-04 11:48:21', NULL),
(349, 'Caterin', 'P', '', '', '2023-02-04 11:48:57', NULL),
(350, 'Indra', '', '', '', '2023-02-04 11:52:17', NULL),
(351, 'Teh yani', 'P', '', '', '2023-02-04 11:53:13', NULL),
(352, 'Rina', '', '', '', '2023-02-04 11:54:49', NULL),
(353, 'Putri', 'P', '', '', '2023-02-04 11:56:26', NULL),
(354, 'Ibu yayu', 'P', '', '', '2023-02-04 11:57:57', NULL),
(355, 'Dida', 'P', '', '', '2023-02-04 12:18:28', NULL),
(356, 'Noni', 'P', '', '', '2023-02-04 12:18:34', NULL),
(357, 'Ratna', 'P', '', '', '2023-02-04 12:22:27', NULL),
(358, 'noni', 'P', '', '', '2023-02-04 12:25:41', NULL),
(359, 'Ina', 'P', '', '', '2023-02-04 12:25:51', NULL),
(360, 'desti', 'P', '', '', '2023-02-04 12:27:40', NULL),
(361, 'Farah', 'L', '', '', '2023-02-04 12:29:46', NULL),
(362, 'Fara', 'P', '', '', '2023-02-04 12:30:30', NULL),
(363, 'Mia', 'P', '', '', '2023-02-04 12:36:00', NULL),
(364, 'Kemasan1', '', '', '', '2023-02-04 12:37:05', NULL),
(365, 'Bu Alia', 'P', '', '', '2023-02-04 12:42:53', NULL),
(366, 'Bu Icu', 'P', '', '', '2023-02-04 12:51:25', NULL),
(367, 'Devi', 'P', '', '', '2023-02-04 12:54:52', NULL),
(368, 'dinda', 'P', '', '', '2023-02-04 12:55:10', NULL),
(369, 'Ibun Manis', 'P', '', '', '2023-02-04 12:58:53', NULL),
(370, 'Endang', 'P', '', '', '2023-02-04 13:03:44', NULL),
(371, 'Astri', 'P', '', '', '2023-02-04 13:11:26', NULL),
(372, 'Nuril', 'P', '', '', '2023-02-04 13:12:34', NULL),
(373, 'eva', 'P', '', '', '2023-02-04 13:21:35', NULL),
(374, 'Ibu atri', 'P', '', '', '2023-02-04 13:25:49', NULL),
(375, 'mersi', 'P', '', '', '2023-02-04 13:32:04', NULL),
(376, 'Fera', 'P', '', '', '2023-02-04 13:34:10', NULL),
(377, 'Angel', 'P', '', '', '2023-02-04 13:36:11', NULL),
(378, 'Leni', 'P', '', '', '2023-02-04 13:42:05', NULL),
(379, 'leni', 'P', '', '', '2023-02-04 13:43:07', NULL),
(380, 'Kinfang', 'P', '', '', '2023-02-04 13:43:09', NULL),
(381, 'Suhendar', '', '', '', '2023-02-04 13:43:18', NULL),
(382, 'Kania', 'P', '', '', '2023-02-04 13:44:25', NULL),
(383, 'Bellinda', 'P', '', '', '2023-02-04 13:49:31', NULL),
(384, 'Rusni', 'P', '', '', '2023-02-04 13:50:50', NULL),
(385, 'riska', 'P', '', '', '2023-02-04 13:53:11', NULL),
(386, 'riska', 'P', '', '', '2023-02-04 13:53:11', NULL),
(387, 'Vita', 'P', '', '', '2023-02-04 13:54:36', NULL),
(388, 'Samudra', 'P', '', '', '2023-02-04 14:00:15', NULL),
(389, 'Feni', 'P', '', '', '2023-02-04 14:03:52', NULL),
(390, 'Bu Ela', 'P', '', '', '2023-02-04 14:09:26', NULL),
(391, 'Karnida', 'L', '', '', '2023-02-04 14:12:14', NULL),
(392, 'Margareta', 'L', '', '', '2023-02-04 14:14:44', NULL),
(393, 'Zaida', 'P', '', '', '2023-02-04 14:24:53', NULL),
(394, 'Ari', 'P', '', '', '2023-02-04 14:26:35', NULL),
(395, 'Suhendar1', '', '', '', '2023-02-04 14:29:21', NULL),
(396, 'Werlin', 'P', '', '', '2023-02-04 14:33:32', NULL),
(397, 'Jany', 'P', '', '', '2023-02-04 14:37:03', NULL),
(398, 'Yani', 'P', '', '', '2023-02-04 14:45:31', NULL),
(399, 'Fitri', 'P', '', '', '2023-02-04 14:47:29', NULL),
(400, 'Irma ', 'P', '', '', '2023-02-04 14:50:39', NULL),
(401, 'Indri', 'P', '', '', '2023-02-04 14:59:34', NULL),
(402, 'Alin', 'P', '', '', '2023-02-04 15:03:48', NULL),
(403, 'Wiwin', 'P', '', '', '2023-02-04 15:08:18', NULL),
(404, 'Uut', 'P', '', '', '2023-02-04 15:08:36', NULL),
(405, 'Vivi', 'P', '', '', '2023-02-04 15:09:50', NULL),
(406, 'Vie', 'P', '', '', '2023-02-04 15:11:16', NULL),
(407, 'Sinsin', 'P', '', '', '2023-02-04 15:12:13', NULL),
(408, 'Ani', 'P', '', '', '2023-02-04 15:15:51', NULL),
(409, 'Yuni', 'P', '', '', '2023-02-04 15:18:11', NULL),
(410, 'Salsabila', 'P', '', '', '2023-02-04 15:18:23', NULL),
(411, 'Marni', 'P', '', '', '2023-02-04 15:21:32', NULL),
(412, 'Deni', 'L', '', '', '2023-02-04 15:22:36', NULL),
(413, 'Liana', 'P', '', '', '2023-02-04 15:30:33', NULL),
(414, 'Nuri', 'P', '', '', '2023-02-04 15:31:02', NULL),
(415, 'Tutut', 'P', '', '', '2023-02-04 15:32:58', NULL),
(416, 'Mili', 'P', '', '', '2023-02-04 15:35:20', NULL),
(417, 'Karina', 'P', '', '', '2023-02-04 15:38:12', NULL),
(418, 'Karina', 'P', '', '', '2023-02-04 15:46:19', NULL),
(419, 'Dewi', 'P', '', '', '2023-02-04 15:53:13', NULL),
(420, 'Daniel', 'L', '', '', '2023-02-04 15:54:18', NULL),
(421, 'Ibu yin yin', 'P', '', '', '2023-02-04 15:58:45', NULL),
(422, 'Dirda', 'P', '', '', '2023-02-04 16:03:43', NULL),
(423, 'Anisa', 'P', '', '', '2023-02-04 16:12:58', NULL),
(424, 'Muhammad ', 'L', '', '', '2023-02-04 16:16:55', NULL),
(425, 'Tine', '', '', '', '2023-02-04 16:17:31', NULL),
(426, 'Indrii', '', '', '', '2023-02-04 16:19:42', NULL),
(427, 'Hyuli', '', '', '', '2023-02-04 16:20:43', NULL),
(428, 'Heraa', '', '', '', '2023-02-04 16:23:19', NULL),
(429, 'Heraa', '', '', '', '2023-02-04 16:24:07', NULL),
(430, 'Nicko', '', '', '', '2023-02-04 16:27:03', NULL),
(431, 'Feny', 'P', '', '', '2023-02-04 16:28:38', NULL),
(432, 'Nickko', '', '', '', '2023-02-04 16:29:06', NULL),
(433, 'Ibu nung', 'P', '', '', '2023-02-04 16:30:09', NULL),
(434, 'Dewiii', '', '', '', '2023-02-04 16:31:07', NULL),
(435, 'Nurul', 'P', '', '', '2023-02-04 16:46:09', NULL),
(436, 'Femi', '', '', '', '2023-02-04 16:48:32', NULL),
(437, 'Riska', 'P', '', '', '2023-02-04 16:51:44', NULL),
(438, 'Silvi', 'P', '', '', '2023-02-04 16:54:25', NULL),
(439, 'Jkun', '', '', '', '2023-02-04 17:00:09', NULL),
(440, 'Grace', 'P', '', '', '2023-02-04 17:02:36', NULL),
(441, 'Liayani', '', '', '', '2023-02-04 17:06:08', NULL),
(442, 'Ressty', '', '', '', '2023-02-04 17:11:28', NULL),
(443, 'Tonik plastik', 'P', '', '', '2023-02-04 17:12:03', NULL),
(444, 'Tani', 'P', '', '', '2023-02-04 17:14:08', NULL),
(445, 'Tonik plastik', 'P', '', '', '2023-02-04 17:25:22', NULL),
(446, 'Dila', 'P', '', '', '2023-02-04 17:36:42', NULL),
(447, 'Salis', '', '', '', '2023-02-04 17:39:40', NULL),
(448, 'Pubi', 'P', '', '', '2023-02-04 17:39:56', NULL),
(449, 'Liyaa', '', '', '', '2023-02-04 17:55:22', NULL),
(450, 'Dini', 'P', '', '', '2023-02-04 17:56:29', NULL),
(451, 'IN COOKIS', 'P', '', '', '2023-02-04 17:56:54', NULL),
(452, 'Novii', '', '', '', '2023-02-04 18:02:49', NULL),
(453, 'Pipih', 'P', '', '', '2023-02-04 18:19:34', NULL),
(454, 'Goerge', '', '', '', '2023-02-04 18:24:30', NULL),
(455, 'PIPI', 'P', '', '', '2023-02-04 18:28:58', NULL),
(456, 'Dian', 'P', '', '', '2023-02-04 18:31:52', NULL),
(457, 'Diah', 'P', '', '', '2023-02-04 18:38:39', NULL),
(458, 'Risma', 'P', '', '', '2023-02-04 18:46:17', NULL),
(459, 'Reni', '', '', '', '2023-02-04 18:50:26', NULL),
(460, 'Ren1', '', '', '', '2023-02-04 18:50:51', NULL),
(461, 'Meli', 'P', '', '', '2023-02-04 18:52:11', NULL),
(462, 'Ren2', '', '', '', '2023-02-04 18:52:38', NULL),
(463, 'Bapak Mulyadi', 'L', '', '', '2023-02-05 10:11:24', NULL),
(464, 'Jordan', 'L', '', '', '2023-02-05 10:18:51', NULL),
(465, 'Dadah', '', '', '', '2023-02-05 10:22:08', NULL),
(466, 'Een', 'P', '', '', '2023-02-05 10:23:05', NULL),
(467, 'Cisa', 'P', '', '', '2023-02-05 10:25:39', NULL),
(468, 'Siti', 'P', '', '', '2023-02-05 10:27:48', NULL),
(469, 'Veraa', '', '', '', '2023-02-05 10:30:05', NULL),
(470, 'Adijaja', 'L', '', '', '2023-02-05 10:30:20', NULL),
(471, 'Riana', 'P', '', '', '2023-02-05 10:32:59', NULL),
(472, 'Rizkaa', '', '', '', '2023-02-05 10:33:00', NULL),
(473, 'Leni', 'P', '', '', '2023-02-05 10:36:55', NULL),
(474, 'nina', 'P', '', '', '2023-02-05 10:37:31', NULL),
(475, 'Becky', 'P', '', '', '2023-02-05 10:37:33', NULL),
(476, ' Yeni', 'P', '', '', '2023-02-05 10:40:29', NULL),
(477, 'Micle', '', '', '', '2023-02-05 10:56:54', NULL),
(478, 'Mei', 'P', '', '', '2023-02-05 11:01:02', NULL),
(479, 'Micle2', '', '', '', '2023-02-05 11:02:28', NULL),
(480, 'Nunik', 'P', '', '', '2023-02-05 11:05:15', NULL),
(481, 'Calista', 'P', '', '', '2023-02-05 11:05:37', NULL),
(482, 'Aulia', 'P', '', '', '2023-02-05 11:07:29', NULL),
(483, 'Idaf', '', '', '', '2023-02-05 11:09:45', NULL),
(484, 'Indriyani', 'P', '', '', '2023-02-05 11:11:16', NULL),
(485, 'Idaaa', '', '', '', '2023-02-05 11:12:15', NULL),
(486, 'Nunik', 'P', '', '', '2023-02-05 11:12:23', NULL),
(487, 'Santi', 'P', '', '', '2023-02-05 11:20:06', NULL),
(488, 'Yud1', '', '', '', '2023-02-05 11:21:56', NULL),
(489, 'Soft', 'P', '', '', '2023-02-05 11:22:35', NULL),
(490, 'Wulan', 'P', '', '', '2023-02-05 11:23:03', NULL),
(491, 'Sofy', 'P', '', '', '2023-02-05 11:23:46', NULL),
(492, 'Yusi', 'P', '', '', '2023-02-05 11:28:19', NULL),
(493, 'Erni', 'P', '', '', '2023-02-05 11:32:54', NULL),
(494, 'Ibu Herman', 'P', '', '', '2023-02-05 11:47:49', NULL),
(495, 'Imel', 'P', '', '', '2023-02-05 11:50:04', NULL),
(496, 'Susii', '', '', '', '2023-02-05 11:51:48', NULL),
(497, 'Imel', 'P', '', '', '2023-02-05 11:53:01', NULL),
(498, 'Dede', 'P', '', '', '2023-02-05 11:57:42', NULL),
(499, 'Meli', 'P', '', '', '2023-02-05 11:59:19', NULL),
(500, 'Vinaaa', '', '', '', '2023-02-05 12:00:30', NULL),
(501, 'Anggi', 'P', '', '', '2023-02-05 12:03:58', NULL),
(502, 'Jeri', 'L', '', '', '2023-02-05 12:20:04', NULL),
(503, 'Yola', 'P', '', '', '2023-02-05 12:31:03', NULL),
(504, 'Rina', 'P', '', '', '2023-02-05 12:31:31', NULL),
(505, 'Lukman', '', '', '', '2023-02-05 12:34:16', NULL),
(506, 'Endah', 'P', '', '', '2023-02-05 12:37:54', NULL),
(507, 'Endah', 'P', '', '', '2023-02-05 12:40:21', NULL),
(508, 'Teni', 'P', '', '', '2023-02-05 12:49:25', NULL),
(509, 'Dindin ibu', 'P', '', '', '2023-02-05 12:58:12', NULL),
(510, 'Devina', 'P', '', '', '2023-02-05 12:58:56', NULL),
(511, 'defina', 'P', '', '', '2023-02-05 13:02:51', NULL),
(512, 'Maya', 'P', '', '', '2023-02-05 13:03:23', NULL),
(513, 'Devyy', '', '', '', '2023-02-05 13:10:29', NULL),
(514, 'Yessiii', '', '', '', '2023-02-05 13:11:59', NULL),
(515, 'Atin', 'P', '', '', '2023-02-05 13:12:02', NULL),
(516, 'Nina', 'P', '', '', '2023-02-05 13:15:31', NULL),
(517, 'Eva', 'P', '', '', '2023-02-05 13:21:45', NULL),
(518, 'Dewi', 'P', '', '', '2023-02-05 13:22:00', NULL),
(519, 'Ati', 'P', '', '', '2023-02-05 13:24:27', NULL),
(520, 'Ati', 'P', '', '', '2023-02-05 13:25:54', NULL),
(521, 'Bu elis', 'P', '', '', '2023-02-05 13:26:14', NULL),
(522, 'Cucu', 'P', '', '', '2023-02-05 13:26:31', NULL),
(523, 'Agya', '', '', '', '2023-02-05 13:27:45', NULL),
(524, 'Heni', 'P', '', '', '2023-02-05 13:30:20', NULL),
(525, 'Eviiiiii', '', '', '', '2023-02-05 13:30:56', NULL),
(526, 'Heni', 'P', '', '', '2023-02-05 13:31:56', NULL),
(527, 'Hera', 'P', '', '', '2023-02-05 13:41:43', NULL),
(528, 'rumi', 'P', '', '', '2023-02-05 13:42:09', NULL),
(529, 'Ciciee', '', '', '', '2023-02-05 13:48:33', NULL),
(530, 'Rumi', 'P', '', '', '2023-02-05 13:48:55', NULL),
(531, 'Leni', 'P', '', '', '2023-02-05 13:56:58', NULL),
(532, 'Kartika', 'P', '', '', '2023-02-05 14:00:25', NULL),
(533, 'Anno', '', '', '', '2023-02-05 14:00:34', NULL),
(534, 'Lia', 'P', '', '', '2023-02-05 14:01:56', NULL),
(535, 'Elsa', 'P', '', '', '2023-02-05 14:04:35', NULL),
(536, 'Nolis', '', '', '', '2023-02-05 14:07:44', NULL),
(537, 'Nolis', 'L', '', '', '2023-02-05 14:08:21', NULL),
(538, 'Nolis', 'L', '', '', '2023-02-05 14:08:22', NULL),
(539, 'Surti', 'P', '', '', '2023-02-05 14:11:44', NULL),
(540, 'Nnovy', 'L', '', '', '2023-02-05 14:16:47', NULL),
(541, 'Bu Ati', 'P', '', '', '2023-02-05 14:18:04', NULL),
(542, 'Depi', 'P', '', '', '2023-02-05 14:25:39', NULL),
(543, 'Milly', 'P', '', '', '2023-02-05 14:25:42', NULL),
(544, 'V', '', '', '', '2023-02-05 14:27:51', NULL),
(545, 'Ranti', 'P', '', '', '2023-02-05 14:33:39', NULL),
(546, 'Maya', 'P', '', '', '2023-02-05 14:34:52', NULL),
(547, 'Liliiii', '', '', '', '2023-02-05 14:40:25', NULL),
(548, 'Susdiana', 'P', '', '', '2023-02-05 14:58:06', NULL),
(549, 'Bu aat', 'P', '', '', '2023-02-05 14:58:35', NULL),
(550, 'Yuyun', 'P', '', '', '2023-02-05 15:01:38', NULL),
(551, 'Imas', 'P', '', '', '2023-02-05 15:01:53', NULL),
(552, 'Lus', '', '', '', '2023-02-05 15:01:55', NULL),
(553, 'Wiliam', 'L', '', '', '2023-02-05 15:02:09', NULL),
(554, 'Iis', 'P', '', '', '2023-02-05 15:04:04', NULL),
(555, 'Juju', 'P', '', '', '2023-02-05 15:04:32', NULL),
(556, 'Sheny', '', '', '', '2023-02-05 15:04:35', NULL),
(557, 'Dada', 'P', '', '', '2023-02-05 15:06:05', NULL),
(558, 'Dewi', 'P', '', '', '2023-02-05 15:07:16', NULL),
(559, 'Popon', 'P', '', '', '2023-02-05 15:10:10', NULL),
(560, 'Popi', 'P', '', '', '2023-02-05 15:15:46', NULL),
(561, 'Dewi', 'P', '', '', '2023-02-05 15:16:06', NULL),
(562, 'Opi', '', '', '', '2023-02-05 15:16:47', NULL),
(563, 'Opi', '', '', '', '2023-02-05 15:17:11', NULL),
(564, 'Yulia', 'P', '', '', '2023-02-05 15:18:10', NULL),
(565, 'Windi', 'P', '', '', '2023-02-05 15:19:19', NULL),
(566, 'Dewww', '', '', '', '2023-02-05 15:23:01', NULL),
(567, 'Khania', 'P', '', '', '2023-02-05 15:26:28', NULL),
(568, 'Esti', 'P', '', '', '2023-02-05 15:29:08', NULL),
(569, ' Ita', 'P', '', '', '2023-02-05 15:43:28', NULL),
(570, 'Alfi', 'L', '', '', '2023-02-05 15:43:35', NULL),
(571, 'Tintun', 'P', '', '', '2023-02-05 15:47:51', NULL),
(572, 'Dian', 'P', '', '', '2023-02-05 15:48:53', NULL),
(573, ' Rani', 'P', '', '', '2023-02-05 15:54:33', NULL),
(574, 'Yanti', 'P', '', '', '2023-02-05 15:55:18', NULL),
(575, 'Bu meri', 'P', '', '', '2023-02-05 15:57:42', NULL),
(576, 'Elin', 'P', '', '', '2023-02-05 15:58:01', NULL),
(577, 'Lussdd', '', '', '', '2023-02-05 16:18:01', NULL),
(578, 'Gabriel', 'P', '', '', '2023-02-05 16:19:59', NULL),
(579, 'Miriam', 'P', '', '', '2023-02-05 16:20:12', NULL),
(580, 'Eliiiiiiiiii', '', '', '', '2023-02-05 16:21:14', NULL),
(581, 'Tifaniiiii', '', '', '', '2023-02-05 16:22:28', NULL),
(582, 'Arsi', 'P', '', '', '2023-02-05 16:24:14', NULL),
(583, 'Setia', 'P', '', '', '2023-02-05 16:30:56', NULL),
(584, 'Memory', 'P', '', '', '2023-02-05 16:32:44', NULL),
(585, 'Komala', 'P', '', '', '2023-02-05 16:40:09', NULL),
(586, 'Hijab', '', '', '', '2023-02-05 16:49:00', NULL),
(587, 'Levina', 'P', '', '', '2023-02-05 16:55:59', NULL),
(588, 'Irene', 'P', '', '', '2023-02-05 16:56:17', NULL),
(589, 'Frida', 'P', '', '', '2023-02-05 17:02:09', NULL),
(590, 'Renny', 'P', '', '', '2023-02-05 17:03:15', NULL),
(591, 'Jeanne', 'P', '', '', '2023-02-05 17:05:48', NULL),
(592, 'Fuji', 'P', '', '', '2023-02-05 17:15:55', NULL),
(593, 'Mala', 'P', '', '', '2023-02-05 17:17:49', NULL),
(594, 'Koh', '', '', '', '2023-02-05 17:17:50', NULL),
(595, 'Indah', 'P', '', '', '2023-02-05 17:20:52', NULL),
(596, 'Joe', 'L', '', '', '2023-02-05 17:23:42', NULL),
(597, 'Imas', 'P', '', '', '2023-02-05 17:28:09', NULL),
(598, 'Sofi', 'P', '', '', '2023-02-05 17:35:21', NULL),
(599, 'Stefani', 'P', '', '', '2023-02-05 17:41:33', NULL),
(600, 'Natalia', 'P', '', '', '2023-02-05 17:50:46', NULL),
(601, 'Hana', 'P', '', '', '2023-02-05 17:51:50', NULL),
(602, 'Judith', 'P', '', '', '2023-02-05 17:57:40', NULL),
(603, 'Bu judit', 'P', '', '', '2023-02-05 18:01:46', NULL);

-- --------------------------------------------------------

--
-- Struktur dari tabel `p_category`
--

CREATE TABLE `p_category` (
  `category_id` int(11) NOT NULL,
  `name` varchar(100) NOT NULL,
  `created` datetime NOT NULL DEFAULT CURRENT_TIMESTAMP,
  `updated` datetime DEFAULT NULL
) ENGINE=InnoDB DEFAULT CHARSET=latin1;

--
-- Dumping data untuk tabel `p_category`
--

INSERT INTO `p_category` (`category_id`, `name`, `created`, `updated`) VALUES
(1, 'fg wrap', '2022-08-11 14:08:37', '2022-09-05 06:37:25'),
(2, 'fg doilies', '2022-08-11 14:35:33', '2022-08-15 04:27:29'),
(3, 'fg paper bag', '2022-10-07 09:05:20', NULL),
(4, 'fg sheet', '2022-10-07 09:05:42', NULL),
(5, 'fg cupcake', '2022-10-07 09:06:02', NULL),
(6, 'fg box', '2022-10-28 14:49:30', NULL);

-- --------------------------------------------------------

--
-- Struktur dari tabel `p_item`
--

CREATE TABLE `p_item` (
  `item_id` int(11) NOT NULL,
  `name` varchar(100) DEFAULT NULL,
  `category_id` int(11) NOT NULL,
  `unit_id` int(11) NOT NULL,
  `price` int(11) DEFAULT NULL,
  `stock` int(10) NOT NULL DEFAULT '0',
  `image` varchar(100) DEFAULT NULL,
  `created` datetime NOT NULL DEFAULT CURRENT_TIMESTAMP,
  `updated` datetime DEFAULT NULL,
  `barcode` varchar(100) DEFAULT NULL,
  `keterangan` varchar(100) NOT NULL
) ENGINE=InnoDB DEFAULT CHARSET=latin1;

--
-- Dumping data untuk tabel `p_item`
--

INSERT INTO `p_item` (`item_id`, `name`, `category_id`, `unit_id`, `price`, `stock`, `image`, `created`, `updated`, `barcode`, `keterangan`) VALUES
(1, 'Aluminium Foil Wrap 30cm x 5m Silver', 1, 1, 15000, 14, 'Null', '2023-02-01 00:00:00', '2023-02-01 00:00:00', '8994124037313', 'Baik'),
(2, 'Aluminium Foil Wrap 30cm x 7,6m Silver ', 1, 1, 20000, 24, 'Null', '2023-02-01 00:00:00', '2023-02-01 00:00:00', '8994124037290', 'Baik'),
(3, 'Aluminium Foil Wrap 45cm x 150m Silver ', 1, 1, 420000, 6, 'Null', '2023-02-01 00:00:00', '2023-02-01 00:00:00', '8994124038990', 'Baik'),
(4, 'Baking Paper Roll 30cm x 10m BP White', 1, 1, 25000, 47, 'Null', '2023-02-01 00:00:00', '2023-02-01 00:00:00', '8994124036842', 'Baik'),
(5, 'Baking Paper Roll 30cm x 10mtr Siliconize White', 1, 1, 35000, 35, 'Null', '2023-02-01 00:00:00', '2023-02-01 00:00:00', '8994124036873', 'Baik'),
(6, 'Baking Paper Roll 40cm x 10mtr BP White', 1, 1, 35000, 39, 'Null', '2023-02-01 00:00:00', '2023-02-01 00:00:00', '8994124036859', 'Baik'),
(7, 'Baking Paper Roll 40cm x 10mtr Siliconize White', 1, 1, 40000, 31, 'Null', '2023-02-01 00:00:00', '2023-02-01 00:00:00', '8994124036880', 'Baik'),
(8, 'Baking Paper Round 20cm Siliconize White 1x100', 4, 1, 40000, 17, 'Null', '2023-02-01 00:00:00', '2023-02-01 00:00:00', '8994124055485', 'Baik'),
(9, 'Baking Paper Round 22cm Siliconize White 1x100', 4, 1, 47000, 60, 'Null', '2023-02-01 00:00:00', '2023-02-01 00:00:00', '8994124055461', 'Baik'),
(10, 'Baking Paper Round 24cm Siliconize White 1x100', 4, 1, 55000, 56, 'Null', '2023-02-01 00:00:00', '2023-02-01 00:00:00', '8994124055478', 'Baik'),
(11, 'Bakpau Round 10,5cm GP White 1x500', 5, 1, 15000, 24, 'Null', '2023-02-01 00:00:00', '2023-02-01 00:00:00', '8994124050411', 'Baik'),
(12, 'Bakpau Round 6cm GP White 1x500', 5, 1, 6000, 76, 'Null', '2023-02-01 00:00:00', '2023-02-01 00:00:00', '8994124005312', 'Baik'),
(13, 'Bakpau Round 7cm GP White 1x500', 5, 1, 8000, 57, 'Null', '2023-02-01 00:00:00', '2023-02-01 00:00:00', '8994124005329', 'Baik'),
(14, 'Bakpau Round 8cm GP White 1x500', 5, 1, 10000, 66, 'Null', '2023-02-01 00:00:00', '2023-02-01 00:00:00', '8994124005589', 'Baik'),
(15, 'Bakpau Round 9,5cm GP White 1x500', 5, 1, 13000, 9, 'Null', '2023-02-01 00:00:00', '2023-02-01 00:00:00', '8994124005336', 'Baik'),
(16, 'Bottle Box 25x17,5x8,5 Corrugated Brown 1x10', 6, 1, 27000, 0, 'Null', '2023-02-01 00:00:00', '2023-02-01 00:00:00', '8994124052385', 'Baik'),
(17, 'Burger Wrap 10x10 MG LAM White 1x100', 4, 1, 23000, 16, 'Null', '2023-02-01 00:00:00', '2023-02-01 00:00:00', '8994124046469', 'Baik'),
(18, 'Burger Wrap 12,5x12,5 MG LAM White 1x100', 4, 1, 26000, 19, 'Null', '2023-02-01 00:00:00', '2023-02-01 00:00:00', '8994124046445', 'Baik'),
(19, 'Burger Wrap 15x15 MG LAM White NF 1x100', 4, 1, 29000, 19, 'Null', '2023-02-01 00:00:00', '2023-02-01 00:00:00', '8994124055492', 'Baik'),
(20, 'Burger Wrap 8x8 MG LAM White 1x100', 4, 1, 22000, 19, 'Null', '2023-02-01 00:00:00', '2023-02-01 00:00:00', '8994124055508', 'Baik'),
(21, 'Cake Box 13x13x7,5 Duplex White 1x50', 6, 1, 54000, 1, 'Null', '2023-02-01 00:00:00', '2023-02-02 09:53:06', '8994124055393', 'Baik'),
(22, 'Chicken Box Size L 22,5x12,5x8 Ivory Marble 1x50', 6, 1, 150000, 1, 'Null', '2023-02-01 00:00:00', '2023-02-01 00:00:00', '8994124051661', 'Baik'),
(23, 'Chicken Box Size L 22,5x12,5x8 Ivory Rotan 1x50', 6, 1, 150000, 1, 'Null', '2023-02-01 00:00:00', '2023-02-01 00:00:00', '8994124051678', 'Baik'),
(24, 'Chicken Box Size M 20,2x11,3x7,5 Ivory Marble 1x50', 6, 1, 132000, 1, 'Null', '2023-02-01 00:00:00', '2023-02-01 00:00:00', '8994124051647', 'Baik'),
(25, 'Chicken Box Size M 20,2x11,3x7,5 Ivory Rotan 1x50', 6, 1, 132000, 1, 'Null', '2023-02-01 00:00:00', '2023-02-01 00:00:00', '8994124051654', 'Baik'),
(26, 'Cling Film 25cm', 1, 1, 100000, 5, 'Null', '2023-02-01 00:00:00', '2023-02-02 07:16:28', '8994124055515', 'Baik'),
(27, 'Cling Film 30cm', 1, 1, 124000, 23, 'Null', '2023-02-01 00:00:00', '2023-02-02 07:17:41', '8994124055522', 'Baik'),
(28, 'Cling Film 40cm', 1, 1, 163000, 10, 'Null', '2023-02-01 00:00:00', '2023-02-02 07:27:45', '8994124055539', 'Baik'),
(29, 'Cling Film 45cm', 1, 1, 185000, 9, 'Null', '2023-02-01 00:00:00', '2023-02-02 07:29:29', '8994124049699', 'Baik'),
(30, 'Cling Film 60cm', 1, 1, 247000, 3, 'Null', '2023-02-01 00:00:00', '2023-02-02 07:31:58', '8994124056109', 'Baik'),
(31, 'Cling Wrap 30cm x 30m Clear', 1, 1, 25000, 27, 'Null', '2023-02-01 00:00:00', '2023-02-01 00:00:00', '8994124037276', 'Baik'),
(32, 'Cling Wrap 30cm x 7,6m Clear', 1, 1, 15000, 43, 'Null', '2023-02-01 00:00:00', '2023-02-01 00:00:00', '8994124036897', 'Baik'),
(33, 'Cling Wrap 45cm x 30m Clear', 1, 1, 35000, 37, 'Null', '2023-02-01 00:00:00', '2023-02-01 00:00:00', '8994124037283', 'Baik'),
(34, 'Corrugated Box - Side Lock Rect 30x20x5 Brown 1x10', 6, 1, 32000, 2, 'Null', '2023-02-01 00:00:00', '2023-02-01 00:00:00', '8994124055447', 'Baik'),
(35, 'Corrugated Box - Side Lock Square 20x20x5 Brown 1x10', 6, 1, 25000, 2, 'Null', '2023-02-01 00:00:00', '2023-02-01 00:00:00', '8994124052859', 'Baik'),
(36, 'Cup Holder 4 Cups Corrugated Brown 1x50', 6, 1, 195000, 2, 'Null', '2023-02-01 00:00:00', '2023-02-01 00:00:00', '8994124051302', 'Baik'),
(37, 'Cupcake Oval 10x6,6/6,3x2,8cm GP Mix 5 Floral 1x1000', 5, 1, 31000, 21, 'Null', '2023-02-01 00:00:00', '2023-02-01 00:00:00', '8994124018176', 'Baik'),
(38, 'Cupcake Oval 11,3x7,4/6,9x2,8cm GP Mix 5 Floral 1x1000', 5, 1, 34000, 25, 'Null', '2023-02-01 00:00:00', '2023-02-01 00:00:00', '8994124018237', 'Baik'),
(39, 'Cupcake Oval 12,9x8,1/7,6x2,8cm GP Mix 5 Floral 1x1000', 5, 1, 39000, 41, 'Null', '2023-02-01 00:00:00', '2023-02-01 00:00:00', '8994124006883', 'Baik'),
(40, 'Cupcake Oval 12,9x8,1/7,6x2,8cm GP White 1x1000', 5, 1, 28000, 54, 'Null', '2023-02-01 00:00:00', '2023-02-01 00:00:00', '8994124006876', 'Baik'),
(41, 'Cupcake Oval 9x6,5/4,8x2,5cm GP Mix 5 Floral 1x1000', 5, 1, 29000, 5, 'Null', '2023-02-01 00:00:00', '2023-02-01 00:00:00', '8994124052651', 'Baik'),
(42, 'Cupcake Oval 9x6,5/4,8x2,5cm GP White 1x1000', 5, 1, 25000, 25, 'Null', '2023-02-01 00:00:00', '2023-02-01 00:00:00', '8994124019319', 'Baik'),
(43, 'Cupcake PET Lotus 15,5/5,2cm HVS LAM Unique 1-01 1x100', 5, 1, 40000, 6, 'Null', '2023-02-01 00:00:00', '2023-02-01 00:00:00', '8994124014369', 'Baik'),
(44, 'Cupcake PET Oval 10x6,6/6,3x2,8cm HVS LAM Mix 5 Polkadot 1x100', 5, 1, 21000, 59, 'Null', '2023-02-01 00:00:00', '2023-02-01 00:00:00', '8994124014451', 'Baik'),
(45, 'Cupcake PET Oval 11,3x7,4/6,9x2,8cm HVS LAM Mix 5 Polkadot 1x100', 5, 1, 22000, 38, 'Null', '2023-02-01 00:00:00', '2023-02-01 00:00:00', '8994124014468', 'Baik'),
(46, 'Cupcake PET Oval 20x11/14x5cm HVS LAM Mix 5 Batik 2 1x100', 5, 1, 40000, 34, 'Null', '2023-02-01 00:00:00', '2023-02-01 00:00:00', '8994124056116', 'Baik'),
(47, 'Cupcake PET Oval 20x11/14x5cm HVS LAM Mix 5 BW 1x100', 5, 1, 40000, 5, 'Null', '2023-02-01 00:00:00', '2023-02-01 00:00:00', '8994124052293', 'Baik'),
(48, 'Cupcake PET Oval 20x11/14x5cm HVS LAM Mix 5 BW 2 1x100', 5, 1, 40000, 72, 'Null', '2023-02-01 00:00:00', '2023-02-01 00:00:00', '8994124054921', 'Baik'),
(49, 'Cupcake PET Oval 20x11/14x5cm HVS LAM Mix 5 Fruits 1x100', 5, 1, 40000, 27, 'Null', '2023-02-01 00:00:00', '2023-02-01 00:00:00', '8994124051241', 'Baik'),
(50, 'Cupcake PET Oval 20x11/14x5cm Kraft LAM Brown 1x100', 5, 1, 38000, 40, 'Null', '2023-02-01 00:00:00', '2023-02-01 00:00:00', '8994124018480', 'Baik'),
(51, 'Cupcake PET Oval 9x6,5/4,8x2,5cm HVS LAM Mix 5 Polkadot 1x100', 5, 1, 20000, 24, 'Null', '2023-02-01 00:00:00', '2023-02-01 00:00:00', '8994124014444', 'Baik'),
(52, 'Cupcake PET Rect 18x13/10x5cm HVS LAM Mix 5 Ceramic 1x100', 5, 1, 49000, 30, 'Null', '2023-02-01 00:00:00', '2023-02-01 00:00:00', '8994124052576', 'Baik'),
(53, 'Cupcake PET Rect 18x13/10x5cm HVS LAM Mix 5 Polkadot 1x100', 5, 1, 49000, 5, 'Null', '2023-02-01 00:00:00', '2023-02-01 00:00:00', '8994124015106', 'Baik'),
(54, 'Cupcake PET Round 12,5/5,5cm HVS LAM Mix 5 Polkadot 1x100', 5, 1, 29000, 40, 'Null', '2023-02-01 00:00:00', '2023-02-01 00:00:00', '8994124019326', 'Baik'),
(55, 'Cupcake PET Round 13,5/8,5cm HVS LAM Mix 5 Polkadot 1x100', 5, 1, 35000, 29, 'Null', '2023-02-01 00:00:00', '2023-02-01 00:00:00', '8994124016608', 'Baik'),
(56, 'Cupcake PET Round 14/8cm HVS LAM Mix 5 Batik 1x100', 5, 1, 33000, 8, 'Null', '2023-02-01 00:00:00', '2023-02-01 00:00:00', '8994124051425', 'Baik'),
(57, 'Cupcake PET Round 14/8cm HVS LAM Mix 5 Batik 2 1x100', 5, 1, 33000, 26, 'Null', '2023-02-01 00:00:00', '2023-02-01 00:00:00', '8994124056123', 'Baik'),
(58, 'Cupcake PET Round 14/8cm HVS LAM Mix 5 BW 2 1x100', 5, 1, 33000, 39, 'Null', '2023-02-01 00:00:00', '2023-02-01 00:00:00', '8994124050541', 'Baik'),
(59, 'Cupcake PET Round 14/8cm HVS LAM Mix 5 Fruits 1x100', 5, 1, 33000, 40, 'Null', '2023-02-01 00:00:00', '2023-02-01 00:00:00', '8994124051531', 'Baik'),
(60, 'Cupcake PET Round 14/8cm HVS LAM Mix 5 Kpop 1x100', 5, 1, 33000, 57, 'Null', '2023-02-01 00:00:00', '2023-02-01 00:00:00', '8994124050428', 'Baik'),
(61, 'Cupcake PET Round 14/8cm HVS LAM Mix 5 Polkadot 1x100', 5, 1, 33000, 7, 'Null', '2023-02-01 00:00:00', '2023-02-01 00:00:00', '8994124016639', 'Baik'),
(62, 'Cupcake PET Round 14/8cm HVS LAM Mix 5 Stripe 1x100', 5, 1, 33000, 58, 'Null', '2023-02-01 00:00:00', '2023-02-01 00:00:00', '8994124056291', 'Baik'),
(63, 'Cupcake PET Round 14/8cm HVS LAM Unique 2-01 1x100', 5, 1, 33000, 15, 'Null', '2023-02-01 00:00:00', '2023-02-01 00:00:00', '8994124051012', 'Baik'),
(64, 'Cupcake PET Round 15,5/8,3cm HVS LAM Mix 5 Kpop 1x100', 5, 1, 40000, 31, 'Null', '2023-02-01 00:00:00', '2023-02-01 00:00:00', '8994124056376', 'Baik'),
(65, 'Cupcake PET Round 16,5/8,5cm HVS LAM Mix 5 Polkadot 1x100', 5, 1, 42000, 7, 'Null', '2023-02-01 00:00:00', '2023-02-01 00:00:00', '8994124016851', 'Baik'),
(66, 'Cupcake PET Round 16,5/8,5cm HVS LAM Mix 5 Stripe 1x100', 5, 1, 42000, 13, 'Null', '2023-02-01 00:00:00', '2023-02-01 00:00:00', '8994124056307', 'Baik'),
(67, 'Cupcake PET Square 13,8x13,8/8,3x8,3cm HVS LAM  Fruits 1-02 1x100', 5, 1, 36000, 59, 'Null', '2023-02-01 00:00:00', '2023-02-01 00:00:00', '8994124016899', 'Baik'),
(68, 'Cupcake PET Triangle 18,5x13,5/12,5x7,5cm HVS LAM Mix 5 Stripe 1x100', 5, 1, 29000, 24, 'Null', '2023-02-01 00:00:00', '2023-02-01 00:00:00', '8994124056314', 'Baik'),
(69, 'Cupcake Round 10,5/4,5cm GP Mix 5 Batik 1x1000', 5, 1, 56000, 13, 'Null', '2023-02-01 00:00:00', '2023-02-01 00:00:00', '8994124056130', 'Baik'),
(70, 'Cupcake Round 10,5/4,5cm MG Mix 4 Colour 1x1000', 5, 1, 35000, 16, 'Null', '2023-02-01 00:00:00', '2023-02-01 00:00:00', '8994124055546', 'Baik'),
(71, 'Cupcake Round 10,5/4,5cm MG White 1x1000', 5, 1, 28000, 47, 'Null', '2023-02-01 00:00:00', '2023-02-01 00:00:00', '8994124009754', 'Baik'),
(72, 'Cupcake Round 10,5/5,5cm GP White 1x1000', 5, 1, 38000, 8, 'Null', '2023-02-01 00:00:00', '2023-02-01 00:00:00', '8994124009723', 'Baik'),
(73, 'Cupcake Round 11,5/5,3cm GP Brown 1x1000', 5, 1, 48000, 7, 'Null', '2023-02-01 00:00:00', '2023-02-01 00:00:00', '8997209300937', 'Baik'),
(74, 'Cupcake Round 11,5/5,3cm MG White 1x1000', 5, 1, 31000, 7, 'Null', '2023-02-01 00:00:00', '2023-02-01 00:00:00', '8994124005770', 'Baik'),
(75, 'Cupcake Round 11/4,2cm MG White 1x1000', 5, 1, 28000, 12, 'Null', '2023-02-01 00:00:00', '2023-02-01 00:00:00', '8994124051364	', 'Baik'),
(76, 'Cupcake Round 12,5/3,7cm Glassine Black 1x1000', 5, 1, 76000, 32, 'Null', '2023-02-01 00:00:00', '2023-02-01 00:00:00', '8994124054433', 'Baik'),
(77, 'Cupcake Round 12,5/3,7cm Glassine Mix 5 Colour 1x1000', 5, 1, 71000, 15, 'Null', '2023-02-01 00:00:00', '2023-02-01 00:00:00', '8994124054945', 'Baik'),
(78, 'Cupcake Round 12,5/3,7cm GP Mix 5 Animal 1x1000', 5, 1, 57000, 8, 'Null', '2023-02-01 00:00:00', '2023-02-01 00:00:00', '8994124018121', 'Baik'),
(79, 'Cupcake Round 12,5/3,7cm MG Mix 5 Floral 1x500', 5, 1, 25000, 16, 'Null', '2023-02-01 00:00:00', '2023-02-01 00:00:00', '8994124009945', 'Baik'),
(80, 'Cupcake Round 12,5/3,7cm MG White 1x500', 5, 1, 21000, 57, 'Null', '2023-02-01 00:00:00', '2023-02-01 00:00:00', '8994124009938', 'Baik'),
(81, 'Cupcake Round 12,5/5,5cm GP Mix 5 Eid 1x1000', 5, 1, 57000, 16, 'Null', '2023-02-01 00:00:00', '2023-02-01 00:00:00', '8994124055553', 'Baik'),
(82, 'Cupcake Round 14/7cm Glassine Black 1x1000', 5, 1, 87000, 16, 'Null', '2023-02-01 00:00:00', '2023-02-01 00:00:00', '8994124051128	', 'Baik'),
(83, 'Cupcake Round 5,5/2,4cm Al Foil Gold 1x1000', 5, 1, 18000, 53, 'Null', '2023-02-01 00:00:00', '2023-02-01 00:00:00', '8994124055577', 'Baik'),
(84, 'Cupcake Round 5,5/2,4cm Al Foil Green 1x1000', 5, 1, 18000, 20, 'Null', '2023-02-01 00:00:00', '2023-02-01 00:00:00', '8994124022630', 'Baik'),
(85, 'Cupcake Round 5,5/2,4cm Al Foil Mix 4 Colour 1x1000', 5, 1, 18000, 30, 'Null', '2023-02-01 00:00:00', '2023-02-01 00:00:00', '8994124052873', 'Baik'),
(86, 'Cupcake Round 5,5/2,4cm Al Foil Pink 1x1000', 5, 1, 18000, 6, 'Null', '2023-02-01 00:00:00', '2023-02-01 00:00:00', '8994124022647', 'Baik'),
(87, 'Cupcake Round 5,5/2,4cm Al Foil Purple 1x1000', 5, 1, 18000, 11, 'Null', '2023-02-01 00:00:00', '2023-02-01 00:00:00', '8994124056321', 'Baik'),
(88, 'Cupcake Round 5,5/2,4cm Al Foil Red 1x1000', 5, 1, 18000, 7, 'Null', '2023-02-01 00:00:00', '2023-02-01 00:00:00', '8994124056338', 'Baik'),
(89, 'Cupcake Round 5,5/2,4cm Al Foil Silver 1x1000', 5, 1, 18000, 22, 'Null', '2023-02-01 00:00:00', '2023-02-01 00:00:00', '8994124052880', 'Baik'),
(90, 'Cupcake Round 5,5/2,4cm Glassine Black 1x1000', 5, 1, 18000, 226, 'Null', '2023-02-01 00:00:00', '2023-02-01 00:00:00', '8994124018725', 'Baik'),
(91, 'Cupcake Round 5,5/2,4cm Glassine Brown 1x1000', 5, 1, 18000, 126, 'Null', '2023-02-01 00:00:00', '2023-02-01 00:00:00', '8994124011412', 'Baik'),
(92, 'Cupcake Round 5,5/2,4cm Glassine MIX 5 Colour 1x1000', 5, 1, 16000, 86, 'Null', '2023-02-01 00:00:00', '2023-02-01 00:00:00', '8994124011436', 'Baik'),
(93, 'Cupcake Round 5,5/2,4cm Glassine Red 1x1000', 5, 1, 18000, 4, 'Null', '2023-02-01 00:00:00', '2023-02-01 00:00:00', '8994124018473', 'Baik'),
(94, 'Cupcake Round 5,5/2,4cm GP Brown 1x1000', 5, 1, 13000, 37, 'Null', '2023-02-01 00:00:00', '2023-02-01 00:00:00', '8994124022142', 'Baik'),
(95, 'Cupcake Round 5,5/2,4cm GP Mix 5 Animal 1x1000', 5, 1, 13000, 23, 'Null', '2023-02-01 00:00:00', '2023-02-01 00:00:00', '8994124018015', 'Baik'),
(96, 'Cupcake Round 5,5/2,4cm GP Mix 5 Batik 1x1000', 5, 1, 16000, 9, 'Null', '2023-02-01 00:00:00', '2023-02-01 00:00:00', '8994124056345', 'Baik'),
(97, 'Cupcake Round 5,5/2,4cm GP Mix 5 Floral 1x1000', 5, 1, 13000, 116, 'Null', '2023-02-01 00:00:00', '2023-02-01 00:00:00', '8994124008030', 'Baik'),
(98, 'Cupcake Round 5,5/2,4cm MG Mix 3 Eid 1x1000', 5, 1, 12000, 48, 'Null', '2023-02-01 00:00:00', '2023-02-01 00:00:00', '8994124055584', 'Baik'),
(99, 'Cupcake Round 5,5/2,4cm MG Mix 4 Colour 1x1000', 5, 1, 12000, 62, 'Null', '2023-02-01 00:00:00', '2023-02-01 00:00:00', '8994124008016', 'Baik'),
(100, 'Cupcake Round 5,5/2,4cm MG Mix 5 Floral 1x1000', 5, 1, 12000, 132, 'Null', '2023-02-01 00:00:00', '2023-02-01 00:00:00', '8994124008009', 'Baik'),
(101, 'Cupcake Round 5,5/2,4cm MG White 1x1000', 5, 1, 10000, 136, 'Null', '2023-02-01 00:00:00', '2023-02-01 00:00:00', '8994124007996', 'Baik'),
(102, 'Cupcake Round 5/2,4cm Al Foil Gold 1x1000', 5, 1, 18000, 6, 'Null', '2023-02-01 00:00:00', '2023-02-01 00:00:00', '8994124016141', 'Baik'),
(103, 'Cupcake Round 5/2,4cm Al Foil Mix 4 Colour 1x1000', 5, 1, 18000, 2, 'Null', '2023-02-01 00:00:00', '2023-02-01 00:00:00', '8994124016165', 'Baik'),
(104, 'Cupcake Round 5/2,4cm Glassine Black 1x1000', 5, 1, 18000, 48, 'Null', '2023-02-01 00:00:00', '2023-02-01 00:00:00', '8994124005602', 'Baik'),
(105, 'Cupcake Round 6/3cm Glassine Black 1x1000', 5, 1, 24000, 23, 'Null', '2023-02-01 00:00:00', '2023-02-01 00:00:00', '8994124053726', 'Baik'),
(106, 'Cupcake Round 6/3cm GP Mix 5 Floral 1x1000', 5, 1, 16000, 10, 'Null', '2023-02-01 00:00:00', '2023-02-01 00:00:00', '8994124020322', 'Baik'),
(107, 'Cupcake Round 6/3cm GP White 1x1000', 5, 1, 14000, 13, 'Null', '2023-02-01 00:00:00', '2023-02-01 00:00:00', '8994124020254', 'Baik'),
(108, 'Cupcake Round 7,5/3,5cm Glassine Black 1x1000', 5, 1, 36000, 6, 'Null', '2023-02-01 00:00:00', '2023-02-01 00:00:00', '8994124004049', 'Baik'),
(109, 'Cupcake Round 7,5/3,5cm Glassine Brown 1x1000', 5, 1, 36000, 5, 'Null', '2023-02-01 00:00:00', '2023-02-01 00:00:00', '8994124004063', 'Baik'),
(110, 'Cupcake Round 7,5/3,5cm Glassine White 1x1000', 5, 1, 26000, 12, 'Null', '2023-02-01 00:00:00', '2023-02-01 00:00:00', '8994124004032', 'Baik'),
(111, 'Cupcake Round 7,5/3,5cm GP Mix 5 Ceramic 1x1000', 5, 1, 23000, 56, 'Null', '2023-02-01 00:00:00', '2023-02-01 00:00:00', '8994124016370', 'Baik'),
(112, 'Cupcake Round 7/3,2cm Glassine Black 1x1000', 5, 1, 28000, 83, 'Null', '2023-02-01 00:00:00', '2023-02-01 00:00:00', '8994124007392', 'Baik'),
(113, 'Cupcake Round 7/3,2cm Glassine Brown 1x1000', 5, 1, 28000, 14, 'Null', '2023-02-01 00:00:00', '2023-02-01 00:00:00', '8994124001413', 'Baik'),
(114, 'Cupcake Round 7/3,2cm Glassine Mix 5 Colour 1x1000', 5, 1, 23000, 47, 'Null', '2023-02-01 00:00:00', '2023-02-01 00:00:00', '8994124007408', 'Baik'),
(115, 'Cupcake Round 7/3,2cm Glassine Red 1x1000', 5, 1, 28000, 4, 'Null', '2023-02-01 00:00:00', '2023-02-01 00:00:00', '8994124023477', 'Baik'),
(116, 'Cupcake Round 7/3,2cm GP Brown 1x1000', 5, 1, 19000, 14, 'Null', '2023-02-01 00:00:00', '2023-02-01 00:00:00', '8994124020292', 'Baik'),
(117, 'Cupcake Round 7/3,2cm GP Mix 5 Floral 1x1000', 5, 1, 20000, 10, 'Null', '2023-02-01 00:00:00', '2023-02-01 00:00:00', '8994124015748', 'Baik'),
(118, 'Cupcake Round 7/3,2cm MG Mix 5 Floral 1x1000', 5, 1, 15000, 111, 'Null', '2023-02-01 00:00:00', '2023-02-01 00:00:00', '8994124015717', 'Baik'),
(119, 'Cupcake Round 7/3,2cm MG White 1x1000', 5, 1, 12000, 68, 'Null', '2023-02-01 00:00:00', '2023-02-01 00:00:00', '8994124015700', 'Baik'),
(120, 'Cupcake Round 9,5/4,3cm Al Foil Gold 1x1000', 5, 1, 52000, 47, 'Null', '2023-02-01 00:00:00', '2023-02-01 00:00:00', '8994124050404', 'Baik'),
(121, 'Cupcake Round 9,5/4,3cm Al Foil Mix 4 Colour 1x1000', 5, 1, 52000, 51, 'Null', '2023-02-01 00:00:00', '2023-02-01 00:00:00', '8994124052897', 'Baik'),
(122, 'Cupcake Round 9,5/4,3cm Al Foil Silver 1x1000', 5, 1, 52000, 20, 'Null', '2023-02-01 00:00:00', '2023-02-01 00:00:00', '8994124055591', 'Baik'),
(123, 'Cupcake Round 9,5/4,3cm Glassine Black 1x1000', 5, 1, 52000, 96, 'Null', '2023-02-01 00:00:00', '2023-02-01 00:00:00', '8994124018732', 'Baik'),
(124, 'Cupcake Round 9,5/4,3cm Glassine Brown 1x1000', 5, 1, 52000, 81, 'Null', '2023-02-01 00:00:00', '2023-02-01 00:00:00', '8994124055607', 'Baik'),
(125, 'Cupcake Round 9,5/4,3cm Glassine Mix 5 Colour 1x1000', 5, 1, 43000, 93, 'Null', '2023-02-01 00:00:00', '2023-02-01 00:00:00', '8994124001383', 'Baik'),
(126, 'Cupcake Round 9,5/4,3cm GP Mix 5 Animal 1x1000', 5, 1, 36000, 11, 'Null', '2023-02-01 00:00:00', '2023-02-01 00:00:00', '8994124024245', 'Baik'),
(127, 'Cupcake Round 9,5/4,3cm GP Mix 5 Eid 1x1000', 5, 1, 36000, 25, 'Null', '2023-02-01 00:00:00', '2023-02-01 00:00:00', '8994124055614', 'Baik'),
(128, 'Cupcake Round 9,5/4,3cm GP White 1x1000', 5, 1, 30000, 50, 'Null', '2023-02-01 00:00:00', '2023-02-01 00:00:00', '8994124009488', 'Baik'),
(129, 'Cupcake Round 9,5/4,3cm MG Mix 4 Colour 1x1000', 5, 1, 27000, 30, 'Null', '2023-02-01 00:00:00', '2023-02-01 00:00:00', '8994124020605', 'Baik'),
(130, 'Cupcake Round 9,5/4,3cm MG Mix 5 Floral 1x1000', 5, 1, 27000, 63, 'Null', '2023-02-01 00:00:00', '2023-02-01 00:00:00', '8994124020599', 'Baik'),
(131, 'Cupcake Round 9,5/4,3cm MG Mix Eid 1x1000', 5, 1, 27000, 38, 'Null', '2023-02-01 00:00:00', '2023-02-01 00:00:00', '8994124016431', 'Baik'),
(132, 'Cupcake Round 9,5/4,3cm MG White 1x1000', 5, 1, 21000, 118, 'Null', '2023-02-01 00:00:00', '2023-02-01 00:00:00', '8994124009457', 'Baik'),
(133, 'Cupcake Tulip 5,5/3,5cm Glassine Mix 5 Colour 1x200', 5, 1, 41000, 36, 'Null', '2023-02-01 00:00:00', '2023-02-01 00:00:00', '8994124056352', 'Baik'),
(134, 'Cupcake Tulip 6/3,5cm Glassine Mix 5 Colour 1x200', 5, 1, 42000, 9, 'Null', '2023-02-01 00:00:00', '2023-02-01 00:00:00', '8994124056369', 'Baik'),
(135, 'Cupcake Tulip 8/5cm Glassine Brown 1x100', 5, 1, 29000, 13, 'Null', '2023-02-01 00:00:00', '2023-02-01 00:00:00', '8994124049989', 'Baik'),
(136, 'Cupcake Tulip 8/5cm Glassine Mix 5 Colour 1x100', 5, 1, 28000, 32, 'Null', '2023-02-01 00:00:00', '2023-02-01 00:00:00', '8994124055621', 'Baik'),
(137, 'Cupcake Tulip 8/5cm GP White 1x100', 5, 1, 19000, 7, 'Null', '2023-02-01 00:00:00', '2023-02-01 00:00:00', '8994124050572', 'Baik'),
(138, 'Cupcake Tulip 8/5cm MG Mix 5 Floral 1x100', 5, 1, 18000, 16, 'Null', '2023-02-01 00:00:00', '2023-02-01 00:00:00', '8994124020582', 'Baik'),
(139, 'Dimsum Paper Round 4\" Siliconize White 1x500', 5, 1, 31000, 16, 'Null', '2023-02-01 00:00:00', '2023-02-01 00:00:00', '8994124050862', 'Baik'),
(140, 'Dimsum Paper Round 4,5\" Siliconize White 1x500', 5, 1, 40000, 17, 'Null', '2023-02-01 00:00:00', '2023-02-01 00:00:00', '8994124014413', 'Baik'),
(141, 'Dimsum Paper Round 5,5\" Siliconize White 1x500', 5, 1, 61000, 10, 'Null', '2023-02-01 00:00:00', '2023-02-01 00:00:00', '8994124010590', 'Baik'),
(142, 'Dimsum Paper Round 6,5\" Siliconize White 1x500', 5, 1, 85000, 4, 'Null', '2023-02-01 00:00:00', '2023-02-01 00:00:00', '8994124010606', 'Baik'),
(143, 'Dimsum Paper Round 9,5\" Siliconize White 1x500', 5, 1, 231000, 2, 'Null', '2023-02-01 00:00:00', '2023-02-01 00:00:00', '8994124004360', 'Baik'),
(144, 'Doilies Oval 10,5\"x14\" Flower Al Foil Gold 1x100', 2, 1, 59000, 13, 'Null', '2023-02-01 00:00:00', '2023-02-01 00:00:00', '8994124014239', 'Baik'),
(145, 'Doilies Oval 10,5\"x14\" Flower MG Mix 4 Light Colour 1x100', 2, 1, 42000, 19, 'Null', '2023-02-01 00:00:00', '2023-02-01 00:00:00', '8994124004773', 'Baik'),
(146, 'Doilies Oval 4,5\"x6,5\" Flower MG Mix 4 Colour 1x100', 2, 1, 13000, 47, 'Null', '2023-02-01 00:00:00', '2023-02-01 00:00:00', '8994124011344', 'Baik'),
(147, 'Doilies Oval 4,5\"x6,5\" Flower MG White NF 1x100', 2, 1, 12000, 1, 'Null', '2023-02-01 00:00:00', '2023-02-01 00:00:00', '8994124011320', 'Baik'),
(148, 'Doilies Oval 7,5\"x10\" Flower Al Foil Mix 4 Colour 1x100', 2, 1, 44000, 6, 'Null', '2023-02-01 00:00:00', '2023-02-01 00:00:00', '8994124056284', 'Baik'),
(149, 'Doilies Oval 7,5\"x10\" Flower Glassine Mix 4 Colour 1x100', 2, 1, 25000, 4, 'Null', '2023-02-01 00:00:00', '2023-02-01 00:00:00', '8994124056277', 'Baik'),
(150, 'Doilies Oval 7,5\"x10\" Flower MG Mix 4 Light Colour 1x100', 2, 1, 20000, 6, 'Null', '2023-02-01 00:00:00', '2023-02-01 00:00:00', '8994124003967', 'Baik'),
(151, 'Doilies Oval 7,5\"x10\" Flower MG Mix 4 Light Colour 1x250', 2, 1, 50000, 3, 'Null', '2023-02-01 00:00:00', '2023-02-01 00:00:00', '8994124003943', 'Baik'),
(152, 'Doilies Oval 7,5', 2, 1, 46000, 8, 'Null', '2023-02-01 00:00:00', '2023-02-02 04:56:03', '8994124051289', 'Baik'),
(153, 'Doilies Oval 8\"x12\" Flower Glassine Mix 4 Colour 1x100', 2, 1, 33000, 15, 'Null', '2023-02-01 00:00:00', '2023-02-01 00:00:00', '8994124037405', 'Baik'),
(154, 'Doilies Oval 8\"x12\" Flower MG Brown 1x100', 2, 1, 25000, 3, 'Null', '2023-02-01 00:00:00', '2023-02-01 00:00:00', '8994124048050', 'Baik'),
(155, 'Doilies Oval 8\"x12\" Flower MG Mix 4 Light Colour 1x100', 2, 1, 28000, 20, 'Null', '2023-02-01 00:00:00', '2023-02-01 00:00:00', '8994124004100', 'Baik'),
(156, 'Doilies Oval 8\"x12\" Flower MG White NF 1x100', 2, 1, 25000, 20, 'Null', '2023-02-01 00:00:00', '2023-02-01 00:00:00', '8994124055645', 'Baik'),
(157, 'Doilies Oval 8\"x12\" Flower SK Golden Yellow 1x100', 2, 1, 25000, 16, 'Null', '2023-02-01 00:00:00', '2023-02-01 00:00:00', '8994124056260', 'Baik'),
(158, 'Doilies Rect 10\"x14,5\" Flower Al Foil Gold 1x100', 2, 1, 62000, 3, 'Null', '2023-02-01 00:00:00', '2023-02-01 00:00:00', '8994124014758', 'Baik'),
(159, 'Doilies Rect 10\"x14,5\" Flower Al Foil Silver 1x100', 2, 1, 62000, 3, 'Null', '2023-02-01 00:00:00', '2023-02-01 00:00:00', '8994124014741', 'Baik'),
(160, 'Doilies Rect 10\"x14,5\" Flower MG Mix 4 Light Colour 1x100', 2, 1, 40000, 28, 'Null', '2023-02-01 00:00:00', '2023-02-01 00:00:00', '8994124056390', 'Baik'),
(161, 'Doilies Rect 10\"x14,5\" Flower MG White 1x100', 2, 1, 36000, 6, 'Null', '2023-02-01 00:00:00', '2023-02-01 00:00:00', '8994124003042', 'Baik'),
(162, 'Doilies Rect 10,5\"x14,5\" Honeycomb MG White NF 1x100', 2, 1, 44000, 72, 'Null', '2023-02-01 00:00:00', '2023-02-01 00:00:00', '8994124051975', 'Baik'),
(163, 'Doilies Rect 12\"x16\" Flower Al Foil Gold 1x100', 2, 1, 77000, 4, 'Null', '2023-02-01 00:00:00', '2023-02-01 00:00:00', '8994124016035', 'Baik'),
(164, 'Doilies Rect 12\"x16\" Flower MG Mix 4 Light Colour 1x100', 2, 1, 50000, 20, 'Null', '2023-02-01 00:00:00', '2023-02-01 00:00:00', '8994124004650', 'Baik'),
(165, 'Doilies Rect 12\"x16\" Flower MG White 1x100', 2, 1, 45000, 15, 'Null', '2023-02-01 00:00:00', '2023-02-01 00:00:00', '8994124049040', 'Baik'),
(166, 'Doilies Rect 12\"x16\" Flower MG White 1x250', 2, 1, 113000, 21, 'Null', '2023-02-01 00:00:00', '2023-02-01 00:00:00', '8994124035494', 'Baik'),
(167, 'Doilies Rect 12,5\"x18,5\" Flower MG White 1x100', 2, 1, 53000, 9, 'Null', '2023-02-01 00:00:00', '2023-02-01 00:00:00', '8994124006555', 'Baik'),
(168, 'Doilies Rect 14\"x18\" Flower MG White NF 1x100', 2, 1, 55000, 13, 'Null', '2023-02-01 00:00:00', '2023-02-01 00:00:00', '8994124056239', 'Baik'),
(169, 'Doilies Rect 6,5\"x14\" New Flower MG Mix 4 Light Colour 1x100', 2, 1, 29000, 16, 'Null', '2023-02-01 00:00:00', '2023-02-01 00:00:00', '8994124004520', 'Baik'),
(170, 'Doilies Rect 6,5\"x14\" New Flower MG White NF 1x100', 2, 1, 26000, 57, 'Null', '2023-02-01 00:00:00', '2023-02-01 00:00:00', '8994124004506', 'Baik'),
(171, 'Doilies Rect 6,5\"x9,5\" Flower MG Mix 4 Light Colour 1x100', 2, 1, 28000, 20, 'Null', '2023-02-01 00:00:00', '2023-02-01 00:00:00', '8994124003004', 'Baik'),
(172, 'Doilies Rect 6,5\"x9,5\" Flower MG White NF 1x100', 2, 1, 25000, 48, 'Null', '2023-02-01 00:00:00', '2023-02-01 00:00:00', '8997209308346', 'Baik'),
(173, 'Doilies Rect 6,5\"x9,5\" Flower MG White NF 1x250', 2, 1, 62000, 6, 'Null', '2023-02-01 00:00:00', '2023-02-01 00:00:00', '8994124040436', 'Baik'),
(174, 'Doilies Rect 8\"x12\" Flower Al Foil Gold 1x100', 2, 1, 44000, 9, 'Null', '2023-02-01 00:00:00', '2023-02-01 00:00:00', '8994124015977', 'Baik'),
(175, 'Doilies Rect 8\"x12\" Flower MG Brown 1x100', 2, 1, 25000, 20, 'Null', '2023-02-01 00:00:00', '2023-02-01 00:00:00', '8994124055652', 'Baik'),
(176, 'Doilies Rect 8\"x12\" Flower MG Mix 4 Light Colour 1x100', 2, 1, 28000, 44, 'Null', '2023-02-01 00:00:00', '2023-02-01 00:00:00', '8994124003486', 'Baik'),
(177, 'Doilies Rect 8\"x12\" Flower MG Mix 5 Floral 1x100', 2, 1, 28000, 27, 'Null', '2023-02-01 00:00:00', '2023-02-01 00:00:00', '8994124056246', 'Baik'),
(178, 'Doilies Rect 8\"x12\" Flower MG White 1x100', 2, 1, 26000, 20, 'Null', '2023-02-01 00:00:00', '2023-02-01 00:00:00', '8994124049026', 'Baik'),
(179, 'Doilies Rect 8', 2, 1, 26000, 19, 'Null', '2023-02-01 00:00:00', '2023-02-02 09:51:15', '8994124014703', 'Baik'),
(180, 'Doilies Rect 8\"x12\" Flower SK Golden Yellow 1x100', 2, 1, 25000, 4, 'Null', '2023-02-01 00:00:00', '2023-02-01 00:00:00', '8994124056253', 'Baik'),
(181, 'Doilies Rect 8\"x12\" Honeycomb Al Foil Gold 1x100', 2, 1, 44000, 5, 'Null', '2023-02-01 00:00:00', '2023-02-01 00:00:00', '8994124056406', 'Baik'),
(182, 'Doilies Round 10,5\" Flower Al Foil Gold 1x100', 2, 1, 46000, 8, 'Null', '2023-02-01 00:00:00', '2023-02-01 00:00:00', '8994124013775', 'Baik'),
(183, 'Doilies Round 10,5\" Flower Al Foil Silver 1x100', 2, 1, 46000, 3, 'Null', '2023-02-01 00:00:00', '2023-02-01 00:00:00', '8994124013768', 'Baik'),
(184, 'Doilies Round 10,5\" Flower MG Brown 1x100', 2, 1, 26000, 10, 'Null', '2023-02-01 00:00:00', '2023-02-01 00:00:00', '8994124036361', 'Baik'),
(185, 'Doilies Round 10,5\" Flower MG Mix 4 Light Colour 1x100', 2, 1, 29000, 14, 'Null', '2023-02-01 00:00:00', '2023-02-01 00:00:00', '8994124036293', 'Baik'),
(186, 'Doilies Round 10,5\" Flower MG Mix 5 Eid 1x100', 2, 1, 34000, 17, 'Null', '2023-02-01 00:00:00', '2023-02-01 00:00:00', '8994124055669', 'Baik'),
(187, 'Doilies Round 10,5\" Flower MG White 1x100', 2, 1, 27000, 9, 'Null', '2023-02-01 00:00:00', '2023-02-01 00:00:00', '8994124036309', 'Baik'),
(188, 'Doilies Round 10,5\" Flower MG White NF 1x100', 2, 1, 27000, 49, 'Null', '2023-02-01 00:00:00', '2023-02-01 00:00:00', '8994124051548', 'Baik'),
(189, 'Doilies Round 10,5\" Flower MG White NF 1X250', 2, 1, 66000, 10, 'Null', '2023-02-01 00:00:00', '2023-02-01 00:00:00', '8994124049774', 'Baik'),
(190, 'Doilies Round 11,5\" Flower MG White 1x250', 2, 1, 74000, 2, 'Null', '2023-02-01 00:00:00', '2023-02-01 00:00:00', '8994124015649', 'Baik'),
(191, 'Doilies Round 11,5\" Flower MG White NF 1x100', 2, 1, 30000, 30, 'Null', '2023-02-01 00:00:00', '2023-02-01 00:00:00', '8994124038723', 'Baik'),
(192, 'Doilies Round 11,5\" Flower MG White NF 1x250', 2, 1, 74000, 4, 'Null', '2023-02-01 00:00:00', '2023-02-01 00:00:00', '8994124051968', 'Baik'),
(193, 'Doilies Round 12,5\" Flower Al Foil Silver 1x100', 2, 1, 63000, 0, 'Null', '2023-02-01 00:00:00', '2023-02-01 00:00:00', '8994124013829', 'Baik'),
(194, 'Doilies Round 12,5\" Flower MG Mix 4 Light Colour 1x100', 2, 1, 39000, 1, 'Null', '2023-02-01 00:00:00', '2023-02-01 00:00:00', '8994124006197', 'Baik'),
(195, 'Doilies Round 12,5\" Flower MG Mix 5 Batik 1x100', 2, 1, 47000, 18, 'Null', '2023-02-01 00:00:00', '2023-02-01 00:00:00', '8994124013096', 'Baik'),
(196, 'Doilies Round 14\" Star Al Foil Silver 1x100', 2, 1, 76000, 8, 'Null', '2023-02-01 00:00:00', '2023-02-01 00:00:00', '8994124013874', 'Baik'),
(197, 'Doilies Round 16,5\" Flower MG Mix 4 Colour 1x100', 2, 1, 63000, 8, 'Null', '2023-02-01 00:00:00', '2023-02-01 00:00:00', '8994124007835', 'Baik'),
(198, 'Doilies Round 3,5\" Flower Al Foil Gold 1x250', 2, 1, 19000, 12, 'Null', '2023-02-01 00:00:00', '2023-02-01 00:00:00', '8994124013331', 'Baik'),
(199, 'Doilies Round 3,5\" Flower MG Mix 4 Light Colour 1x250', 2, 1, 15000, 67, 'Null', '2023-02-01 00:00:00', '2023-02-01 00:00:00', '8994124020766', 'Baik'),
(200, 'Doilies Round 3,5\" Flower MG White 1x250', 2, 1, 14000, 22, 'Null', '2023-02-01 00:00:00', '2023-02-01 00:00:00', '8994124035760', 'Baik'),
(201, 'Doilies Round 3,5', 2, 1, 14000, 113, 'Null', '2023-02-01 00:00:00', '2023-02-02 04:51:44', '8994124051272', 'Baik'),
(202, 'Doilies Round 4,5\" Flower Al Foil Gold 1x100', 2, 1, 12000, 40, 'Null', '2023-02-01 00:00:00', '2023-02-01 00:00:00', '8994124013560', 'Baik'),
(203, 'Doilies Round 4,5\" Flower Al Foil Silver 1x100', 2, 1, 12000, 49, 'Null', '2023-02-01 00:00:00', '2023-02-01 00:00:00', '8994124013553', 'Baik'),
(204, 'Doilies Round 4,5\" Flower MG Mix 4 Light Colour 1x100', 2, 1, 8000, 48, 'Null', '2023-02-01 00:00:00', '2023-02-01 00:00:00', '8994124006098', 'Baik'),
(205, 'Doilies Round 4,5\" Flower MG White NF 1x100', 2, 1, 7000, 65, 'Null', '2023-02-01 00:00:00', '2023-02-01 00:00:00', '8994124055966', 'Baik'),
(206, 'Doilies Round 4,5\" Flower MG White NF 1x250', 2, 1, 17000, 12, 'Null', '2023-02-01 00:00:00', '2023-02-01 00:00:00', '8994124019234', 'Baik'),
(207, 'Doilies Round 4,5\" New Flower MG White NF 1x100', 2, 1, 7000, 60, 'Null', '2023-02-01 00:00:00', '2023-02-01 00:00:00', '8994124056017', 'Baik'),
(208, 'Doilies Round 5\" Flower MG Mix 4 Light Colour 1x100', 2, 1, 9000, 20, 'Null', '2023-02-01 00:00:00', '2023-02-01 00:00:00', '8994124006111', 'Baik'),
(209, 'Doilies Round 5\" Flower MG Mix 5 Floral 1x100', 2, 1, 9000, 17, 'Null', '2023-02-01 00:00:00', '2023-02-01 00:00:00', '8994124055676', 'Baik'),
(210, 'Doilies Round 5\" Flower MG White NF 1x100', 2, 1, 9000, 40, 'Null', '2023-02-01 00:00:00', '2023-02-01 00:00:00', '8994124050879', 'Baik'),
(211, 'Doilies Round 5\" Flower MG White NF 1x250', 2, 1, 21000, 14, 'Null', '2023-02-01 00:00:00', '2023-02-01 00:00:00', '8994124055973', 'Baik'),
(212, 'Doilies Round 5,5\" Fish MG Dark Red 1x100', 2, 1, 10000, 44, 'Null', '2023-02-01 00:00:00', '2023-02-01 00:00:00', '8994124055683', 'Baik'),
(213, 'Doilies Round 5,5\" Fish MG Violet 1x100', 2, 1, 10000, 11, 'Null', '2023-02-01 00:00:00', '2023-02-01 00:00:00', '8994124055560', 'Baik'),
(214, 'Doilies Round 5,5\" Flower Al Foil Gold 1x100', 2, 1, 14000, 7, 'Null', '2023-02-01 00:00:00', '2023-02-01 00:00:00', '8994124014291', 'Baik'),
(215, 'Doilies Round 5,5\" Flower Al Foil Mix 3 Colour 1x100', 2, 1, 14000, 20, 'Null', '2023-02-01 00:00:00', '2023-02-01 00:00:00', '8994124053573', 'Baik'),
(216, 'Doilies Round 5,5\" Flower Al Foil Silver 1x100', 2, 1, 14000, 11, 'Null', '2023-02-01 00:00:00', '2023-02-01 00:00:00', '8994124014284', 'Baik'),
(217, 'Doilies Round 5,5\" Flower Glassine Mix 4 Colour 1x100', 2, 1, 12000, 24, 'Null', '2023-02-01 00:00:00', '2023-02-01 00:00:00', '8994124037481', 'Baik'),
(218, 'Doilies Round 5,5\" Flower MG Brown 1x100', 2, 1, 9000, 5, 'Null', '2023-02-01 00:00:00', '2023-02-01 00:00:00', '8994124037979', 'Baik'),
(219, 'Doilies Round 5,5\" Flower MG Dark Red 1x100', 2, 1, 10000, 20, 'Null', '2023-02-01 00:00:00', '2023-02-01 00:00:00', '8994124038761', 'Baik'),
(220, 'Doilies Round 5,5\" Flower MG Mix 4 Dark Colour 1x100', 2, 1, 10000, 16, 'Null', '2023-02-01 00:00:00', '2023-02-01 00:00:00', '8994124037504', 'Baik'),
(221, 'Doilies Round 5,5\" Flower MG Mix 4 Light Colour 1x100', 2, 1, 10000, 43, 'Null', '2023-02-01 00:00:00', '2023-02-01 00:00:00', '8994124006104', 'Baik'),
(222, 'Doilies Round 5,5\" Flower MG White NF 1x100', 2, 1, 9000, 64, 'Null', '2023-02-01 00:00:00', '2023-02-01 00:00:00', '8994124050893', 'Baik'),
(223, 'Doilies Round 5,5\" Flower MG White NF 1x250', 2, 1, 22000, 30, 'Null', '2023-02-01 00:00:00', '2023-02-01 00:00:00', '8994124019227', 'Baik'),
(224, 'Doilies Round 5,5\" New Flower MG White NF 1x100', 2, 1, 9000, 25, 'Null', '2023-02-01 00:00:00', '2023-02-01 00:00:00', '8994124015373', 'Baik'),
(225, 'Doilies Round 6,5\" Flower MG Mix Light Colour 1x100', 2, 1, 13000, 20, 'Null', '2023-02-01 00:00:00', '2023-02-01 00:00:00', '8994124018756', 'Baik'),
(226, 'Doilies Round 6,5\" Flower MG White NF 1x100', 2, 1, 12000, 20, 'Null', '2023-02-01 00:00:00', '2023-02-01 00:00:00', '8994124050282	', 'Baik'),
(227, 'Doilies Round 6,5\" Flower MG White NF 1x250', 2, 1, 29000, 16, 'Null', '2023-02-01 00:00:00', '2023-02-01 00:00:00', '8994124050817', 'Baik'),
(228, 'Doilies Round 7\" Flower MG Mix 5 Floral 1x100', 2, 1, 15000, 9, 'Null', '2023-02-01 00:00:00', '2023-02-01 00:00:00', '8994124018749', 'Baik'),
(229, 'Doilies Round 7\" Flower MG White NF 1x100', 2, 1, 13000, 38, 'Null', '2023-02-01 00:00:00', '2023-02-01 00:00:00', '8994124000171', 'Baik'),
(230, 'Doilies Round 7,5\" Flower Al Foil Gold 1x100', 2, 1, 24000, 9, 'Null', '2023-02-01 00:00:00', '2023-02-01 00:00:00', '8994124013973', 'Baik'),
(231, 'Doilies Round 7,5\" Flower Glassine Mix 4 Colour 1x100', 2, 1, 19000, 6, 'Null', '2023-02-01 00:00:00', '2023-02-01 00:00:00', '8994124056208', 'Baik'),
(232, 'Doilies Round 7,5\" Flower MG Brown 1x100', 2, 1, 14000, 11, 'Null', '2023-02-01 00:00:00', '2023-02-01 00:00:00', '8994124037702', 'Baik'),
(233, 'Doilies Round 7,5\" Flower MG Mix 4 Colour 1x100', 2, 1, 16000, 30, 'Null', '2023-02-01 00:00:00', '2023-02-01 00:00:00', '8994124013256', 'Baik'),
(234, 'Doilies Round 7,5\" Flower MG Mix 5 Batik 1x100', 2, 1, 19000, 15, 'Null', '2023-02-01 00:00:00', '2023-02-01 00:00:00', '8994124013263', 'Baik'),
(235, 'Doilies Round 7,5\" Flower MG Mix 5 Eid 1x100', 2, 1, 16000, 1, 'Null', '2023-02-01 00:00:00', '2023-02-01 00:00:00', '8994124037672', 'Baik'),
(236, 'Doilies Round 7,5\" Flower MG Mix 5 Floral 1x100', 2, 1, 16000, 42, 'Null', '2023-02-01 00:00:00', '2023-02-01 00:00:00', '8994124055454', 'Baik'),
(237, 'Doilies Round 7,5\" Flower MG White NF 1x100', 2, 1, 15000, 33, 'Null', '2023-02-01 00:00:00', '2023-02-01 00:00:00', '8994124019241', 'Baik'),
(238, 'Doilies Round 7,5\" Flower MG White NF 1x250', 2, 1, 36000, 28, 'Null', '2023-02-01 00:00:00', '2023-02-01 00:00:00', '8994124014895', 'Baik'),
(239, 'Doilies Round 7,5\" Star MG White NF 1x100', 2, 1, 15000, 23, 'Null', '2023-02-01 00:00:00', '2023-02-01 00:00:00', '8994124055706', 'Baik'),
(240, 'Doilies Round 8\" New Flower Al Foil Gold 1x100', 2, 1, 32000, 6, 'Null', '2023-02-01 00:00:00', '2023-02-01 00:00:00', '8994124013706', 'Baik'),
(241, 'Doilies Round 8\" New Flower MG Mix 5 Floral 1x100', 2, 1, 19000, 14, 'Null', '2023-02-01 00:00:00', '2023-02-01 00:00:00', '8994124056215', 'Baik'),
(242, 'Doilies Round 8\" New Flower MG White NF 1x100', 2, 1, 17000, 40, 'Null', '2023-02-01 00:00:00', '2023-02-01 00:00:00', '8994124049804', 'Baik'),
(243, 'Doilies Round 8,5\" Flower Al Foil Silver 1x100', 2, 1, 32000, 8, 'Null', '2023-02-01 00:00:00', '2023-02-01 00:00:00', '8994124013720', 'Baik'),
(244, 'Doilies Round 8,5\" Flower MG Brown 1x100', 2, 1, 17000, 5, 'Null', '2023-02-01 00:00:00', '2023-02-01 00:00:00', '8994124037757', 'Baik'),
(245, 'Doilies Round 8,5\" Flower MG Mix 4 Light Colour 1x100', 2, 1, 19000, 40, 'Null', '2023-02-01 00:00:00', '2023-02-01 00:00:00', '8994124006142', 'Baik'),
(246, 'Doilies Round 8,5\" Flower MG Mix Floral 1x100', 2, 1, 19000, 12, 'Null', '2023-02-01 00:00:00', '2023-02-01 00:00:00', '8994124056222', 'Baik'),
(247, 'Doilies Round 8,5', 2, 1, 18000, 69, 'Null', '2023-02-01 00:00:00', '2023-02-02 03:38:19', '8994124050886', 'Baik'),
(248, 'Doilies Round 8,5\" Flower MG White NF 1x250', 2, 1, 43000, 12, 'Null', '2023-02-01 00:00:00', '2023-02-01 00:00:00', '8994124050305', 'Baik'),
(249, 'Doilies Round 9,5\" Flower Al Foil Gold 1x100', 2, 1, 38000, 10, 'Null', '2023-02-01 00:00:00', '2023-02-01 00:00:00', '8994124013751', 'Baik'),
(250, 'Doilies Round 9,5\" Flower MG Dark Red 1x100', 2, 1, 23000, 2, 'Null', '2023-02-01 00:00:00', '2023-02-01 00:00:00', '8994124037788', 'Baik'),
(251, 'Doilies Round 9,5\" Flower MG Mix 4 Light Colour 1x100', 2, 1, 23000, 44, 'Null', '2023-02-01 00:00:00', '2023-02-01 00:00:00', '8994124006159', 'Baik'),
(252, 'Doilies Round 9,5\" Flower MG Mix 5 Batik 1x100', 2, 1, 28000, 12, 'Null', '2023-02-01 00:00:00', '2023-02-01 00:00:00', '8994124013034', 'Baik'),
(253, 'Doilies Round 9,5\" Flower MG Mix 5 Eid 1x100', 2, 1, 28000, 20, 'Null', '2023-02-01 00:00:00', '2023-02-01 00:00:00', '8994124055713', 'Baik'),
(254, 'Doilies Round 9,5\" Flower MG White NF 1x100', 2, 1, 22000, 72, 'Null', '2023-02-01 00:00:00', '2023-02-01 00:00:00', '8994124050299', 'Baik'),
(255, 'Doilies Square 10\"x10\" Flower Al Foil Gold 1x100', 2, 1, 44000, 1, 'Null', '2023-02-01 00:00:00', '2023-02-01 00:00:00', '8994124014970', 'Baik'),
(256, 'Doilies Square 10\"x10\" Flower MG Dark Red 1x100', 2, 1, 35000, 7, 'Null', '2023-02-01 00:00:00', '2023-02-01 00:00:00', '8994124036262', 'Baik'),
(257, 'Doilies Square 10\"x10\" Flower MG Mix 4 Light Colour 1x100', 2, 1, 35000, 36, 'Null', '2023-02-01 00:00:00', '2023-02-01 00:00:00', '8994124003929', 'Baik'),
(258, 'Doilies Square 10\"x10\" Flower MG White NF 1x100', 2, 1, 31000, 40, 'Null', '2023-02-01 00:00:00', '2023-02-01 00:00:00', '8994124047848', 'Baik'),
(259, 'Doilies Square 10\"x10\" Flower MG White NF 1x250', 2, 1, 78000, 22, 'Null', '2023-02-01 00:00:00', '2023-02-01 00:00:00', '8994124001529', 'Baik'),
(260, 'Doilies Square 12,5\"x12,5\" Honeycomb MG White NF 1X100', 2, 1, 38000, 58, 'Null', '2023-02-01 00:00:00', '2023-02-01 00:00:00', '8994124005558', 'Baik'),
(261, 'Doilies Square 8\"x8\" New Flower Al Foil Gold 1x100', 2, 1, 33000, 7, 'Null', '2023-02-01 00:00:00', '2023-02-01 00:00:00', '8994124014994', 'Baik'),
(262, 'Doilies Square 8\"x8\" New Flower MG Mix Light Colour 1x100', 2, 1, 29000, 35, 'Null', '2023-02-01 00:00:00', '2023-02-01 00:00:00', '8994124049590', 'Baik'),
(263, 'Doilies Square 8\"x8\" New Flower MG White NF 1x100', 2, 1, 26000, 35, 'Null', '2023-02-01 00:00:00', '2023-02-01 00:00:00', '8994124004933', 'Baik'),
(264, 'Food Pail Box 8x6,5x10 Ivory White 1x100', 6, 1, 198000, 4, 'Null', '2023-02-01 00:00:00', '2023-02-01 00:00:00', '8994124054112', 'Baik'),
(265, 'Food Pail Box 8x9x11,5 Kraft LAM Brown 1x100', 6, 1, 147000, 4, 'Null', '2023-02-01 00:00:00', '2023-02-01 00:00:00', '8994124054143', 'Baik'),
(266, 'Food Paper Box with Window Size L Ivory LAM White 1x100', 6, 1, 241000, 4, 'Null', '2023-02-01 00:00:00', '2023-02-01 00:00:00', '8994124055805', 'Baik'),
(267, 'Food Paper Box with Window Size L Kraft LAM Brown 1x100', 6, 1, 183000, 4, 'Null', '2023-02-01 00:00:00', '2023-02-01 00:00:00', '8994124052507', 'Baik'),
(268, 'Food Paper Box with Window Size M Ivory LAM White 1x100', 6, 1, 209000, 6, 'Null', '2023-02-01 00:00:00', '2023-02-01 00:00:00', '8994124055812', 'Baik'),
(269, 'Food Paper Box with Window Size M Kraft LAM Brown 1x100', 6, 1, 162000, 5, 'Null', '2023-02-01 00:00:00', '2023-02-01 00:00:00', '8994124052491', 'Baik'),
(270, 'Food Paper Box with Window Size S Ivory LAM White 1x100', 6, 1, 195000, 6, 'Null', '2023-02-01 00:00:00', '2023-02-01 00:00:00', '8994124056055', 'Baik'),
(271, 'Food Paper Box with Window Size S Kraft LAM Brown 1x100', 6, 1, 154000, 6, 'Null', '2023-02-01 00:00:00', '2023-02-01 00:00:00', '8994124052484', 'Baik'),
(272, 'Food Paper Box with Window Size XL Kraft LAM Brown 1x100', 6, 1, 220000, 4, 'Null', '2023-02-01 00:00:00', '2023-02-01 00:00:00', '8994124049934', 'Baik'),
(273, 'Food Paper Box With Window Size XS Kraft LAM Brown 1x100', 6, 1, 101000, 6, 'Null', '2023-02-01 00:00:00', '2023-02-01 00:00:00', '8994124056062', 'Baik'),
(274, 'Food Paper Box With Window Size XXL Ivory LAM White 1x100', 6, 1, 312000, 6, 'Null', '2023-02-01 00:00:00', '2023-02-01 00:00:00', '8994124052477', 'Baik'),
(275, 'Food Paper Box With Window Size XXL Kraft LAM Brown 1x100', 6, 1, 232000, 6, 'Null', '2023-02-01 00:00:00', '2023-02-01 00:00:00', '8994124052514', 'Baik'),
(276, 'Forage Hat 9cm HVS Green Line 1x25', 4, 1, 46000, 20, 'Null', '2023-02-01 00:00:00', '2023-02-01 00:00:00', '8994124055829', 'Baik'),
(277, 'Glass Cover 10,5/7,5cm BC White 1x200', 5, 1, 44000, 46, 'Null', '2023-02-01 00:00:00', '2023-02-01 00:00:00', '8994124050336', 'Baik'),
(278, 'Glass Cover 9,5/6,5cm BC White 1x200', 5, 1, 41000, 48, 'Null', '2023-02-01 00:00:00', '2023-02-01 00:00:00', '8994124050275', 'Baik'),
(279, 'Grocery Bag SOS With Handle 38,5x27+16 Kraft Brown 1x50 (PLASTIC PACKAGING)', 3, 1, 74000, 5, 'Null', '2023-02-01 00:00:00', '2023-02-01 00:00:00', '8994124054358', 'Baik'),
(280, 'Hampers Box 18x14x15 Corrugated Brown 1x10', 6, 1, 30000, 1, 'Null', '2023-02-01 00:00:00', '2023-02-01 00:00:00', '8994124050022	', 'Baik'),
(281, 'Kertas Gorengan 24x34 MG White 1x250', 4, 1, 30000, 30, 'Null', '2023-02-01 00:00:00', '2023-02-01 00:00:00', '8994124050466', 'Baik'),
(282, 'Kertas Gorengan 25x35 MG Food 4-01 1x250', 4, 1, 36000, 0, 'Null', '2023-02-01 00:00:00', '2023-02-01 00:00:00', '8994124053634', 'Baik'),
(283, 'Kertas Gorengan 25x35 MG White 1x250', 4, 1, 32000, 10, 'Null', '2023-02-01 00:00:00', '2023-02-01 00:00:00', '8994124053047', 'Baik'),
(284, 'Lunch Box Size L Ivory LAM White 1x100', 6, 1, 140000, 4, 'Null', '2023-02-01 00:00:00', '2023-02-01 00:00:00', '8994124051821', 'Baik'),
(285, 'Lunch Box Size L Kraft LAM Brown 1x100', 6, 1, 105000, 4, 'Null', '2023-02-01 00:00:00', '2023-02-01 00:00:00', '8994124050220', 'Baik'),
(286, 'Lunch Box Size M Ivory LAM White 1x100', 6, 1, 122000, 5, 'Null', '2023-02-01 00:00:00', '2023-02-01 00:00:00', '8994124051258', 'Baik'),
(287, 'Lunch Box Size M Kraft LAM Brown 1x100', 6, 1, 93000, 12, 'Null', '2023-02-01 00:00:00', '2023-02-01 00:00:00', '8994124050008', 'Baik'),
(288, 'Lunch Box Size S Kraft LAM Brown 1x100', 6, 1, 77000, 6, 'Null', '2023-02-01 00:00:00', '2023-02-01 00:00:00', '8994124046285', 'Baik'),
(289, 'Paper Bag 10,5x11 GP 40 White 1x50', 3, 1, 11000, 37, 'Null', '2023-02-01 00:00:00', '2023-02-02 03:00:18', '8994124055836', 'Baik'),
(290, 'Paper Bag 10,5x11+3 GP White 1x100', 3, 1, 26000, 35, 'Null', '2023-02-01 00:00:00', '2023-02-02 03:00:52', '8994124050459', 'Baik'),
(291, 'Paper Bag 10,5x11+3 MG Brown 1x100', 3, 1, 19000, 36, 'Null', '2023-02-01 00:00:00', '2023-02-02 03:01:21', '8994124054969', 'Baik'),
(292, 'Paper Bag 15,5x11+6 GP White 1x100', 3, 1, 30000, 20, 'Null', '2023-02-01 00:00:00', '2023-02-02 03:01:53', '8994124010972', 'Baik'),
(293, 'Paper Bag 15,5x11+6 MG Brown 1x100', 3, 1, 21000, 34, 'Null', '2023-02-01 00:00:00', '2023-02-02 03:02:40', '8994124010958', 'Baik'),
(294, 'Paper Bag 15x10+4 Al Foil Silver 1x100', 3, 1, 30000, 15, 'Null', '2023-02-01 00:00:00', '2023-02-01 00:00:00', '8994124053009', 'Baik'),
(295, 'Paper Bag 15x10+4 GP White 1x100', 3, 1, 34000, 15, 'Null', '2023-02-01 00:00:00', '2023-02-02 03:03:09', '8994124053030', 'Baik'),
(296, 'Paper Bag 21x12,5+8 MG Brown 1x100', 3, 1, 31000, 20, 'Null', '2023-02-01 00:00:00', '2023-02-01 00:00:00', '8994124055850', 'Baik'),
(297, 'Paper Bag 23,5x12,5+8 GP Flat PB 12-01 1x50', 3, 1, 20000, 27, 'Null', '2023-02-01 00:00:00', '2023-02-01 00:00:00', '8994124053177', 'Baik'),
(298, 'Paper Bag 23,5x12,5+8 GP Flat PB 16-01 1x100', 3, 1, 39000, 20, 'Null', '2023-02-01 00:00:00', '2023-02-01 00:00:00', '8994124042812', 'Baik'),
(299, 'Paper Bag 23,5x12,5+8 GP Flat PB 2-01 1x50', 3, 1, 20000, 21, 'Null', '2023-02-01 00:00:00', '2023-02-01 00:00:00', '8994124052118', 'Baik'),
(300, 'Paper Bag 23,5x12,5+8 GP White 1x100', 3, 1, 39000, 7, 'Null', '2023-02-01 00:00:00', '2023-02-02 03:03:43', '8994124002656', 'Baik'),
(301, 'Paper Bag 23,5x12,5+8 MG Brown 1x100', 3, 1, 34000, 17, 'Null', '2023-02-01 00:00:00', '2023-02-02 03:04:21', '8994124051449', 'Baik'),
(302, 'Paper Bag 23,5x12,5+8 SK Flat PB 13-01 1x50', 3, 1, 21000, 40, 'Null', '2023-02-01 00:00:00', '2023-02-01 00:00:00', '8994124053306', 'Baik'),
(303, 'Paper Bag 23,5x12,5+8 SK Flat PB 3-01 1x50', 3, 1, 21000, 35, 'Null', '2023-02-01 00:00:00', '2023-02-01 00:00:00', '8994124033582', 'Baik'),
(304, 'Paper Bag 29x16,5+7 Al Foil Flat White 1x100', 3, 1, 109000, 9, 'Null', '2023-02-01 00:00:00', '2023-02-01 00:00:00', '8994124055867', 'Baik'),
(305, 'Paper Bag 32x19,5+10 GP White 1x100', 3, 1, 70000, 8, 'Null', '2023-02-01 00:00:00', '2023-02-02 03:16:21', '8994124011153', 'Baik'),
(306, 'Paper Bag 32x19,5+10 MG Brown 1x100', 3, 1, 63000, 7, 'Null', '2023-02-01 00:00:00', '2023-02-02 03:22:40', '8994124011139', 'Baik'),
(307, 'Paper Bag SOS 23,5x12,5+8 GP White 1x50', 3, 1, 25000, 25, 'Null', '2023-02-01 00:00:00', '2023-02-01 00:00:00', '8994124042188', 'Baik'),
(308, 'Paper Bag SOS 23,5x12,5+8 MG Brown 1x50', 3, 1, 16000, 29, 'Null', '2023-02-01 00:00:00', '2023-02-01 00:00:00', '8994124042218', 'Baik'),
(309, 'Paper Bag SOS 30x15+10 MG Brown 1x50', 3, 1, 30000, 20, 'Null', '2023-02-01 00:00:00', '2023-02-01 00:00:00', '8994124042997', 'Baik'),
(310, 'Paper Straw Dia 10mm MF White 1x25', 1, 1, 6000, 100, 'Null', '2023-02-01 00:00:00', '2023-02-01 00:00:00', '8994124055874', 'Baik'),
(311, 'Paper Straw Dia 6mm MF White 1x25', 1, 1, 5000, 100, 'Null', '2023-02-01 00:00:00', '2023-02-01 00:00:00', '8994124051500', 'Baik'),
(312, 'Paper Straw Dia 6mm MF White 1x25 (WRAP PACKAGING)', 1, 1, 5000, 93, 'Null', '2023-02-01 00:00:00', '2023-02-01 00:00:00', '8994124049712', 'Baik'),
(313, 'Paper Straw Dia 8mm MF White 1x25 (WRAP PACKAGING)', 1, 1, 5000, 100, 'Null', '2023-02-01 00:00:00', '2023-02-01 00:00:00', '8994124049705', 'Baik'),
(314, 'Paper Wrap 20x20 MG LAM Batik 6-01 1x100', 4, 1, 18000, 53, 'Null', '2023-02-01 00:00:00', '2023-02-01 00:00:00', '8994124052590', 'Baik'),
(315, 'Paper Wrap 20x20 MG LAM Food 1-02 1x100', 4, 1, 18000, 54, 'Null', '2023-02-01 00:00:00', '2023-02-01 00:00:00', '8994124052347', 'Baik'),
(316, 'Paper Wrap 20x20 MG LAM Food 11-02 1x100', 4, 1, 18000, 82, 'Null', '2023-02-01 00:00:00', '2023-02-01 00:00:00', '8994124049965', 'Baik'),
(317, 'Paper Wrap 20x20 MG LAM Food 4-01 1x100', 4, 1, 18000, 278, 'Null', '2023-02-01 00:00:00', '2023-02-01 00:00:00', '8994124050343', 'Baik'),
(318, 'Paper Wrap 20x20 MG LAM Food 7-01 1x100', 4, 1, 18000, 49, 'Null', '2023-02-01 00:00:00', '2023-02-01 00:00:00', '8994124049958', 'Baik'),
(319, 'Paper Wrap 20x20 MG LAM Food 8-01 1x100', 4, 1, 18000, 95, 'Null', '2023-02-01 00:00:00', '2023-02-01 00:00:00', '8994124051371', 'Baik'),
(320, 'Paper Wrap 20x20 MG LAM Fruit 3-01 1x100', 4, 1, 18000, 56, 'Null', '2023-02-01 00:00:00', '2023-02-01 00:00:00', '8994124051029', 'Baik'),
(321, 'Paper Wrap 20x20 MG LAM Love 4-02 1x100', 4, 1, 18000, 75, 'Null', '2023-02-01 00:00:00', '2023-02-01 00:00:00', '8994124050367', 'Baik'),
(322, 'Paper Wrap 20x20 MG LAM Rice 4-01 1x100', 4, 1, 18000, 79, 'Null', '2023-02-01 00:00:00', '2023-02-01 00:00:00', '8994124051692', 'Baik'),
(323, 'Paper Wrap 20x20 MG LAM Rice 5-01 1x100', 4, 1, 18000, 48, 'Null', '2023-02-01 00:00:00', '2023-02-01 00:00:00', '8994124051722', 'Baik'),
(324, 'Paper Wrap 20x20 MG LAM Rice 6-02 1x100', 4, 1, 18000, 52, 'Null', '2023-02-01 00:00:00', '2023-02-01 00:00:00', '8994124051753', 'Baik'),
(325, 'Paper Wrap 20x20 MG LAM Rice 7-03 1x100', 4, 1, 18000, 60, 'Null', '2023-02-01 00:00:00', '2023-02-01 00:00:00', '8994124051784', 'Baik'),
(326, 'Paper Wrap 20x20 MG LAM Unique 6-03 1x100', 4, 1, 18000, 299, 'Null', '2023-02-01 00:00:00', '2023-02-01 00:00:00', '8994124050374', 'Baik'),
(327, 'Paper Wrap 20x20 MG LAM White NF 1x100', 4, 1, 16000, 50, 'Null', '2023-02-01 00:00:00', '2023-02-01 00:00:00', '8994124015816', 'Baik'),
(328, 'Paper Wrap 23x27,5 MG LAM Food 11-02  1x100', 4, 1, 19000, 43, 'Null', '2023-02-01 00:00:00', '2023-02-01 00:00:00', '8994124055881', 'Baik'),
(329, 'Paper Wrap 23x27,5 MG LAM Food 4-01 1x100', 4, 1, 19000, 36, 'Null', '2023-02-01 00:00:00', '2023-02-01 00:00:00', '8994124055898', 'Baik'),
(330, 'Paper Wrap 23x27,5 MG LAM Love 4-02  1x100', 4, 1, 19000, 48, 'Null', '2023-02-01 00:00:00', '2023-02-01 00:00:00', '8994124054419', 'Baik'),
(331, 'Paper Wrap 23x27,5 MG LAM Rice 2-01 1x100', 4, 1, 19000, 43, 'Null', '2023-02-01 00:00:00', '2023-02-01 00:00:00', '8994124055904', 'Baik'),
(332, 'Paper Wrap 23x27,5 MG LAM White NF 1x100', 4, 1, 17000, 83, 'Null', '2023-02-01 00:00:00', '2023-02-01 00:00:00', '8994124052910', 'Baik'),
(333, 'Paper Wrap 23x27,5 MG LAM White NF 1x1000', 4, 1, 168000, 2, 'Null', '2023-02-01 00:00:00', '2023-02-01 00:00:00', '8994124000454', 'Baik');
INSERT INTO `p_item` (`item_id`, `name`, `category_id`, `unit_id`, `price`, `stock`, `image`, `created`, `updated`, `barcode`, `keterangan`) VALUES
(334, 'Paper Wrap 25x27,5 MG LAM Floral 9-01 1x100', 4, 1, 20000, 28, 'Null', '2023-02-01 00:00:00', '2023-02-01 00:00:00', '8994124056093', 'Baik'),
(335, 'Paper Wrap 25x27,5 MG LAM Food 1-02 1x100', 4, 1, 20000, 54, 'Null', '2023-02-01 00:00:00', '2023-02-01 00:00:00', '8994124017926', 'Baik'),
(336, 'Paper Wrap 25x27,5 MG LAM Food 11-02 1x100', 4, 1, 20000, 78, 'Null', '2023-02-01 00:00:00', '2023-02-01 00:00:00', '8994124037399', 'Baik'),
(337, 'Paper Wrap 25x27,5 MG LAM Food 13-01 1x100', 4, 1, 20000, 67, 'Null', '2023-02-01 00:00:00', '2023-02-01 00:00:00', '8994124055911', 'Baik'),
(338, 'Paper Wrap 25x27,5 MG LAM Food 18-01 1x100', 4, 1, 20000, 54, 'Null', '2023-02-01 00:00:00', '2023-02-01 00:00:00', '8994124039102', 'Baik'),
(339, 'Paper Wrap 25x27,5 MG LAM Food 4-01 1x100', 4, 1, 20000, 108, 'Null', '2023-02-01 00:00:00', '2023-02-01 00:00:00', '8994124017681', 'Baik'),
(340, 'Paper Wrap 25x27,5 MG LAM Food 7-01 1x100', 4, 1, 20000, 34, 'Null', '2023-02-01 00:00:00', '2023-02-01 00:00:00', '8994124017698', 'Baik'),
(341, 'Paper Wrap 25x27,5 MG LAM Food 8-01 1x100', 4, 1, 20000, 114, 'Null', '2023-02-01 00:00:00', '2023-02-01 00:00:00', '8994124050749', 'Baik'),
(342, 'Paper Wrap 25x27,5 MG LAM Fruit 3-01 1x100', 4, 1, 20000, 56, 'Null', '2023-02-01 00:00:00', '2023-02-01 00:00:00', '8994124017933', 'Baik'),
(343, 'Paper Wrap 25x27,5 MG LAM Love 4-02 1x100', 4, 1, 20000, 86, 'Null', '2023-02-01 00:00:00', '2023-02-01 00:00:00', '8994124017919', 'Baik'),
(344, 'Paper Wrap 25x27,5 MG LAM Rice 1-01 1x100', 4, 1, 20000, 26, 'Null', '2023-02-01 00:00:00', '2023-02-01 00:00:00', '8994124039157', 'Baik'),
(345, 'Paper Wrap 25x27,5 MG LAM Rice 2-01 1x100', 4, 1, 20000, 90, 'Null', '2023-02-01 00:00:00', '2023-02-01 00:00:00', '8994124039171', 'Baik'),
(346, 'Paper Wrap 25x27,5 MG LAM Rice 3-01 1x100', 4, 1, 20000, 79, 'Null', '2023-02-01 00:00:00', '2023-02-01 00:00:00', '8994124039195', 'Baik'),
(347, 'Paper Wrap 25x27,5 MG LAM Rice 4-01 1x100', 4, 1, 20000, 33, 'Null', '2023-02-01 00:00:00', '2023-02-01 00:00:00', '8994124051715', 'Baik'),
(348, 'Paper Wrap 25x27,5 MG LAM Rice 5-01 1x100', 4, 1, 20000, 60, 'Null', '2023-02-01 00:00:00', '2023-02-01 00:00:00', '8994124051746', 'Baik'),
(349, 'Paper Wrap 25x27,5 MG LAM Rice 6-02 1x100', 4, 1, 20000, 85, 'Null', '2023-02-01 00:00:00', '2023-02-01 00:00:00', '8994124051777', 'Baik'),
(350, 'Paper Wrap 25x27,5 MG LAM Rice 7-03 1x100', 4, 1, 20000, 60, 'Null', '2023-02-01 00:00:00', '2023-02-01 00:00:00', '8994124051807', 'Baik'),
(351, 'Paper Wrap 25x27,5 MG LAM Unique 6-03 1x100', 4, 1, 20000, 129, 'Null', '2023-02-01 00:00:00', '2023-02-01 00:00:00', '8994124050442', 'Baik'),
(352, 'Paper Wrap 25x27,5 MG LAM White NF 1x100', 4, 1, 18000, 115, 'Null', '2023-02-01 00:00:00', '2023-02-01 00:00:00', '8994124051111', 'Baik'),
(353, 'Paper Wrap 27x27 MG LAM Food 11-02 1x100', 4, 1, 21000, 27, 'Null', '2023-02-01 00:00:00', '2023-02-01 00:00:00', '8994124055997', 'Baik'),
(354, 'Paper Wrap 27x27 MG LAM Food 4-01 1x100', 4, 1, 21000, 6, 'Null', '2023-02-01 00:00:00', '2023-02-01 00:00:00', '8994124039683', 'Baik'),
(355, 'Paper Wrap 27x27 MG LAM Food 7-01 1x100', 4, 1, 21000, 13, 'Null', '2023-02-01 00:00:00', '2023-02-01 00:00:00', '8994124053627', 'Baik'),
(356, 'Paper Wrap 27x27 MG LAM Food 8-01 1x100', 4, 1, 21000, 17, 'Null', '2023-02-01 00:00:00', '2023-02-01 00:00:00', '8994124056000', 'Baik'),
(357, 'Paper Wrap 27x27 MG LAM Love 4-02 1x100', 4, 1, 21000, 21, 'Null', '2023-02-01 00:00:00', '2023-02-01 00:00:00', '8994124055362', 'Baik'),
(358, 'Paper Wrap 27x27 MG LAM Unique 6-03 1x100', 4, 1, 21000, 24, 'Null', '2023-02-01 00:00:00', '2023-02-01 00:00:00', '8994124055317', 'Baik'),
(359, 'Paper Wrap 30x30 MG LAM Food 1-02 1x100', 4, 1, 24000, 56, 'Null', '2023-02-01 00:00:00', '2023-02-01 00:00:00', '8994124017971', 'Baik'),
(360, 'Paper Wrap 30x30 MG LAM Food 11-02 1x100', 4, 1, 24000, 90, 'Null', '2023-02-01 00:00:00', '2023-02-01 00:00:00', '8994124050350', 'Baik'),
(361, 'Paper Wrap 30x30 MG LAM Food 13-01 1x100', 4, 1, 24000, 13, 'Null', '2023-02-01 00:00:00', '2023-02-01 00:00:00', '8994124051005', 'Baik'),
(362, 'Paper Wrap 30x30 MG LAM Food 18-01 1x100', 4, 1, 24000, 27, 'Null', '2023-02-01 00:00:00', '2023-02-01 00:00:00', '8994124042485', 'Baik'),
(363, 'Paper Wrap 30x30 MG LAM Food 4-01 1x100', 4, 1, 24000, 82, 'Null', '2023-02-01 00:00:00', '2023-02-01 00:00:00', '8994124039676', 'Baik'),
(364, 'Paper Wrap 30x30 MG LAM Food 7-01 1x100', 4, 1, 24000, 52, 'Null', '2023-02-01 00:00:00', '2023-02-01 00:00:00', '8994124050329', 'Baik'),
(365, 'Paper Wrap 30x30 MG LAM Food 8-01 1x100', 4, 1, 24000, 84, 'Null', '2023-02-01 00:00:00', '2023-02-01 00:00:00', '8994124049972', 'Baik'),
(366, 'Paper Wrap 30x30 MG LAM fruits 3-01 1x100', 4, 1, 24000, 57, 'Null', '2023-02-01 00:00:00', '2023-02-01 00:00:00', '8994124051463', 'Baik'),
(367, 'Paper Wrap 30x30 MG LAM Love 4-02 1x100', 4, 1, 24000, 87, 'Null', '2023-02-01 00:00:00', '2023-02-01 00:00:00', '8994124050954', 'Baik'),
(368, 'Paper Wrap 30x30 MG LAM Rice 4-01 1x100', 4, 1, 24000, 58, 'Null', '2023-02-01 00:00:00', '2023-02-01 00:00:00', '8994124051708', 'Baik'),
(369, 'Paper Wrap 30x30 MG LAM Rice 5-01 1x100', 4, 1, 24000, 60, 'Null', '2023-02-01 00:00:00', '2023-02-01 00:00:00', '8994124051739', 'Baik'),
(370, 'Paper Wrap 30x30 MG LAM Rice 6-02 1x100', 4, 1, 24000, 58, 'Null', '2023-02-01 00:00:00', '2023-02-01 00:00:00', '8994124051760', 'Baik'),
(371, 'Paper Wrap 30x30 MG LAM Rice 7-03 1x100', 4, 1, 24000, 51, 'Null', '2023-02-01 00:00:00', '2023-02-01 00:00:00', '8994124051791', 'Baik'),
(372, 'Paper Wrap 30x30 MG LAM Unique 6-03 1x100', 4, 1, 24000, 86, 'Null', '2023-02-01 00:00:00', '2023-02-01 00:00:00', '8994124053207', 'Baik'),
(373, 'Paper Wrap 30x30 MG LAM White NF 1x100', 4, 1, 21000, 57, 'Null', '2023-02-01 00:00:00', '2023-02-01 00:00:00', '8994124051487	', 'Baik'),
(374, 'Pizza Box 15x15x3,5 Corrugated Brown 1x10', 6, 1, 13000, 1, 'Null', '2023-02-01 00:00:00', '2023-02-01 00:00:00', '8994124050039', 'Baik'),
(375, 'Pizza Box 20x20x5 Corrugated Brown 1x10', 6, 1, 23000, 0, 'Null', '2023-02-01 00:00:00', '2023-02-01 00:00:00', '8994124049682', 'Baik'),
(376, 'Rim Cup 11,5/4cm Al Foil Mix 4 Colour 1x100', 5, 1, 51000, 11, 'Null', '2023-02-01 00:00:00', '2023-02-01 00:00:00', '8994124015168', 'Baik'),
(377, 'Rim Cup PET 11,5/4cm HVS LAM Mix 5 Batik 1x100', 5, 1, 38000, 15, 'Null', '2023-02-01 00:00:00', '2023-02-01 00:00:00', '8994124015137', 'Baik'),
(378, 'Rim Cup PET 11,5/4cm HVS LAM Mix 5 Polkadot 1x100', 5, 1, 38000, 2, 'Null', '2023-02-01 00:00:00', '2023-02-01 00:00:00', '8994124053214', 'Baik'),
(379, 'Rim Cup PET 12,7/6cm HVS LAM Mix 5 Animal 1x100', 5, 1, 42000, 16, 'Null', '2023-02-01 00:00:00', '2023-02-01 00:00:00', '8994124055935', 'Baik'),
(380, 'Rim Cup PET 14/5cm HVS LAM Mix 5 Animal 1x100', 5, 1, 45000, 50, 'Null', '2023-02-01 00:00:00', '2023-02-01 00:00:00', '8994124050244', 'Baik'),
(381, 'Rim Cup PET 14/5cm HVS LAM Mix 5 Ceramic 1x100', 5, 1, 45000, 8, 'Null', '2023-02-01 00:00:00', '2023-02-01 00:00:00', '8994124056383', 'Baik'),
(382, 'Rim Cup PET 14/5cm HVS LAM Mix 5 Floral 1x100', 5, 1, 45000, 16, 'Null', '2023-02-01 00:00:00', '2023-02-01 00:00:00', '8994124050480', 'Baik'),
(383, 'Rim Cup PET 14/5cm HVS LAM Mix 5 Polkadot 1x100', 5, 1, 45000, 29, 'Null', '2023-02-01 00:00:00', '2023-02-01 00:00:00', '8994124050398', 'Baik'),
(384, 'Sandwich Box 6x17+12 Brown 1x100', 6, 1, 77000, 10, 'Null', '2023-02-01 00:00:00', '2023-02-01 00:00:00', '8994124055942', 'Baik'),
(385, 'Sandwich Box 6x17+12 Ivory White 1x100', 6, 1, 109000, 10, 'Null', '2023-02-01 00:00:00', '2023-02-01 00:00:00', '8994124055959', 'Baik'),
(386, 'Shopping Bag 12x21+21 Kraft Brown 1x12', 3, 1, 33600, 1, 'Null', '2023-02-01 00:00:00', '2023-02-02 07:32:23', '8994124043284', 'Baik'),
(387, 'Shopping Bag 15x30+15 Kraft Block Blue 1x12', 3, 1, 44800, 2, 'Null', '2023-02-01 00:00:00', '2023-02-02 07:32:53', '8994124043390', 'Baik'),
(388, 'Shopping Bag 15x30+15 Kraft Block Red Laminating 1x12', 3, 1, 50900, 2, 'Null', '2023-02-01 00:00:00', '2023-02-02 07:33:19', '8994124043437', 'Baik'),
(389, 'Shopping Bag 15x30+15 Kraft Brown 1x12', 3, 1, 37700, 0, 'Null', '2023-02-01 00:00:00', '2023-02-02 07:33:48', '8994124050855', 'Baik'),
(390, 'Shopping Bag 15x30+15 Kraft BW 3-01 1x12', 3, 1, 42800, 3, 'Null', '2023-02-01 00:00:00', '2023-02-02 07:34:11', '8994124055270', 'Baik'),
(391, 'Shopping Bag 15x30+15 Kraft BW 4-01 1x12', 3, 1, 42800, 4, 'Null', '2023-02-01 00:00:00', '2023-02-02 07:34:35', '8994124055287', 'Baik'),
(392, 'Shopping Bag 15x30+15 Kraft Unique 1-01 1x12', 3, 1, 42800, 3, 'Null', '2023-02-01 00:00:00', '2023-02-02 07:41:53', '8994124043307', 'Baik'),
(393, 'Shopping Bag 15x30+15 Kraft White 1x12', 3, 1, 37700, 3, 'Null', '2023-02-01 00:00:00', '2023-02-02 07:42:19', '8994124043291', 'Baik'),
(394, 'Shopping Bag 15x35+15 Kraft Brown 1x12', 3, 1, 40700, 1, 'Null', '2023-02-01 00:00:00', '2023-02-02 07:42:45', '8994124043703', 'Baik'),
(395, 'Shopping Bag 16x16+8 Kraft Brown 1x12', 3, 1, 25600, 3, 'Null', '2023-02-01 00:00:00', '2023-02-02 07:44:13', '8994124043918', 'Baik'),
(396, 'Shopping Bag 16x16+8 Kraft Unique 1-01 1x12', 3, 1, 27500, 1, 'Null', '2023-02-01 00:00:00', '2023-02-02 07:45:34', '8994124043727', 'Baik'),
(397, 'Shopping Bag 16x16+8 Kraft White 1x12', 3, 1, 25600, 1, 'Null', '2023-02-01 00:00:00', '2023-02-02 07:50:16', '8994124043710', 'Baik'),
(398, 'Shopping Bag 18x22+22 Kraft Block Red 1x12', 3, 1, 46900, 4, 'Null', '2023-02-01 00:00:00', '2023-02-02 07:50:35', '8994124055300', 'Baik'),
(399, 'Shopping Bag 18x22+22 Kraft Brown 1x12', 3, 1, 37700, 0, 'Null', '2023-02-01 00:00:00', '2023-02-02 07:50:54', '8994124055379', 'Baik'),
(400, 'Shopping Bag 18x22+22 Kraft White 1x12', 3, 1, 37700, 1, 'Null', '2023-02-01 00:00:00', '2023-02-02 07:51:15', '8994124055324', 'Baik'),
(401, 'Shopping Bag 20x23+23 Kraft Brown 1x12', 3, 1, 40700, 1, 'Null', '2023-02-01 00:00:00', '2023-02-02 07:51:37', '8994124044120', 'Baik'),
(402, 'Shopping Bag 20x25+25 Kraft Brown 1x12', 3, 1, 43800, 2, 'Null', '2023-02-01 00:00:00', '2023-02-02 07:51:57', '8994124049606', 'Baik'),
(403, 'Shopping Bag 20x25+25 Kraft White 1x12', 3, 1, 43800, 1, 'Null', '2023-02-01 00:00:00', '2023-02-02 07:52:16', '8994124055331', 'Baik'),
(404, 'Shopping Bag 20x27+27 Kraft Block Red 1x12', 3, 1, 60000, 1, 'Null', '2023-02-01 00:00:00', '2023-02-02 07:52:36', '8994124044212', 'Baik'),
(405, 'Shopping Bag 20x27+27 Kraft Brown 1x12', 3, 1, 47900, 2, 'Null', '2023-02-01 00:00:00', '2023-02-02 07:52:56', '8994124044335', 'Baik'),
(406, 'Shopping Bag 20x27+27 Kraft Unique 1-01 1x12', 3, 1, 54900, 3, 'Null', '2023-02-01 00:00:00', '2023-02-02 07:53:16', '8994124044144', 'Baik'),
(407, 'Shopping Bag 20x31+31 Kraft Brown 1x12', 3, 1, 55000, 3, 'Null', '2023-02-01 00:00:00', '2023-02-02 07:53:59', '8994124049613', 'Baik'),
(408, 'Shopping Bag 22,5x19,5+7,5 Kraft Unique 1-01 1x12', 3, 1, 32600, 2, 'Null', '2023-02-01 00:00:00', '2023-02-02 07:54:29', '8994124044564', 'Baik'),
(409, 'Shopping Bag 22,5x19,5+7,5 Kraft White Polos 1x12', 3, 1, 29500, 1, 'Null', '2023-02-01 00:00:00', '2023-02-02 07:54:52', '8994124044557', 'Baik'),
(410, 'Shopping Bag 23x18+10 Kraft White 1x12', 3, 1, 29500, 1, 'Null', '2023-02-01 00:00:00', '2023-02-02 07:55:17', '8994124044762', 'Baik'),
(411, 'Shopping Bag 24x21+8 Kraft Block Black Laminating 1x12', 3, 1, 40700, 1, 'Null', '2023-02-01 00:00:00', '2023-02-02 07:55:38', '8994124045141', 'Baik'),
(413, 'Shopping Bag 24x21+8 Kraft Brown 1x12', 3, 1, 30500, 1, 'Null', '2023-02-01 00:00:00', '2023-02-02 07:57:15', '8994124049620', 'Baik'),
(414, 'Shopping Bag 24x21+8 Kraft Red Laminating 1x12 ', 3, 1, 40700, 4, 'Null', '2023-02-01 00:00:00', '2023-02-02 07:56:47', '8994124045110', 'Baik'),
(415, 'Shopping Bag 24x21+8 Kraft White 1x12', 3, 1, 30500, 1, 'Null', '2023-02-01 00:00:00', '2023-02-02 07:59:27', '8994124044977', 'Baik'),
(416, 'Shopping Bag 25x20+13,5 Kraft Bon Appetit 1x12', 3, 1, 49900, 4, 'Null', '2023-02-01 00:00:00', '2023-02-02 07:59:57', '8994124055348', 'Baik'),
(417, 'Shopping Bag 25x20+13,5 Kraft Something Delicious Inside 1x12', 3, 1, 49900, 9, 'Null', '2023-02-01 00:00:00', '2023-02-02 10:03:58', '8994124055355', 'Baik'),
(418, 'Shopping Bag 29x27+8,5 Kraft Brown 1x12', 3, 1, 35600, 1, 'Null', '2023-02-01 00:00:00', '2023-02-02 10:03:20', '8994124045387', 'Baik'),
(419, 'Shopping Bag 29x27+8,5 Kraft White 1x12', 3, 1, 35600, 1, 'Null', '2023-02-01 00:00:00', '2023-02-02 10:02:39', '8994124045189', 'Baik'),
(420, 'Shopping Bag 32x26+12 Kraft Brown 1x12', 3, 1, 43800, 1, 'Null', '2023-02-01 00:00:00', '2023-02-02 10:02:00', '8994124045592', 'Baik'),
(421, 'Shopping Bag 33x22+9 Kraft Brown 1x12', 3, 1, 34600, 3, 'Null', '2023-02-01 00:00:00', '2023-02-02 10:01:21', '8994124045806', 'Baik'),
(422, 'Shopping Bag 33x22+9 Kraft White 1x12', 3, 1, 34600, 1, 'Null', '2023-02-01 00:00:00', '2023-02-02 10:00:40', '8994124045608', 'Baik'),
(423, 'Shopping Bag 33x26+7 Kraft Unique 1-01 1x12', 3, 1, 38700, 1, 'Null', '2023-02-01 00:00:00', '2023-02-02 10:00:05', '8994124045820', 'Baik'),
(424, 'Shopping Bag 33x26+7 Kraft White 1x12', 3, 1, 33600, 1, 'Null', '2023-02-01 00:00:00', '2023-02-02 09:59:28', '8994124045813', 'Baik'),
(425, 'Shopping Bag 42x30+17 Kraft Brown 1x12', 3, 1, 71300, 3, 'Null', '2023-02-01 00:00:00', '2023-02-02 09:58:43', '8994124055386', 'Baik'),
(426, 'Shopping Bag 42x30+17 Kraft White 1x12', 3, 1, 71300, 1, 'Null', '2023-02-01 00:00:00', '2023-02-02 09:58:12', '8994124046025', 'Baik'),
(427, 'Snack Box 16x16x8 Kraft LAM Brown 1x10', 6, 1, 18000, 1, 'Null', '2023-02-01 00:00:00', '2023-02-01 00:00:00', '8994124055409', 'Baik'),
(428, 'Snack Box 16x8x8 Kraft LAM Brown 1x10', 6, 1, 13000, 1, 'Null', '2023-02-01 00:00:00', '2023-02-01 00:00:00', '8994124055416', 'Baik'),
(429, 'Snack Box 18x12x6 Kraft LAM Brown 1x10', 6, 1, 13000, 1, 'Null', '2023-02-01 00:00:00', '2023-02-01 00:00:00', '8994124055423', 'Baik'),
(430, 'Snack Box 25x17x9 Corrugated Brown 1x10', 6, 1, 28000, 1, 'Null', '2023-02-01 00:00:00', '2023-02-01 00:00:00', '8994124055430', 'Baik'),
(431, 'Takeaway Pack (Wow Teg) 15x7,5x9,5 Kraft LAM Brown 1x100', 6, 1, 82000, 8, 'Null', '2023-02-01 00:00:00', '2023-02-01 00:00:00', '8994124050190', 'Baik'),
(432, 'Takeaway Pack (Wow Teg) 16x8x10 Kraft LAM Brown 1x100', 6, 1, 90000, 8, 'Null', '2023-02-01 00:00:00', '2023-02-01 00:00:00', '8994124050206', 'Baik'),
(433, 'Tissue Wrapping Paper 20\"x26\" MG White 1x10', 4, 1, 9000, 17, 'Null', '2023-02-01 00:00:00', '2023-02-01 00:00:00', '8994124023057', 'Baik'),
(434, 'Toilet Seat Cover 35x42 MG White 1x12', 4, 1, 7000, 180, 'Null', '2023-02-01 00:00:00', '2023-02-01 00:00:00', '8994124033490', 'Baik'),
(435, 'Tray Box Size L Ivory LAM White 1x100', 6, 1, 77000, 4, 'Null', '2023-02-01 00:00:00', '2023-02-01 00:00:00', '8994124051838', 'Baik'),
(436, 'Tray Box Size L Kraft LAM Brown 1x100', 6, 1, 64000, 4, 'Null', '2023-02-01 00:00:00', '2023-02-01 00:00:00', '8994124050503', 'Baik'),
(437, 'Tray Box Size M Kraft LAM Brown 1x100', 6, 1, 52000, 12, 'Null', '2023-02-01 00:00:00', '2023-02-01 00:00:00', '8994124051494', 'Baik'),
(438, 'Tray Box Size S Ivory LAM White 1x100', 6, 1, 59000, 6, 'Null', '2023-02-01 00:00:00', '2023-02-01 00:00:00', '8994124050718', 'Baik'),
(439, 'Tray Box Size S Kraft LAM Brown 1x100', 6, 1, 48000, 6, 'Null', '2023-02-01 00:00:00', '2023-02-01 00:00:00', '8994124049828', 'Baik'),
(440, 'Cupcake PET Square 13,8x13,8/8,3x8,3cm HVS LAM Mix 5 Polkadot 1x100', 5, 1, 36000, 34, NULL, '2023-02-03 09:30:22', '2023-02-03 03:30:52', '8994124051098', ''),
(441, 'Baking Paper 40x60 BP White 1x25', 4, 1, 47000, 15, NULL, '2023-02-03 11:19:32', '2023-02-03 05:29:02', 'BP41A0025T03T', ''),
(442, 'Cupcake PET Triangle 18,5x13,5/12,5x7,5cm Unique 2-01 1x100', 5, 1, 29000, 38, NULL, '2023-02-04 15:20:37', NULL, 'PETTRIANGLE', ''),
(443, 'Paper bag 10,5x11cm GP White', 3, 2, 19000, 25, NULL, '2023-02-04 17:20:41', NULL, 'FRYBAG', '');

-- --------------------------------------------------------

--
-- Struktur dari tabel `p_unit`
--

CREATE TABLE `p_unit` (
  `unit_id` int(11) NOT NULL,
  `name` varchar(100) NOT NULL,
  `created` datetime NOT NULL DEFAULT CURRENT_TIMESTAMP,
  `updated` datetime DEFAULT NULL
) ENGINE=InnoDB DEFAULT CHARSET=latin1;

--
-- Dumping data untuk tabel `p_unit`
--

INSERT INTO `p_unit` (`unit_id`, `name`, `created`, `updated`) VALUES
(1, 'Pack', '2022-08-11 14:08:37', '2022-10-07 04:07:00'),
(2, 'Box', '2022-08-11 14:35:33', '2022-10-07 04:06:53');

-- --------------------------------------------------------

--
-- Struktur dari tabel `supplier`
--

CREATE TABLE `supplier` (
  `supplier_id` int(11) NOT NULL,
  `name` varchar(100) NOT NULL,
  `phone` varchar(15) NOT NULL,
  `address` varchar(255) NOT NULL,
  `description` text,
  `created` datetime NOT NULL DEFAULT CURRENT_TIMESTAMP,
  `updated` datetime DEFAULT NULL
) ENGINE=InnoDB DEFAULT CHARSET=latin1;

-- --------------------------------------------------------

--
-- Struktur dari tabel `t_cart`
--

CREATE TABLE `t_cart` (
  `cart_id` int(11) NOT NULL,
  `item_id` int(11) NOT NULL,
  `price` int(11) NOT NULL,
  `qty` int(10) NOT NULL,
  `discount_item` int(11) NOT NULL DEFAULT '0',
  `total` int(11) NOT NULL,
  `user_id` int(11) NOT NULL
) ENGINE=InnoDB DEFAULT CHARSET=latin1;

--
-- Dumping data untuk tabel `t_cart`
--

INSERT INTO `t_cart` (`cart_id`, `item_id`, `price`, `qty`, `discount_item`, `total`, `user_id`) VALUES
(12, 261, 33000, 1, 0, 33000, 29),
(14, 125, 43000, 1, 0, 43000, 36);

-- --------------------------------------------------------

--
-- Struktur dari tabel `t_sale`
--

CREATE TABLE `t_sale` (
  `sale_id` int(11) NOT NULL,
  `invoice` varchar(50) NOT NULL,
  `customer_id` int(11) DEFAULT NULL,
  `total_price` int(11) NOT NULL,
  `discount` int(11) NOT NULL,
  `final_price` int(11) NOT NULL,
  `cash` int(11) DEFAULT NULL,
  `remaining` int(11) DEFAULT NULL,
  `note` text NOT NULL,
  `date` date NOT NULL,
  `user_id` int(11) NOT NULL,
  `created` datetime NOT NULL DEFAULT CURRENT_TIMESTAMP,
  `status_pesanan` int(2) NOT NULL,
  `jenis_pembayaran` varchar(50) NOT NULL,
  `kasir` varchar(50) NOT NULL
) ENGINE=InnoDB DEFAULT CHARSET=latin1;

--
-- Dumping data untuk tabel `t_sale`
--

INSERT INTO `t_sale` (`sale_id`, `invoice`, `customer_id`, `total_price`, `discount`, `final_price`, `cash`, `remaining`, `note`, `date`, `user_id`, `created`, `status_pesanan`, `jenis_pembayaran`, `kasir`) VALUES
(1, 'DP2302020001', 47, 14000, 0, 14000, 15000, 1000, '', '2023-02-02', 11, '2023-02-02 09:12:32', 1, 'Cash', 'Yani'),
(2, 'DP2302020002', 48, 14000, 0, 14000, 20000, 6000, '', '2023-02-02', 11, '2023-02-02 09:14:35', 1, 'Cash', 'Yani'),
(3, 'DP2302020003', 25, 53000, 0, 53000, 100000, 47000, '', '2023-02-02', 31, '2023-02-02 09:18:08', 1, 'Cash', 'Yani'),
(4, 'DP2302020004', 49, 10000, 0, 10000, 10000, 0, '', '2023-02-02', 11, '2023-02-02 09:23:01', 1, 'Cash', 'Yani'),
(5, 'DP2302020005', 50, 60000, 0, 60000, 70000, 10000, '', '2023-02-02', 11, '2023-02-02 09:44:18', 1, 'Cash', 'Yani'),
(6, 'DP2302020006', 50, 14000, 0, 14000, 15000, 1000, '', '2023-02-02', 11, '2023-02-02 09:47:15', 1, 'Cash', 'Yani'),
(7, 'DP2302020007', 51, 64000, 0, 64000, 64000, 0, '', '2023-02-02', 9, '2023-02-02 10:30:53', 1, 'Debit', ''),
(8, 'DP2302020008', 52, 68000, 0, 68000, 100000, 32000, '', '2023-02-02', 11, '2023-02-02 10:46:42', 1, 'Cash', 'Yani'),
(9, 'DP2302020009', 53, 18000, 0, 18000, 50000, 32000, '', '2023-02-02', 11, '2023-02-02 10:55:42', 1, 'Cash', 'Yani'),
(10, 'DP2302020010', 54, 12000, 0, 12000, 50000, 38000, '', '2023-02-02', 13, '2023-02-02 10:58:35', 1, 'Cash', 'Yani'),
(11, 'DP2302020011', 55, 40000, 0, 40000, 40000, 0, '', '2023-02-02', 9, '2023-02-02 11:02:25', 1, 'Cash', ''),
(12, 'DP2302020012', 56, 440000, 0, 440000, 440000, 0, 'Diambil nanti', '2023-02-02', 11, '2023-02-02 11:03:36', 1, 'Debit', 'Yani'),
(13, 'DP2302020013', 57, 35000, 0, 35000, 35000, 0, '', '2023-02-02', 9, '2023-02-02 11:04:25', 1, 'Debit', ''),
(14, 'DP2302020014', 58, 189000, 0, 189000, 189000, 0, '', '2023-02-02', 2, '2023-02-02 11:04:28', 1, 'Debit', 'Yani'),
(15, 'DP2302020015', 61, 39000, 0, 39000, 50000, 11000, '', '2023-02-02', 11, '2023-02-02 11:13:10', 1, 'Cash', 'Yani'),
(16, 'DP2302020016', 62, 63000, 0, 63000, 100000, 37000, '', '2023-02-02', 2, '2023-02-02 11:18:14', 1, 'Cash', 'Yani'),
(17, 'DP2302020017', 63, 56000, 0, 56000, 100000, 44000, '', '2023-02-02', 11, '2023-02-02 11:27:07', 1, 'Cash', 'Yani'),
(18, 'DP2302020018', 64, 120000, 0, 120000, 200000, 80000, '', '2023-02-02', 11, '2023-02-02 11:31:44', 1, 'Cash', 'Yani'),
(19, 'DP2302020019', 65, 23000, 0, 23000, 50000, 27000, '', '2023-02-02', 2, '2023-02-02 11:43:13', 1, 'Cash', 'Yani'),
(22, 'DP2302020022', 69, 104000, 0, 104000, 205000, 101000, '', '2023-02-02', 2, '2023-02-02 12:03:43', 1, 'Cash', 'Yani'),
(23, 'DP2302020023', 70, 165000, 0, 165000, 165000, 0, '', '2023-02-02', 11, '2023-02-02 12:03:58', 1, 'Debit', 'Yani'),
(24, 'DP2302020024', 71, 9000, 0, 9000, 20000, 11000, '', '2023-02-02', 2, '2023-02-02 12:05:02', 1, 'Cash', 'Yani'),
(26, 'DP2302020026', NULL, 80000, 0, 80000, 100000, 20000, '', '2023-02-02', 9, '2023-02-02 12:08:55', 1, 'Cash', ''),
(27, 'DP2302020027', 72, 205000, 0, 205000, 205000, 0, '', '2023-02-02', 2, '2023-02-02 12:09:33', 1, 'Debit', 'Yani'),
(28, 'DP2302020028', 73, 37000, 0, 37000, 50000, 13000, '', '2023-02-02', 2, '2023-02-02 12:11:48', 1, 'Cash', 'Yani'),
(29, 'DP2302020029', 74, 104000, 0, 104000, 110000, 6000, '', '2023-02-02', 11, '2023-02-02 12:14:13', 1, 'Cash', 'Yani'),
(31, 'DP2302020031', NULL, 26000, 0, 26000, 50000, 24000, '', '2023-02-02', 9, '2023-02-02 12:17:38', 1, 'Cash', ''),
(32, 'DP2302020032', NULL, 35000, 0, 35000, 100000, 65000, '', '2023-02-02', 28, '2023-02-02 12:17:52', 1, 'Cash', ''),
(33, 'DP2302020033', 76, 90000, 0, 90000, 100000, 10000, '', '2023-02-02', 11, '2023-02-02 12:19:54', 1, 'Cash', 'Yani'),
(34, 'DP2302020034', 77, 285000, 0, 285000, 285000, 0, '', '2023-02-02', 2, '2023-02-02 12:23:50', 1, 'Debit', 'Yani'),
(35, 'DP2302020035', 78, 19000, 0, 19000, 20000, 1000, '', '2023-02-02', 11, '2023-02-02 12:24:05', 1, 'Cash', 'Yani'),
(36, 'DP2302020036', NULL, 25000, 0, 25000, 25000, 0, '', '2023-02-02', 28, '2023-02-02 12:28:41', 1, 'Cash', ''),
(37, 'DP2302020037', 81, 12000, 0, 12000, 12000, 0, '', '2023-02-02', 28, '2023-02-02 12:36:53', 1, 'Cash', 'Yani'),
(39, 'DP2302020039', 82, 108000, 0, 108000, 108000, 0, '', '2023-02-02', 28, '2023-02-02 12:41:39', 1, 'Debit', 'Yani'),
(41, 'DP2302020040', NULL, 82000, 0, 82000, 82000, 0, '', '2023-02-02', 9, '2023-02-02 12:44:05', 1, 'Debit', ''),
(42, 'DP2302020041', NULL, 267000, 0, 267000, 300000, 33000, '', '2023-02-02', 9, '2023-02-02 12:46:10', 1, 'Cash', ''),
(43, 'DP2302020042', 83, 32000, 0, 32000, 100000, 68000, '', '2023-02-02', 28, '2023-02-02 12:49:04', 1, 'Cash', 'Yani'),
(44, 'DP2302020043', 87, 14000, 0, 14000, 14000, 0, '', '2023-02-02', 13, '2023-02-02 12:50:42', 1, 'Debit', 'Yani'),
(45, 'DP2302020044', NULL, 103000, 0, 103000, 103000, 0, '', '2023-02-02', 9, '2023-02-02 12:52:27', 1, 'Debit', ''),
(46, 'DP2302020045', 90, 60000, 0, 60000, 60000, 0, '', '2023-02-02', 11, '2023-02-02 12:55:24', 1, 'Debit', 'Yani'),
(47, 'DP2302020046', 77, 111000, 0, 111000, 115000, 4000, '', '2023-02-02', 31, '2023-02-02 12:55:26', 1, 'Cash', 'Yani'),
(48, 'DP2302020047', 88, 19000, 0, 19000, 50000, 31000, '', '2023-02-02', 13, '2023-02-02 12:55:51', 1, 'Cash', 'Yani'),
(49, 'DP2302020048', 93, 156000, 0, 156000, 170000, 14000, '', '2023-02-02', 28, '2023-02-02 12:59:48', 1, 'Cash', 'Yani'),
(50, 'DP2302020049', 92, 20000, 0, 20000, 50000, 30000, '', '2023-02-02', 13, '2023-02-02 12:59:53', 1, 'Cash', 'Yani'),
(51, 'DP2302020050', 94, 83000, 0, 83000, 100000, 17000, '', '2023-02-02', 11, '2023-02-02 13:01:54', 1, 'Cash', 'Yani'),
(52, 'DP2302020051', NULL, 40000, 0, 40000, 100000, 60000, '', '2023-02-02', 9, '2023-02-02 13:03:30', 1, 'Cash', ''),
(53, 'DP2302020052', 95, 156000, 0, 156000, 156000, 0, '', '2023-02-02', 11, '2023-02-02 13:04:35', 1, 'Cash', 'Yani'),
(54, 'DP2302020053', 51, 89000, 0, 89000, 100000, 11000, '', '2023-02-02', 28, '2023-02-02 13:06:21', 1, 'Cash', 'Yani'),
(55, 'DP2302020054', 100, 27000, 0, 27000, 50000, 23000, '', '2023-02-02', 31, '2023-02-02 13:09:27', 1, 'Cash', 'Yani'),
(56, 'DP2302020055', NULL, 42000, 0, 42000, 50000, 8000, '', '2023-02-02', 9, '2023-02-02 13:11:10', 1, 'Cash', ''),
(57, 'DP2302020056', 101, 74000, 0, 74000, 100000, 26000, '', '2023-02-02', 11, '2023-02-02 13:12:52', 1, 'Cash', 'Yani'),
(58, 'DP2302020057', 97, 34000, 0, 34000, 100000, 66000, '', '0000-00-00', 13, '2023-02-02 13:12:54', 1, 'Cash', 'Yani'),
(59, 'DP2302020058', 78, 100000, 0, 100000, 100000, 0, '', '2023-02-02', 31, '2023-02-02 13:15:37', 1, 'Debit', 'Yani'),
(60, 'DP2302020059', 103, 42000, 0, 42000, 100000, 58000, '', '2023-02-02', 11, '2023-02-02 13:16:24', 1, 'Cash', 'Yani'),
(61, 'DP2302020060', 104, 40000, 0, 40000, 100000, 60000, '', '2023-02-02', 31, '2023-02-02 13:19:21', 1, 'Cash', 'Yani'),
(62, 'DP2302020061', 105, 59000, 0, 59000, 59000, 0, '', '2023-02-02', 13, '2023-02-02 13:22:24', 1, 'Debit', 'Yani'),
(63, 'DP2302020062', 106, 24000, 0, 24000, 100000, 76000, '', '2023-02-02', 13, '2023-02-02 13:24:01', 1, 'Cash', 'Yani'),
(64, 'DP2302020063', NULL, 80000, 0, 80000, 100000, 20000, '', '2023-02-02', 9, '2023-02-02 13:24:25', 1, 'Cash', ''),
(65, 'DP2302020064', 107, 42000, 0, 42000, 50000, 8000, '', '2023-02-02', 28, '2023-02-02 13:25:14', 1, 'Cash', 'Yani'),
(66, 'DP2302020065', 95, 208000, 0, 208000, 210000, 2000, '', '2023-02-02', 11, '2023-02-02 13:27:22', 1, 'Cash', 'Yani'),
(67, 'DP2302020066', 108, 21000, 0, 21000, 100000, 79000, '', '2023-02-02', 13, '2023-02-02 13:27:24', 1, 'Cash', 'Yani'),
(68, 'DP2302020067', 109, 35000, 0, 35000, 35000, 0, '', '2023-02-02', 28, '2023-02-02 13:28:40', 1, 'Debit', 'Yani'),
(69, 'DP2302020068', 112, 27000, 0, 27000, 30000, 3000, '', '2023-02-02', 31, '2023-02-02 13:30:07', 1, 'Cash', 'Yani'),
(70, 'DP2302020069', 111, 22000, 0, 22000, 50000, 28000, '', '2023-02-02', 13, '2023-02-02 13:30:54', 1, 'Cash', 'Yani'),
(71, 'DP2302020070', NULL, 70000, 0, 70000, 100000, 30000, '', '2023-02-02', 9, '2023-02-02 13:32:57', 1, 'Cash', ''),
(72, 'DP2302020071', 92, 34000, 0, 34000, 50000, 16000, '', '2023-02-02', 31, '2023-02-02 13:33:27', 1, 'Cash', 'Yani'),
(73, 'DP2302020072', 114, 8000, 0, 8000, 8000, 0, '', '2023-02-02', 31, '2023-02-02 13:34:30', 1, 'Cash', 'Yani'),
(74, 'DP2302020073', NULL, 13000, 0, 13000, 15000, 2000, '', '2023-02-02', 9, '2023-02-02 13:36:36', 1, 'Cash', ''),
(75, 'DP2302020074', NULL, 100000, 0, 100000, 100000, 0, '', '2023-02-02', 9, '2023-02-02 13:39:39', 1, 'Cash', ''),
(76, 'DP2302020075', 115, 38000, 0, 38000, 40000, 2000, '', '2023-02-02', 28, '2023-02-02 13:40:31', 1, 'Cash', 'Yani'),
(77, 'DP2302020076', NULL, 16000, 0, 16000, 50000, 34000, '', '2023-02-02', 9, '2023-02-02 13:44:31', 1, 'Cash', ''),
(78, 'DP2302020077', 116, 89000, 0, 89000, 89000, 0, '', '2023-02-02', 13, '2023-02-02 13:49:09', 1, 'Debit', 'Yani'),
(79, 'DP2302020078', 117, 190000, 0, 190000, 200000, 10000, '', '2023-02-02', 2, '2023-02-02 13:49:20', 1, 'Cash', 'Yani'),
(80, 'DP2302020079', 119, 140000, 0, 140000, 140000, 0, '', '2023-02-02', 28, '2023-02-02 13:52:20', 1, 'Debit', 'Yani'),
(81, 'DP2302020080', 118, 20000, 0, 20000, 20000, 0, '', '2023-02-02', 31, '2023-02-02 13:52:20', 1, 'Cash', 'Yani'),
(82, 'DP2302020081', NULL, 18000, 0, 18000, 20000, 2000, '', '2023-02-02', 9, '2023-02-02 13:55:26', 1, 'Cash', ''),
(86, 'DP2302020085', 125, 45000, 0, 45000, 50000, 5000, '', '2023-02-02', 11, '2023-02-02 15:04:31', 1, 'Cash', 'Yani'),
(87, 'DP2302020086', NULL, 30000, 0, 30000, 50000, 20000, '', '2023-02-02', 9, '2023-02-02 15:40:10', 1, 'Cash', ''),
(88, 'DP2302020087', 128, 25000, 0, 25000, 50000, 25000, '', '2023-02-02', 11, '2023-02-02 15:40:58', 1, 'Cash', 'Yani'),
(89, 'DP2302020088', NULL, 28000, 0, 28000, 28000, 0, '', '2023-02-02', 9, '2023-02-02 15:42:24', 1, 'Cash', ''),
(90, 'DP2302020089', 130, 38000, 0, 38000, 50000, 12000, '', '2023-02-02', 2, '2023-02-02 15:45:54', 1, 'Cash', 'Yani'),
(91, 'DP2302020090', NULL, 36000, 0, 36000, 100000, 64000, '', '2023-02-02', 9, '2023-02-02 15:49:14', 1, 'Cash', ''),
(92, 'DP2302020091', NULL, 56000, 0, 56000, 56000, 0, '', '2023-02-02', 9, '2023-02-02 15:51:23', 1, 'Cash', ''),
(93, 'DP2302020092', 131, 52000, 0, 52000, 52000, 0, '', '2023-02-02', 11, '2023-02-02 15:55:53', 1, 'Debit', 'Yani'),
(94, 'DP2302020093', 132, 148000, 0, 148000, 148000, 0, '', '2023-02-02', 11, '2023-02-02 15:59:30', 1, 'Debit', 'Yani'),
(95, 'DP2302020094', NULL, 36000, 0, 36000, 36000, 0, '', '2023-02-02', 9, '2023-02-02 16:06:32', 1, 'Debit', ''),
(96, 'DP2302020095', 133, 27000, 0, 27000, 50000, 23000, '', '2023-02-02', 11, '2023-02-02 16:06:59', 1, 'Cash', 'Yani'),
(97, 'DP2302020096', 115, 65800, 0, 65800, 65800, 0, '', '2023-02-02', 13, '2023-02-02 16:07:43', 1, 'Debit', 'Yani'),
(98, 'DP2302020097', NULL, 102000, 0, 102000, 102000, 0, '', '2023-02-02', 9, '2023-02-02 16:14:49', 1, 'Cash', ''),
(99, 'DP2302020098', NULL, 35000, 0, 35000, 35000, 0, '', '2023-02-02', 9, '2023-02-02 16:25:31', 1, 'Debit', ''),
(100, 'DP2302020099', 124, 33000, 0, 33000, 33000, 0, '', '2023-02-02', 2, '2023-02-02 16:28:12', 1, 'Debit', 'Yani'),
(101, 'DP2302020100', 136, 99000, 0, 99000, 99000, 0, '', '2023-02-02', 19, '2023-02-02 16:30:54', 1, 'Debit', 'Yani'),
(102, 'DP2302020101', 137, 57000, 0, 57000, 100000, 43000, '', '2023-02-02', 19, '2023-02-02 16:32:48', 1, 'Cash', 'Yani'),
(103, 'DP2302020102', NULL, 18000, 0, 18000, 20000, 2000, '', '2023-02-02', 9, '2023-02-02 16:35:00', 1, 'Cash', ''),
(104, 'DP2302020103', 138, 18000, 0, 18000, 20000, 2000, '', '2023-02-02', 13, '2023-02-02 16:45:21', 1, 'Cash', 'Yani'),
(105, 'DP2302020104', NULL, 74000, 0, 74000, 74000, 0, '', '2023-02-02', 9, '2023-02-02 16:56:09', 1, 'Debit', ''),
(106, 'DP2302020105', NULL, 78000, 0, 78000, 78000, 0, '', '2023-02-02', 9, '2023-02-02 16:58:09', 1, 'Debit', ''),
(107, 'DP2302020106', NULL, 73000, 0, 73000, 73000, 0, '', '2023-02-02', 9, '2023-02-02 16:59:53', 1, 'Debit', ''),
(108, 'DP2302020107', 139, 76000, 0, 76000, 76000, 0, '', '2023-02-02', 11, '2023-02-02 17:14:15', 1, 'Debit', 'Yani'),
(109, 'DP2302020108', 140, 112000, 0, 112000, 112000, 0, '', '2023-02-02', 36, '2023-02-02 17:22:34', 1, 'Debit', 'Yani'),
(110, 'DP2302020109', 142, 132000, 0, 132000, 150000, 18000, '', '2023-02-02', 11, '2023-02-02 17:37:43', 1, 'Cash', 'Yani'),
(111, 'DP2302020110', 141, 158000, 0, 158000, 158000, 0, '', '2023-02-02', 36, '2023-02-02 17:39:17', 1, 'Debit', 'Yani'),
(112, 'DP2302020111', 143, 58000, 0, 58000, 100000, 42000, '', '2023-02-02', 11, '2023-02-02 17:47:22', 1, 'Cash', 'Yani'),
(113, 'DP2302020112', 144, 52000, 0, 52000, 52000, 0, '', '2023-02-02', 13, '2023-02-02 17:54:30', 1, 'Debit', 'Yani'),
(114, 'DP2302020113', 145, 45000, 0, 45000, 100000, 55000, '', '2023-02-02', 11, '2023-02-02 17:54:57', 1, 'Cash', 'Yani'),
(115, 'DP2302020114', 146, 114000, 0, 114000, 114000, 0, '', '2023-02-02', 11, '2023-02-02 18:02:51', 1, 'Debit', 'Yani'),
(116, 'DP2302020115', NULL, 43000, 0, 43000, 43000, 0, '', '2023-02-02', 9, '2023-02-02 18:09:27', 1, 'Debit', ''),
(117, 'DP2302030001', 147, 38000, 0, 38000, 100000, 62000, '', '2023-02-03', 36, '2023-02-03 10:00:06', 1, 'Cash', 'Yani'),
(118, 'DP2302030002', NULL, 12000, 0, 12000, 12000, 0, '', '2023-02-03', 9, '2023-02-03 10:12:30', 1, 'Cash', ''),
(119, 'DP2302030003', 148, 74000, 0, 74000, 74000, 0, '', '2023-02-03', 11, '2023-02-03 10:14:29', 1, 'Cash', 'Yani'),
(121, 'DP2302030005', NULL, 155800, 0, 155800, 200000, 44200, '', '2023-02-03', 9, '2023-02-03 10:29:51', 1, 'Cash', ''),
(122, 'DP2302030006', 149, 18000, 0, 18000, 20000, 2000, '', '2023-02-03', 9, '2023-02-03 10:31:44', 1, 'Cash', ''),
(123, 'DP2302030007', 147, 38000, 0, 38000, 40000, 2000, '', '2023-02-03', 36, '2023-02-03 10:34:01', 1, 'Cash', 'Yani'),
(124, 'DP2302030008', 150, 70000, 0, 70000, 70000, 0, '', '2023-02-03', 36, '2023-02-03 10:46:18', 1, 'Cash', 'Yani'),
(125, 'DP2302030009', 151, 33000, 0, 33000, 77000, 44000, '', '2023-02-03', 31, '2023-02-03 10:54:56', 1, 'Cash', 'Yani'),
(126, 'DP2302030010', NULL, 23000, 0, 23000, 23000, 0, '', '2023-02-03', 9, '2023-02-03 10:58:46', 1, 'Cash', ''),
(127, 'DP2302030011', 152, 20000, 0, 20000, 100000, 80000, '', '2023-02-03', 11, '2023-02-03 10:59:30', 1, 'Cash', 'Yani'),
(128, 'DP2302030012', 153, 204000, 0, 204000, 300000, 96000, '', '2023-02-03', 13, '2023-02-03 11:08:13', 1, 'Cash', 'Yani'),
(129, 'DP2302030013', NULL, 20000, 0, 20000, 100000, 80000, '', '2023-02-03', 9, '2023-02-03 11:09:14', 1, 'Cash', ''),
(130, 'DP2302030014', 154, 42000, 0, 42000, 42000, 0, '', '2023-02-03', 31, '2023-02-03 11:10:06', 1, 'Cash', 'Yani'),
(131, 'DP2302030015', 156, 211000, 0, 211000, 201000, -10000, '', '2023-02-03', 11, '2023-02-03 11:11:24', 1, 'Cash', 'Yani'),
(132, 'DP2302030016', 157, 25000, 0, 25000, 28000, 3000, '', '2023-02-03', 31, '2023-02-03 11:12:21', 1, 'Cash', 'Yani'),
(133, 'DP2302030017', 158, 57000, 0, 57000, 100000, 43000, '', '2023-02-03', 13, '2023-02-03 11:14:11', 1, 'Cash', 'Yani'),
(134, 'DP2302030018', 160, 50000, 0, 50000, 50000, 0, '', '2023-02-03', 31, '2023-02-03 11:16:44', 1, 'Cash', 'Yani'),
(135, 'DP2302030019', 161, 47000, 0, 47000, 50000, 3000, '', '2023-02-03', 11, '2023-02-03 11:17:04', 1, 'Cash', 'Yani'),
(136, 'DP2302030020', 162, 110000, 0, 110000, 110000, 0, '', '2023-02-03', 11, '2023-02-03 11:19:40', 1, 'Debit', 'Yani'),
(138, 'DP2302030022', 118, 77000, 0, 77000, 100000, 23000, '', '2023-02-03', 31, '2023-02-03 11:20:27', 1, 'Cash', 'Yani'),
(139, 'DP2302030023', 159, 133000, 0, 133000, 200000, 67000, '', '2023-02-03', 13, '2023-02-03 11:20:30', 1, 'Cash', 'Yani'),
(140, 'DP2302030024', 164, 44000, 0, 44000, 45000, 1000, '', '2023-02-03', 11, '2023-02-03 11:22:03', 1, 'Cash', 'Yani'),
(141, 'DP2302030025', 165, 17000, 0, 17000, 50000, 33000, '', '2023-02-03', 11, '2023-02-03 11:24:59', 1, 'Cash', 'Yani'),
(142, 'DP2302030026', NULL, 21000, 0, 21000, 50000, 29000, '', '2023-02-03', 9, '2023-02-03 11:25:17', 1, 'Cash', ''),
(143, 'DP2302030027', 167, 19000, 0, 19000, 50000, 31000, '', '2023-02-03', 11, '2023-02-03 11:30:48', 1, 'Cash', 'Yani'),
(144, 'DP2302030028', NULL, 70000, 0, 70000, 100000, 30000, '', '2023-02-03', 9, '2023-02-03 11:33:10', 1, 'Cash', ''),
(145, 'DP2302030029', 116, 448000, 0, 448000, 448000, 0, '', '2023-02-03', 36, '2023-02-03 11:33:13', 1, 'Debit', 'Yani'),
(146, 'DP2302030030', 168, 318000, 0, 318000, 71000, -247000, '', '2023-02-03', 31, '2023-02-03 11:35:11', 1, 'Cash', 'Yani'),
(147, 'DP2302030031', 170, 76000, 0, 76000, 76000, 0, '', '2023-02-03', 31, '2023-02-03 11:38:52', 1, 'Cash', 'Yani'),
(148, 'DP2302030032', 169, 75000, 0, 75000, 75000, 0, '', '2023-02-03', 13, '2023-02-03 11:41:31', 1, 'Debit', 'Yani'),
(149, 'DP2302030033', 170, 72000, 0, 72000, 73000, 1000, '', '2023-02-03', 31, '2023-02-03 11:43:19', 1, 'Cash', 'Yani'),
(150, 'DP2302030034', 172, 511000, 0, 511000, 520000, 9000, '', '2023-02-03', 11, '2023-02-03 11:48:58', 1, 'Cash', 'Yani'),
(151, 'DP2302030035', 173, 117000, 0, 117000, 120000, 3000, '', '2023-02-03', 31, '2023-02-03 11:49:01', 1, 'Cash', 'Yani'),
(152, 'DP2302030036', NULL, 18000, 0, 18000, 19000, 1000, '', '2023-02-03', 9, '2023-02-03 11:53:59', 1, 'Cash', ''),
(153, 'DP2302030037', 151, 43000, 0, 43000, 45000, 2000, '', '2023-02-03', 11, '2023-02-03 11:55:44', 1, 'Cash', 'Yani'),
(154, 'DP2302030038', 175, 141000, 0, 141000, 141000, 0, '', '2023-02-03', 13, '2023-02-03 11:58:12', 1, 'Debit', 'Yani'),
(155, 'DP2302030039', 176, 132000, 0, 132000, 200000, 68000, '', '2023-02-03', 2, '2023-02-03 11:59:06', 1, 'Cash', 'Yani'),
(156, 'DP2302030040', 177, 40000, 0, 40000, 100000, 60000, '', '2023-02-03', 11, '2023-02-03 11:59:44', 1, 'Cash', 'Yani'),
(157, 'DP2302030041', 178, 40000, 0, 40000, 50000, 10000, '', '2023-02-03', 28, '2023-02-03 12:00:26', 1, 'Cash', 'Yani'),
(158, 'DP2302030042', 118, 47900, 0, 47900, 50000, 2100, '', '2023-02-03', 28, '2023-02-03 12:02:04', 1, 'Cash', 'Yani'),
(159, 'DP2302030043', 181, 37700, 0, 37700, 50000, 12300, '', '2023-02-03', 13, '2023-02-03 12:03:14', 1, 'Cash', 'Yani'),
(160, 'DP2302030044', 180, 30000, 0, 30000, 50000, 20000, '', '2023-02-03', 36, '2023-02-03 12:03:27', 1, 'Cash', 'Yani'),
(161, 'DP2302030045', 182, 46000, 0, 46000, 50000, 4000, '', '2023-02-03', 13, '2023-02-03 12:08:58', 1, 'Cash', 'Yani'),
(162, 'DP2302030046', 183, 80000, 0, 80000, 100000, 20000, '', '2023-02-03', 31, '2023-02-03 12:12:12', 1, 'Cash', 'Yani'),
(163, 'DP2302030047', 184, 58000, 0, 58000, 100000, 42000, '', '2023-02-03', 13, '2023-02-03 12:13:27', 1, 'Cash', 'Yani'),
(164, 'DP2302030048', 181, 22000, 0, 22000, 52000, 30000, '', '2023-02-03', 13, '2023-02-03 12:14:51', 1, 'Cash', 'Yani'),
(165, 'DP2302030049', NULL, 90000, 0, 90000, 100000, 10000, '', '2023-02-03', 9, '2023-02-03 12:17:21', 1, 'Cash', ''),
(166, 'DP2302030050', NULL, 14000, 0, 14000, 15000, 1000, '', '2023-02-03', 9, '2023-02-03 12:21:13', 1, 'Cash', ''),
(167, 'DP2302030051', 185, 54000, 0, 54000, 100000, 46000, '', '2023-02-03', 36, '2023-02-03 12:22:14', 1, 'Cash', 'Yani'),
(168, 'DP2302030052', NULL, 7000, 0, 7000, 10000, 3000, '', '2023-02-03', 9, '2023-02-03 12:22:22', 1, 'Cash', ''),
(169, 'DP2302030053', 77, 23000, 0, 23000, 25000, 2000, '', '2023-02-03', 13, '2023-02-03 12:27:25', 1, 'Cash', 'Yani'),
(170, 'DP2302030054', 187, 39000, 0, 39000, 50000, 11000, '', '2023-02-03', 13, '2023-02-03 12:33:44', 1, 'Cash', 'Yani'),
(172, 'DP2302030056', NULL, 47000, 0, 47000, 50000, 3000, '', '2023-02-03', 9, '2023-02-03 12:40:40', 1, 'Cash', ''),
(173, 'DP2302030057', NULL, 106000, 0, 106000, 106000, 0, '', '2023-02-03', 9, '2023-02-03 12:51:19', 1, 'Debit', ''),
(174, 'DP2302030058', 189, 142000, 0, 142000, 200000, 58000, '', '2023-02-03', 31, '2023-02-03 12:51:44', 1, 'Cash', 'Yani'),
(175, 'DP2302030059', NULL, 48000, 0, 48000, 50000, 2000, '', '2023-02-03', 9, '2023-02-03 12:53:50', 1, 'Cash', ''),
(176, 'DP2302030060', 190, 36000, 0, 36000, 50000, 14000, '', '2023-02-03', 31, '2023-02-03 12:57:11', 1, 'Cash', 'Yani'),
(177, 'DP2302030061', 191, 36000, 0, 36000, 36000, 0, '', '2023-02-03', 31, '2023-02-03 12:58:17', 1, 'Debit', 'Yani'),
(178, 'DP2302030062', 192, 23000, 0, 23000, 50000, 27000, '', '2023-02-03', 31, '2023-02-03 13:03:34', 1, 'Cash', 'Yani'),
(179, 'DP2302030063', NULL, 600000, 0, 600000, 600000, 0, '', '2023-02-03', 9, '2023-02-03 13:08:55', 1, 'Debit', ''),
(180, 'DP2302030064', 193, 48000, 0, 48000, 100000, 52000, '', '2023-02-03', 31, '2023-02-03 13:13:31', 1, 'Cash', 'Yani'),
(181, 'DP2302030065', 194, 89000, 0, 89000, 89000, 0, '', '2023-02-03', 13, '2023-02-03 13:15:22', 1, 'Debit', 'Yani'),
(182, 'DP2302030066', 195, 14000, 0, 14000, 15000, 1000, '', '2023-02-03', 11, '2023-02-03 13:17:38', 1, 'Cash', 'Yani'),
(183, 'DP2302030067', 196, 29000, 0, 29000, 29000, 0, '', '2023-02-03', 11, '2023-02-03 13:20:52', 1, 'Debit', 'Yani'),
(184, 'DP2302030068', 197, 104000, 0, 104000, 104000, 0, '', '2023-02-03', 2, '2023-02-03 13:21:32', 1, 'Debit', 'Yani'),
(185, 'DP2302030069', 198, 30000, 0, 30000, 30000, 0, '', '2023-02-03', 31, '2023-02-03 13:21:43', 1, 'Cash', 'Yani'),
(186, 'DP2302030070', 199, 189000, 0, 189000, 189000, 0, '', '2023-02-03', 2, '2023-02-03 13:22:51', 1, 'Debit', 'Yani'),
(187, 'DP2302030071', 200, 139000, 0, 139000, 139000, 0, '', '2023-02-03', 31, '2023-02-03 13:24:12', 1, 'Debit', 'Yani'),
(188, 'DP2302030072', 201, 10000, 0, 10000, 10000, 0, '', '2023-02-03', 13, '2023-02-03 13:25:36', 1, 'Cash', 'Yani'),
(189, 'DP2302030073', NULL, 20000, 0, 20000, 50000, 30000, '', '2023-02-03', 9, '2023-02-03 13:27:54', 1, 'Cash', ''),
(190, 'DP2302030074', 202, 40000, 0, 40000, 100000, 60000, '', '2023-02-03', 13, '2023-02-03 13:29:12', 1, 'Cash', 'Yani'),
(191, 'DP2302030075', 203, 119000, 0, 119000, 200000, 81000, '', '2023-02-03', 2, '2023-02-03 13:30:26', 1, 'Cash', 'Yani'),
(192, 'DP2302030076', 64, 42000, 0, 42000, 42000, 0, '', '2023-02-03', 11, '2023-02-03 13:31:13', 1, 'Debit', 'Yani'),
(193, 'DP2302030077', 204, 45000, 0, 45000, 50000, 5000, '', '2023-02-03', 31, '2023-02-03 13:31:24', 1, 'Cash', 'Yani'),
(194, 'DP2302030078', 205, 48000, 0, 48000, 100000, 52000, '', '2023-02-03', 28, '2023-02-03 13:31:49', 1, 'Cash', 'Yani'),
(195, 'DP2302030079', NULL, 24000, 0, 24000, 30000, 6000, '', '2023-02-03', 9, '2023-02-03 13:35:01', 1, 'Cash', ''),
(196, 'DP2302030080', NULL, 54000, 0, 54000, 55000, 1000, '', '2023-02-03', 9, '2023-02-03 13:38:49', 1, 'Cash', ''),
(197, 'DP2302030081', 206, 180000, 0, 180000, 200000, 20000, '', '2023-02-03', 11, '2023-02-03 13:42:12', 1, 'Cash', 'Yani'),
(198, 'DP2302030082', 207, 82000, 0, 82000, 102000, 20000, '', '2023-02-03', 11, '2023-02-03 13:43:50', 1, 'Cash', 'Yani'),
(199, 'DP2302030083', 208, 78000, 0, 78000, 100000, 22000, '', '2023-02-03', 13, '2023-02-03 13:43:51', 1, 'Cash', 'Yani'),
(200, 'DP2302030084', 209, 35000, 0, 35000, 75000, 40000, '', '2023-02-03', 11, '2023-02-03 13:44:39', 1, 'Cash', 'Yani'),
(201, 'DP2302030085', 210, 24000, 0, 24000, 24000, 0, '', '2023-02-03', 13, '2023-02-03 13:46:09', 1, 'Cash', 'Yani'),
(202, 'DP2302030086', 211, 237000, 0, 237000, 237000, 0, '', '2023-02-03', 31, '2023-02-03 13:48:07', 1, 'Debit', 'Yani'),
(203, 'DP2302030087', 165, 120000, 0, 120000, 120000, 0, '', '2023-02-03', 11, '2023-02-03 14:00:27', 1, 'Debit', 'Yani'),
(204, 'DP2302030088', 214, 287000, 0, 287000, 300000, 13000, '', '2023-02-03', 31, '2023-02-03 14:03:00', 1, 'Cash', 'Yani'),
(205, 'DP2302030089', NULL, 20000, 0, 20000, 50000, 30000, '', '2023-02-03', 9, '2023-02-03 14:03:19', 1, 'Cash', ''),
(206, 'DP2302030090', 216, 18000, 0, 18000, 100000, 82000, '', '2023-02-03', 31, '2023-02-03 14:04:40', 1, 'Cash', 'Yani'),
(208, 'DP2302030092', NULL, 108000, 0, 108000, 110000, 2000, '', '2023-02-03', 9, '2023-02-03 14:08:24', 1, 'Cash', ''),
(209, 'DP2302030093', 215, 222000, 0, 222000, 250000, 28000, '', '2023-02-03', 11, '2023-02-03 14:08:36', 1, 'Cash', 'Yani'),
(210, 'DP2302030094', 219, 32000, 0, 32000, 100000, 68000, '', '2023-02-03', 11, '2023-02-03 14:10:54', 1, 'Cash', 'Yani'),
(211, 'DP2302030095', 218, 104000, 0, 104000, 200000, 96000, '', '2023-02-03', 9, '2023-02-03 14:11:11', 1, 'Cash', ''),
(212, 'DP2302030096', 220, 32000, 0, 32000, 102000, 70000, '', '2023-02-03', 31, '2023-02-03 14:12:02', 1, 'Cash', 'Yani'),
(213, 'DP2302030097', NULL, 20000, 0, 20000, 20000, 0, '', '2023-02-03', 9, '2023-02-03 14:13:58', 1, 'Cash', ''),
(214, 'DP2302030098', NULL, 38000, 0, 38000, 38000, 0, '', '2023-02-03', 9, '2023-02-03 14:14:40', 1, 'Cash', ''),
(215, 'DP2302030099', 221, 123000, 0, 123000, 200000, 77000, '', '2023-02-03', 2, '2023-02-03 14:15:38', 1, 'Cash', 'Yani'),
(216, 'DP2302030100', 223, 40000, 0, 40000, 50000, 10000, '', '2023-02-03', 28, '2023-02-03 14:17:40', 1, 'Cash', 'Yani'),
(217, 'DP2302030101', 225, 24000, 0, 24000, 24000, 0, '', '2023-02-03', 28, '2023-02-03 14:21:17', 1, 'Debit', 'Yani'),
(218, 'DP2302030102', 226, 21000, 0, 21000, 22000, 1000, '', '2023-02-03', 9, '2023-02-03 14:21:26', 1, 'Cash', ''),
(219, 'DP2302030103', 214, 115000, 0, 115000, 115000, 0, '', '2023-02-03', 11, '2023-02-03 14:21:32', 1, 'Debit', 'Yani'),
(220, 'DP2302030104', 227, 55000, 0, 55000, 55000, 0, '', '2023-02-03', 11, '2023-02-03 14:26:33', 1, 'Debit', 'Yani'),
(221, 'DP2302030105', 228, 63000, 0, 63000, 100000, 37000, '', '2023-02-03', 31, '2023-02-03 14:26:58', 1, 'Cash', 'Yani'),
(222, 'DP2302030106', NULL, 28000, 0, 28000, 28000, 0, '', '2023-02-03', 9, '2023-02-03 14:27:54', 1, 'Debit', ''),
(223, 'DP2302030107', 81, 25000, 0, 25000, 50000, 25000, '', '2023-02-03', 11, '2023-02-03 14:28:01', 1, 'Cash', 'Yani'),
(224, 'DP2302030108', 230, 30000, 0, 30000, 30000, 0, '', '2023-02-03', 31, '2023-02-03 14:28:29', 1, 'Cash', 'Yani'),
(225, 'DP2302030109', 231, 59000, 0, 59000, 100000, 41000, '', '2023-02-03', 13, '2023-02-03 14:29:12', 1, 'Cash', 'Yani'),
(226, 'DP2302030110', 232, 124000, 0, 124000, 124000, 0, '', '2023-02-03', 2, '2023-02-03 14:31:18', 1, 'Debit', 'Yani'),
(227, 'DP2302030111', 233, 164000, 0, 164000, 164000, 0, '', '2023-02-03', 28, '2023-02-03 14:33:42', 1, 'Debit', 'Yani'),
(228, 'DP2302030112', NULL, 40000, 0, 40000, 40000, 0, '', '2023-02-03', 9, '2023-02-03 14:35:10', 1, 'Debit', ''),
(229, 'DP2302030113', 234, 52000, 0, 52000, 100000, 48000, '', '2023-02-03', 31, '2023-02-03 14:35:35', 1, 'Cash', 'Yani'),
(230, 'DP2302030114', 236, 24000, 0, 24000, 25000, 1000, '', '2023-02-03', 13, '2023-02-03 14:35:58', 1, 'Cash', 'Yani'),
(231, 'DP2302030115', 235, 31000, 0, 31000, 32000, 1000, '', '2023-02-03', 19, '2023-02-03 14:36:00', 1, 'Cash', 'Yani'),
(232, 'DP2302030116', 237, 27000, 0, 27000, 27000, 0, '', '2023-02-03', 11, '2023-02-03 14:36:39', 1, 'Cash', 'Yani'),
(233, 'DP2302030117', NULL, 40000, 0, 40000, 100000, 60000, '', '2023-02-03', 9, '2023-02-03 14:38:29', 1, 'Cash', ''),
(234, 'DP2302030118', 235, 27000, 0, 27000, 50000, 23000, '', '2023-02-03', 11, '2023-02-03 14:39:15', 1, 'Cash', 'Yani'),
(235, 'DP2302030119', 239, 40000, 0, 40000, 50000, 10000, '', '2023-02-03', 13, '2023-02-03 14:40:14', 1, 'Cash', 'Yani'),
(236, 'DP2302030120', 240, 156000, 0, 156000, 156000, 0, '', '2023-02-03', 9, '2023-02-03 14:58:52', 1, 'Debit', ''),
(237, 'DP2302030121', 242, 72000, 0, 72000, 72000, 0, '', '2023-02-03', 11, '2023-02-03 15:07:19', 1, 'Debit', 'Yani'),
(238, 'DP2302030122', 243, 19000, 0, 19000, 20000, 1000, '', '2023-02-03', 11, '2023-02-03 15:12:28', 1, 'Cash', 'Yani'),
(239, 'DP2302030123', 123, 36000, 0, 36000, 100000, 64000, '', '2023-02-03', 11, '2023-02-03 15:14:24', 1, 'Cash', 'Yani'),
(240, 'DP2302030124', 244, 17000, 0, 17000, 17000, 0, '', '2023-02-03', 11, '2023-02-03 15:17:56', 1, 'Debit', 'Yani'),
(241, 'DP2302030125', 88, 40000, 0, 40000, 50000, 10000, '', '2023-02-03', 13, '2023-02-03 15:23:01', 1, 'Cash', 'Yani'),
(242, 'DP2302030126', 246, 117000, 0, 117000, 117000, 0, '', '2023-02-03', 31, '2023-02-03 15:23:07', 1, 'Cash', 'Yani'),
(243, 'DP2302030127', 248, 52000, 0, 52000, 55000, 3000, '', '2023-02-03', 13, '2023-02-03 15:26:27', 1, 'Cash', 'Yani'),
(244, 'DP2302030128', 249, 336000, 0, 336000, 350000, 14000, '', '2023-02-03', 31, '2023-02-03 15:28:18', 1, 'Cash', 'Yani'),
(246, 'DP2302030130', NULL, 24000, 0, 24000, 50000, 26000, '', '2023-02-03', 9, '2023-02-03 15:32:24', 1, 'Cash', ''),
(247, 'DP2302030131', NULL, 21000, 0, 21000, 50000, 29000, '', '2023-02-03', 9, '2023-02-03 15:33:11', 1, 'Cash', ''),
(248, 'DP2302030132', 252, 105000, 0, 105000, 105000, 0, '', '2023-02-03', 13, '2023-02-03 15:33:37', 1, 'Cash', 'Yani'),
(249, 'DP2302030133', 153, 25000, 0, 25000, 50000, 25000, '', '2023-02-03', 2, '2023-02-03 15:35:21', 1, 'Cash', 'Yani'),
(250, 'DP2302030134', 28, 50000, 0, 50000, 50000, 0, '', '2023-02-03', 36, '2023-02-03 15:37:08', 1, 'Cash', 'Yani'),
(251, 'DP2302030135', NULL, 24000, 0, 24000, 50000, 26000, '', '2023-02-03', 9, '2023-02-03 15:40:31', 1, 'Cash', ''),
(252, 'DP2302030136', 253, 73000, 0, 73000, 80000, 7000, '', '2023-02-03', 2, '2023-02-03 15:41:45', 1, 'Cash', 'Yani'),
(253, 'DP2302030137', NULL, 21000, 0, 21000, 21000, 0, '', '2023-02-03', 9, '2023-02-03 15:43:14', 1, 'Cash', ''),
(254, 'DP2302030138', NULL, 61000, 0, 61000, 61000, 0, '', '2023-02-03', 9, '2023-02-03 15:44:45', 1, 'Debit', ''),
(255, 'DP2302030139', 197, 104000, 0, 104000, 104000, 0, '', '2023-02-03', 2, '2023-02-03 15:52:35', 1, 'Debit', 'Yani'),
(256, 'DP2302030140', NULL, 96000, 0, 96000, 100000, 4000, '', '2023-02-03', 9, '2023-02-03 15:54:58', 1, 'Cash', ''),
(257, 'DP2302030141', 190, 144000, 0, 144000, 200000, 56000, '', '2023-02-03', 13, '2023-02-03 15:55:54', 1, 'Cash', 'Yani'),
(258, 'DP2302030142', 257, 220000, 0, 220000, 250000, 30000, '', '2023-02-03', 2, '2023-02-03 15:56:17', 1, 'Cash', 'Yani'),
(259, 'DP2302030143', NULL, 14000, 0, 14000, 14000, 0, '', '2023-02-03', 9, '2023-02-03 15:57:53', 1, 'Cash', ''),
(260, 'DP2302030144', 258, 49000, 0, 49000, 100000, 51000, '', '2023-02-03', 13, '2023-02-03 15:58:11', 1, 'Cash', 'Yani'),
(261, 'DP2302030145', NULL, 80000, 0, 80000, 80000, 0, '', '2023-02-03', 9, '2023-02-03 16:01:06', 1, 'Debit', ''),
(262, 'DP2302030146', NULL, 42000, 0, 42000, 42000, 0, '', '2023-02-03', 9, '2023-02-03 16:02:50', 1, 'Debit', ''),
(263, 'DP2302030147', NULL, 68000, 0, 68000, 100000, 32000, '', '2023-02-03', 9, '2023-02-03 16:05:29', 1, 'Cash', ''),
(264, 'DP2302030148', 28, 135000, 0, 135000, 135000, 0, '', '2023-02-03', 13, '2023-02-03 16:05:36', 1, 'Debit', 'Yani'),
(265, 'DP2302030149', 261, 56000, 0, 56000, 70000, 14000, '', '2023-02-03', 28, '2023-02-03 16:07:17', 1, 'Cash', 'Yani'),
(266, 'DP2302030150', NULL, 171000, 0, 171000, 171000, 0, '', '2023-02-03', 9, '2023-02-03 16:08:04', 1, 'Debit', ''),
(267, 'DP2302030151', NULL, 90000, 0, 90000, 90000, 0, '', '2023-02-03', 9, '2023-02-03 16:10:04', 1, 'Cash', ''),
(268, 'DP2302030152', 77, 22000, 0, 22000, 50000, 28000, '', '2023-02-03', 11, '2023-02-03 16:10:53', 1, 'Cash', 'Yani'),
(269, 'DP2302030153', 262, 258000, 0, 258000, 258000, 0, '', '2023-02-03', 31, '2023-02-03 16:12:28', 1, 'Debit', 'Yani'),
(271, 'DP2302030155', NULL, 81000, 0, 81000, 100000, 19000, '', '2023-02-03', 9, '2023-02-03 16:16:06', 1, 'Cash', ''),
(272, 'DP2302030156', 261, 10000, 0, 10000, 10000, 0, '', '2023-02-03', 28, '2023-02-03 16:16:09', 1, 'Cash', 'Yani'),
(273, 'DP2302030157', 1, 75000, 0, 75000, 75000, 0, '', '2023-02-03', 11, '2023-02-03 16:16:53', 1, 'Cash', 'Yani'),
(274, 'DP2302030158', 263, 20000, 0, 20000, 20000, 0, '', '2023-02-03', 13, '2023-02-03 16:17:11', 1, 'Cash', 'Yani'),
(275, 'DP2302030159', 261, 22000, 0, 22000, 22000, 0, '', '2023-02-03', 28, '2023-02-03 16:19:23', 1, 'Cash', 'Yani'),
(276, 'DP2302030160', 264, 35000, 0, 35000, 100000, 65000, '', '2023-02-03', 31, '2023-02-03 16:22:24', 1, 'Cash', 'Yani'),
(277, 'DP2302030161', 261, 21000, 0, 21000, 50000, 29000, '', '2023-02-03', 28, '2023-02-03 16:22:53', 1, 'Cash', 'Yani'),
(278, 'DP2302030162', 261, 10000, 0, 10000, 10000, 0, '', '2023-02-03', 28, '2023-02-03 16:24:07', 1, 'Cash', 'Yani'),
(279, 'DP2302030163', 266, 35000, 0, 35000, 50000, 15000, '', '2023-02-03', 11, '2023-02-03 16:25:47', 1, 'Cash', 'Yani'),
(280, 'DP2302030164', 265, 7000, 0, 7000, 7000, 0, '', '2023-02-03', 9, '2023-02-03 16:28:38', 1, 'Cash', ''),
(281, 'DP2302030165', 271, 20000, 0, 20000, 20000, 0, '', '2023-02-03', 13, '2023-02-03 16:28:59', 1, 'Cash', 'Yani'),
(282, 'DP2302030166', 272, 726000, 0, 726000, 726000, 0, '', '2023-02-03', 31, '2023-02-03 16:49:07', 1, 'Debit', 'Yani'),
(283, 'DP2302030167', 273, 21000, 0, 21000, 22000, 1000, '', '2023-02-03', 11, '2023-02-03 17:02:41', 1, 'Cash', 'Yani'),
(284, 'DP2302030168', 274, 74000, 0, 74000, 100000, 26000, '', '2023-02-03', 11, '2023-02-03 17:08:04', 1, 'Cash', 'Yani'),
(285, 'DP2302030169', 275, 40000, 0, 40000, 100000, 60000, '', '2023-02-03', 13, '2023-02-03 17:13:22', 1, 'Cash', 'Yani'),
(286, 'DP2302030170', 276, 136000, 0, 136000, 150000, 14000, '', '2023-02-03', 11, '2023-02-03 17:14:39', 1, 'Cash', 'Yani'),
(287, 'DP2302030171', 216, 40000, 0, 40000, 40000, 0, '', '2023-02-03', 2, '2023-02-03 17:16:09', 1, 'Debit', 'Yani'),
(288, 'DP2302030172', NULL, 18000, 0, 18000, 50000, 32000, '', '2023-02-03', 9, '2023-02-03 17:18:05', 1, 'Cash', ''),
(289, 'DP2302030173', 78, 79000, 0, 79000, 79000, 0, '', '2023-02-03', 11, '2023-02-03 17:19:37', 1, 'Debit', 'Yani'),
(290, 'DP2302030174', 278, 30000, 0, 30000, 40000, 10000, '', '2023-02-03', 2, '2023-02-03 17:19:40', 1, 'Cash', 'Yani'),
(291, 'DP2302030175', NULL, 51000, 0, 51000, 51000, 0, '', '2023-02-03', 9, '2023-02-03 17:20:11', 1, 'Debit', ''),
(292, 'DP2302030176', 279, 68000, 0, 68000, 68000, 0, '', '2023-02-03', 13, '2023-02-03 17:21:25', 1, 'Debit', 'Yani'),
(293, 'DP2302030177', 280, 44000, 0, 44000, 44000, 0, '', '2023-02-03', 31, '2023-02-03 17:26:17', 1, 'Debit', 'Yani'),
(294, 'DP2302030178', 281, 87000, 0, 87000, 100000, 13000, '', '2023-02-03', 13, '2023-02-03 17:29:33', 1, 'Cash', 'Yani'),
(295, 'DP2302030179', 4, 20000, 0, 20000, 20000, 0, '', '2023-02-03', 13, '2023-02-03 17:32:06', 1, 'Cash', 'Yani'),
(296, 'DP2302030180', NULL, 36000, 0, 36000, 50000, 14000, '', '2023-02-03', 9, '2023-02-03 17:33:49', 1, 'Cash', ''),
(297, 'DP2302030181', 282, 75400, 0, 75400, 75400, 0, '', '2023-02-03', 11, '2023-02-03 17:38:51', 1, 'Debit', 'Yani'),
(298, 'DP2302030182', 32, 124000, 0, 124000, 124000, 0, '', '2023-02-03', 36, '2023-02-03 17:40:23', 1, 'Cash', 'Yani'),
(299, 'DP2302030183', NULL, 18000, 0, 18000, 18000, 0, '', '2023-02-03', 9, '2023-02-03 17:40:34', 1, 'Debit', ''),
(300, 'DP2302030184', 205, 68000, 0, 68000, 70000, 2000, '', '2023-02-03', 11, '2023-02-03 17:44:01', 1, 'Cash', 'Yani'),
(301, 'DP2302030185', NULL, 110000, 0, 110000, 110000, 0, '', '2023-02-03', 9, '2023-02-03 17:46:19', 1, 'Cash', ''),
(302, 'DP2302030186', 285, 37000, 0, 37000, 37000, 0, '', '2023-02-03', 11, '2023-02-03 17:46:31', 1, 'Debit', 'Yani'),
(303, 'DP2302030187', 165, 21000, 0, 21000, 101000, 80000, '', '2023-02-03', 11, '2023-02-03 17:47:55', 1, 'Cash', 'Yani'),
(304, 'DP2302030188', NULL, 100000, 0, 100000, 100000, 0, '', '2023-02-03', 9, '2023-02-03 17:52:12', 1, 'Debit', ''),
(305, 'DP2302030189', 287, 19000, 0, 19000, 20000, 1000, '', '2023-02-03', 9, '2023-02-03 17:54:39', 1, 'Cash', ''),
(306, 'DP2302030190', 289, 36000, 0, 36000, 50000, 14000, '', '2023-02-03', 13, '2023-02-03 17:58:39', 1, 'Cash', 'Yani'),
(307, 'DP2302030191', 177, 52000, 0, 52000, 52000, 0, '', '2023-02-03', 2, '2023-02-03 18:00:14', 1, 'Cash', 'Yani'),
(308, 'DP2302030192', 48, 118000, 0, 118000, 118000, 0, '', '2023-02-03', 11, '2023-02-03 18:03:41', 1, 'Debit', 'Yani'),
(309, 'DP2302030193', 291, 83000, 0, 83000, 83000, 0, '', '2023-02-03', 13, '2023-02-03 18:04:23', 1, 'Debit', 'Yani'),
(310, 'DP2302030194', 48, 55000, 0, 55000, 55000, 0, '', '2023-02-03', 11, '2023-02-03 18:05:15', 1, 'Debit', 'Yani'),
(311, 'DP2302030195', 293, 36000, 0, 36000, 50000, 14000, '', '2023-02-03', 13, '2023-02-03 18:10:03', 1, 'Cash', 'Yani'),
(312, 'DP2302030196', 111, 67000, 0, 67000, 100000, 33000, '', '2023-02-03', 36, '2023-02-03 18:23:18', 1, 'Cash', 'Yani'),
(313, 'DP2302030197', 295, 103000, 0, 103000, 105000, 2000, '', '2023-02-03', 13, '2023-02-03 18:30:40', 1, 'Cash', 'Yani'),
(314, 'DP2302030198', 296, 33000, 0, 33000, 50000, 17000, '', '2023-02-03', 36, '2023-02-03 18:31:27', 1, 'Cash', 'Yani'),
(315, 'DP2302030199', 248, 12000, 0, 12000, 12000, 0, '', '2023-02-03', 13, '2023-02-03 18:33:49', 1, 'Cash', 'Yani'),
(316, 'DP2302030200', 298, 54000, 0, 54000, 55000, 1000, '', '2023-02-03', 31, '2023-02-03 18:35:47', 1, 'Cash', 'Yani'),
(317, 'DP2302030201', 299, 18000, 0, 18000, 20000, 2000, '', '2023-02-03', 36, '2023-02-03 18:37:35', 1, 'Cash', 'Yani'),
(318, 'DP2302030202', 301, 20000, 0, 20000, 20000, 0, '', '2023-02-03', 31, '2023-02-03 18:40:37', 1, 'Cash', 'Yani'),
(319, 'DP2302030203', NULL, 19000, 0, 19000, 19000, 0, '', '2023-02-03', 9, '2023-02-03 18:42:25', 1, 'Debit', ''),
(320, 'DP2302030204', 302, 40000, 0, 40000, 50000, 10000, '', '2023-02-03', 36, '2023-02-03 18:46:56', 1, 'Cash', 'Yani'),
(321, 'DP2302030205', 303, 14000, 0, 14000, 15000, 1000, '', '2023-02-03', 19, '2023-02-03 19:04:18', 1, 'Cash', 'Yani'),
(325, 'DP2302040001', 273, 80000, 0, 80000, 80000, 0, '', '2023-02-04', 11, '2023-02-04 10:18:50', 1, 'Debit', 'Ally'),
(326, 'DP2302040002', 308, 28000, 0, 28000, 30000, 2000, '', '2023-02-04', 37, '2023-02-04 10:22:28', 1, 'Cash', 'Ally'),
(327, 'DP2302040003', 286, 35000, 0, 35000, 100000, 65000, '', '2023-02-04', 2, '2023-02-04 10:27:28', 1, 'Cash', 'Ally'),
(328, 'DP2302040004', 310, 111000, 0, 111000, 111000, 0, '', '2023-02-04', 31, '2023-02-04 10:27:54', 1, 'Debit', 'Ally'),
(329, 'DP2302040005', 252, 28000, 0, 28000, 30000, 2000, '', '2023-02-04', 2, '2023-02-04 10:31:41', 1, 'Cash', 'Ally'),
(330, 'DP2302040006', 312, 158000, 0, 158000, 158000, 0, '', '2023-02-04', 11, '2023-02-04 10:32:33', 1, 'Debit', 'Ally'),
(331, 'DP2302040007', 261, 36000, 0, 36000, 100000, 64000, '', '2023-02-04', 28, '2023-02-04 10:34:40', 1, 'Cash', 'Ally'),
(332, 'DP2302040008', 62, 62000, 0, 62000, 100000, 38000, '', '2023-02-04', 2, '2023-02-04 10:35:32', 1, 'Cash', 'Ally'),
(333, 'DP2302040009', 236, 18000, 0, 18000, 100000, 82000, '', '2023-02-04', 37, '2023-02-04 10:36:29', 1, 'Cash', 'Ally'),
(334, 'DP2302040010', 316, 38000, 0, 38000, 100000, 62000, '', '2023-02-04', 13, '2023-02-04 10:36:53', 1, 'Cash', 'Ally'),
(335, 'DP2302040011', 313, 112000, 0, 112000, 112000, 0, '', '2023-02-04', 36, '2023-02-04 10:38:16', 1, 'Cash', 'Ally'),
(336, 'DP2302040012', 317, 18000, 0, 18000, 20000, 2000, '', '2023-02-04', 36, '2023-02-04 10:46:17', 1, 'Cash', 'Ally'),
(337, 'DP2302040013', 318, 75000, 0, 75000, 100000, 25000, '', '2023-02-04', 11, '2023-02-04 10:47:48', 1, 'Cash', 'Ally'),
(338, 'DP2302040014', 320, 35000, 0, 35000, 35000, 0, '', '2023-02-04', 36, '2023-02-04 10:48:52', 1, 'Debit', 'Ally'),
(339, 'DP2302040015', 18, 36000, 0, 36000, 100000, 64000, '', '2023-02-04', 13, '2023-02-04 10:49:02', 1, 'Cash', 'Ally'),
(340, 'DP2302040016', 8, 19000, 0, 19000, 100000, 81000, '', '2023-02-04', 31, '2023-02-04 10:49:22', 1, 'Cash', 'Ally'),
(342, 'DP2302040018', 323, 19000, 0, 19000, 20000, 1000, '', '2023-02-04', 31, '2023-02-04 10:50:19', 1, 'Cash', 'Ally'),
(344, 'DP2302040020', 325, 69000, 0, 69000, 100000, 31000, '', '2023-02-04', 2, '2023-02-04 10:51:40', 1, 'Cash', 'Ally'),
(345, 'DP2302040021', NULL, 22000, 0, 22000, 25000, 3000, '', '2023-02-04', 32, '2023-02-04 10:55:22', 1, 'Cash', ''),
(346, 'DP2302040022', 111, 42000, 0, 42000, 42000, 0, '', '2023-02-04', 13, '2023-02-04 10:59:09', 1, 'Debit', 'Ally'),
(347, 'DP2302040023', 327, 46000, 0, 46000, 46000, 0, '', '2023-02-04', 20, '2023-02-04 11:00:31', 1, 'Debit', 'Ally'),
(348, 'DP2302040024', 328, 48000, 0, 48000, 100000, 52000, '', '2023-02-04', 37, '2023-02-04 11:01:33', 1, 'Cash', 'Ally'),
(349, 'DP2302040025', 329, 425000, 0, 425000, 450000, 25000, '', '2023-02-04', 11, '2023-02-04 11:01:40', 1, 'Cash', 'Ally'),
(350, 'DP2302040026', 261, 350000, 0, 350000, 350000, 0, '', '2023-02-04', 28, '2023-02-04 11:01:46', 1, 'Debit', 'Ally'),
(351, 'DP2302040027', 19, 20000, 0, 20000, 20000, 0, '', '2023-02-04', 37, '2023-02-04 11:03:28', 1, 'Cash', 'Ally'),
(352, 'DP2302040028', 261, 38000, 0, 38000, 38000, 0, '', '2023-02-04', 28, '2023-02-04 11:04:16', 1, 'Debit', 'Ally'),
(353, 'DP2302040029', 331, 40000, 0, 40000, 100000, 60000, '', '2023-02-04', 37, '2023-02-04 11:06:47', 1, 'Cash', 'Ally'),
(354, 'DP2302040030', 261, 100000, 0, 100000, 100000, 0, '', '2023-02-04', 28, '2023-02-04 11:07:22', 1, 'Cash', 'Ally'),
(355, 'DP2302040031', 332, 164000, 0, 164000, 164000, 0, '', '2023-02-04', 31, '2023-02-04 11:07:28', 1, 'Debit', 'Ally'),
(356, 'DP2302040032', 261, 43000, 0, 43000, 100000, 57000, '', '2023-02-04', 28, '2023-02-04 11:08:25', 1, 'Cash', 'Ally'),
(357, 'DP2302040033', 334, 27000, 0, 27000, 100000, 73000, '', '2023-02-04', 11, '2023-02-04 11:09:28', 1, 'Cash', 'Ally'),
(358, 'DP2302040034', 76, 115000, 0, 115000, 120000, 5000, '', '2023-02-04', 2, '2023-02-04 11:09:30', 1, 'Cash', 'Ally'),
(359, 'DP2302040035', 253, 175000, 0, 175000, 175000, 0, '', '2023-02-04', 13, '2023-02-04 11:10:21', 1, 'Cash', 'Ally'),
(360, 'DP2302040036', 335, 86000, 0, 86000, 100000, 14000, '', '2023-02-04', 11, '2023-02-04 11:17:55', 1, 'Cash', 'Ally'),
(361, 'DP2302040037', 336, 206000, 0, 206000, 206000, 0, '', '2023-02-04', 37, '2023-02-04 11:18:33', 1, 'Cash', 'Ally'),
(362, 'DP2302040038', 337, 128000, 0, 128000, 128000, 0, '', '2023-02-04', 31, '2023-02-04 11:19:05', 1, 'Debit', 'Ally'),
(363, 'DP2302040039', 338, 18000, 0, 18000, 20000, 2000, '', '2023-02-04', 2, '2023-02-04 11:19:38', 1, 'Cash', 'Ally'),
(364, 'DP2302040040', 339, 25000, 0, 25000, 50000, 25000, '', '2023-02-04', 11, '2023-02-04 11:20:49', 1, 'Cash', 'Ally'),
(365, 'DP2302040041', 59, 213000, 0, 213000, 213000, 0, '', '2023-02-04', 31, '2023-02-04 11:21:59', 1, 'Debit', 'Ally'),
(366, 'DP2302040042', 150, 35000, 0, 35000, 50000, 15000, '', '2023-02-04', 20, '2023-02-04 11:24:52', 1, 'Cash', 'Ally'),
(367, 'DP2302040043', 92, 22000, 0, 22000, 50000, 28000, '', '2023-02-04', 11, '2023-02-04 11:27:43', 1, 'Cash', 'Ally'),
(368, 'DP2302040044', 344, 36000, 0, 36000, 50000, 14000, '', '2023-02-04', 31, '2023-02-04 11:29:35', 1, 'Cash', 'Ally'),
(369, 'DP2302040045', NULL, 41000, 0, 41000, 50000, 9000, '', '2023-02-04', 32, '2023-02-04 11:34:04', 1, 'Cash', ''),
(370, 'DP2302040046', 345, 36000, 0, 36000, 37000, 1000, '', '2023-02-04', 31, '2023-02-04 11:35:14', 1, 'Cash', 'Ally'),
(371, 'DP2302040047', 346, 122000, 0, 122000, 122000, 0, '', '2023-02-04', 13, '2023-02-04 11:36:40', 1, 'Debit', 'Ally'),
(372, 'DP2302040048', 341, 163000, 0, 163000, 163000, 0, '', '2023-02-04', 37, '2023-02-04 11:37:42', 1, 'Debit', 'Ally'),
(373, 'DP2302040049', 347, 28000, 0, 28000, 100000, 72000, '', '2023-02-04', 37, '2023-02-04 11:47:16', 1, 'Cash', 'Ally'),
(374, 'DP2302040050', 348, 42000, 0, 42000, 50000, 8000, '', '2023-02-04', 31, '2023-02-04 11:48:43', 1, 'Cash', 'Ally'),
(375, 'DP2302040051', 349, 43000, 0, 43000, 100000, 57000, '', '2023-02-04', 11, '2023-02-04 11:49:43', 1, 'Cash', 'Ally'),
(376, 'DP2302040052', 117, 42000, 0, 42000, 100000, 58000, '', '2023-02-04', 31, '2023-02-04 11:52:28', 1, 'Cash', 'Ally'),
(377, 'DP2302040053', 351, 49000, 0, 49000, 50000, 1000, '', '2023-02-04', 37, '2023-02-04 11:54:07', 1, 'Cash', 'Ally'),
(378, 'DP2302040054', 108, 16000, 0, 16000, 100000, 84000, '', '2023-02-04', 31, '2023-02-04 11:55:03', 1, 'Cash', 'Ally'),
(379, 'DP2302040055', 353, 100000, 0, 100000, 100000, 0, '', '2023-02-04', 13, '2023-02-04 11:56:38', 1, 'Cash', 'Ally'),
(380, 'DP2302040056', 354, 14000, 0, 14000, 14000, 0, '', '2023-02-04', 37, '2023-02-04 12:00:41', 1, 'Cash', 'Ally'),
(381, 'DP2302040057', 71, 80000, 0, 80000, 100000, 20000, '', '2023-02-04', 13, '2023-02-04 12:01:21', 1, 'Cash', 'Ally'),
(382, 'DP2302040058', 88, 93000, 0, 93000, 93000, 0, '', '2023-02-04', 11, '2023-02-04 12:03:09', 1, 'Debit', 'Ally'),
(383, 'DP2302040059', 261, 379000, 0, 379000, 379000, 0, '', '2023-02-04', 28, '2023-02-04 12:06:34', 1, 'Debit', 'Ally'),
(384, 'DP2302040060', 261, 80000, 0, 80000, 100000, 20000, '', '2023-02-04', 28, '2023-02-04 12:11:50', 1, 'Cash', 'Ally'),
(385, 'DP2302040061', 77, 233000, 0, 233000, 233000, 0, '', '2023-02-04', 37, '2023-02-04 12:15:18', 1, 'Debit', 'Ally'),
(386, 'DP2302040062', 355, 19000, 0, 19000, 20000, 1000, '', '2023-02-04', 20, '2023-02-04 12:18:42', 1, 'Cash', 'Ally'),
(387, 'DP2302040063', 356, 10000, 0, 10000, 10000, 0, '', '2023-02-04', 37, '2023-02-04 12:19:37', 1, 'Cash', 'Ally'),
(388, 'DP2302040064', 153, 64000, 0, 64000, 100000, 36000, '', '2023-02-04', 13, '2023-02-04 12:21:42', 1, 'Cash', 'Ally'),
(389, 'DP2302040065', 357, 29000, 0, 29000, 29000, 0, '', '2023-02-04', 37, '2023-02-04 12:22:40', 1, 'Cash', 'Ally'),
(390, 'DP2302040066', 356, 37000, 0, 37000, 40000, 3000, '', '2023-02-04', 2, '2023-02-04 12:25:55', 1, 'Cash', 'Ally'),
(391, 'DP2302040067', 16, 7000, 0, 7000, 10000, 3000, '', '2023-02-04', 37, '2023-02-04 12:26:07', 1, 'Cash', 'Ally'),
(392, 'DP2302040068', 287, 20000, 0, 20000, 50000, 30000, '', '2023-02-04', 13, '2023-02-04 12:26:52', 1, 'Cash', 'Ally'),
(393, 'DP2302040069', 360, 75000, 0, 75000, 75000, 0, '', '2023-02-04', 2, '2023-02-04 12:28:35', 1, 'Debit', 'Ally'),
(394, 'DP2302040070', 121, 7000, 0, 7000, 20000, 13000, '', '2023-02-04', 37, '2023-02-04 12:28:47', 1, 'Cash', 'Ally'),
(395, 'DP2302040071', 361, 56000, 0, 56000, 56000, 0, '', '2023-02-04', 13, '2023-02-04 12:29:57', 1, 'Debit', 'Ally'),
(396, 'DP2302040072', 361, 43000, 0, 43000, 43000, 0, '', '2023-02-04', 37, '2023-02-04 12:30:50', 1, 'Debit', 'Ally'),
(397, 'DP2302040073', 105, 17000, 0, 17000, 20000, 3000, '', '2023-02-04', 37, '2023-02-04 12:36:12', 1, 'Cash', 'Ally'),
(398, 'DP2302040074', 364, 55000, 0, 55000, 55000, 0, '', '2023-02-04', 31, '2023-02-04 12:37:25', 1, 'Cash', 'Ally'),
(399, 'DP2302040075', NULL, 55000, 0, 55000, 55000, 0, '', '2023-02-04', 32, '2023-02-04 12:42:01', 1, 'Cash', ''),
(400, 'DP2302040076', 365, 103000, 0, 103000, 103000, 0, '', '2023-02-04', 11, '2023-02-04 12:43:10', 1, 'Debit', 'Ally'),
(401, 'DP2302040077', 76, 19000, 0, 19000, 50000, 31000, '', '2023-02-04', 11, '2023-02-04 12:47:55', 1, 'Cash', 'Ally'),
(402, 'DP2302040078', 313, 95000, 0, 95000, 100000, 5000, '', '2023-02-04', 37, '2023-02-04 12:50:34', 1, 'Cash', 'Ally'),
(403, 'DP2302040079', 366, 26000, 0, 26000, 100000, 74000, '', '2023-02-04', 11, '2023-02-04 12:51:37', 1, 'Cash', 'Ally'),
(404, 'DP2302040080', 368, 723000, 0, 723000, 750000, 27000, '', '2023-02-04', 2, '2023-02-04 12:55:25', 1, 'Cash', 'Ally'),
(405, 'DP2302040081', NULL, 108000, 0, 108000, 150000, 42000, '', '2023-02-04', 32, '2023-02-04 12:57:21', 1, 'Cash', ''),
(406, 'DP2302040082', 367, 32000, 0, 32000, 32000, 0, '', '2023-02-04', 37, '2023-02-04 12:57:46', 1, 'Cash', 'Ally'),
(407, 'DP2302040083', 225, 45000, 0, 45000, 45000, 0, '', '2023-02-04', 13, '2023-02-04 12:58:16', 1, 'Debit', 'Ally'),
(408, 'DP2302040084', NULL, 24000, 0, 24000, 50000, 26000, '', '2023-02-04', 32, '2023-02-04 12:58:49', 1, 'Cash', ''),
(409, 'DP2302040085', 369, 64000, 0, 64000, 100000, 36000, '', '2023-02-04', 11, '2023-02-04 12:59:10', 1, 'Cash', 'Ally'),
(411, 'DP2302040087', NULL, 40000, 0, 40000, 40000, 0, '', '2023-02-04', 32, '2023-02-04 13:05:59', 1, 'Debit', ''),
(412, 'DP2302040088', 287, 38000, 0, 38000, 50000, 12000, '', '2023-02-04', 37, '2023-02-04 13:11:35', 1, 'Cash', 'Ally'),
(413, 'DP2302040089', 372, 34000, 0, 34000, 50000, 16000, '', '2023-02-04', 20, '2023-02-04 13:12:46', 1, 'Cash', 'Ally'),
(414, 'DP2302040090', 373, 45000, 0, 45000, 50000, 5000, '', '2023-02-04', 2, '2023-02-04 13:21:47', 1, 'Cash', 'Ally'),
(415, 'DP2302040091', NULL, 14000, 0, 14000, 50000, 36000, '', '2023-02-04', 32, '2023-02-04 13:25:48', 1, 'Cash', ''),
(416, 'DP2302040092', 374, 101000, 0, 101000, 101000, 0, '', '2023-02-04', 37, '2023-02-04 13:26:16', 1, 'Debit', 'Ally'),
(417, 'DP2302040093', NULL, 20000, 0, 20000, 50000, 30000, '', '2023-02-04', 32, '2023-02-04 13:27:32', 1, 'Cash', ''),
(418, 'DP2302040094', 262, 257000, 0, 257000, 257000, 0, '', '2023-02-04', 13, '2023-02-04 13:29:08', 1, 'Debit', 'Ally'),
(419, 'DP2302040095', NULL, 27000, 0, 27000, 27000, 0, '', '2023-02-04', 32, '2023-02-04 13:29:49', 1, 'Debit', ''),
(420, 'DP2302040096', 375, 79000, 0, 79000, 100000, 21000, '', '2023-02-04', 2, '2023-02-04 13:32:17', 1, 'Cash', 'Ally'),
(421, 'DP2302040097', 376, 124000, 0, 124000, 125000, 1000, '', '2023-02-04', 36, '2023-02-04 13:34:55', 1, 'Cash', 'Ally'),
(422, 'DP2302040098', 377, 55000, 0, 55000, 55000, 0, '', '2023-02-04', 2, '2023-02-04 13:36:28', 1, 'Debit', 'Ally'),
(423, 'DP2302040099', 261, 51000, 0, 51000, 51000, 0, '', '2023-02-04', 28, '2023-02-04 13:43:19', 1, 'Cash', 'Ally'),
(424, 'DP2302040100', 380, 100000, 0, 100000, 100000, 0, '', '2023-02-04', 13, '2023-02-04 13:43:22', 1, 'Debit', 'Ally'),
(425, 'DP2302040101', NULL, 25000, 0, 25000, 100000, 75000, '', '2023-02-04', 32, '2023-02-04 13:43:30', 1, 'Cash', ''),
(426, 'DP2302040102', 381, 153000, 0, 153000, 153000, 0, '', '2023-02-04', 31, '2023-02-04 13:43:30', 1, 'Debit', 'Ally'),
(427, 'DP2302040103', 378, 52000, 0, 52000, 100000, 48000, '', '2023-02-04', 1, '2023-02-04 13:44:28', 1, 'Cash', ''),
(428, 'DP2302040104', 382, 39000, 0, 39000, 39000, 0, '', '2023-02-04', 19, '2023-02-04 13:44:36', 1, 'Debit', 'Ally'),
(429, 'DP2302040105', 261, 18000, 0, 18000, 20000, 2000, '', '2023-02-04', 28, '2023-02-04 13:44:51', 1, 'Cash', 'Ally'),
(430, 'DP2302040106', 322, 192000, 0, 192000, 200000, 8000, '', '2023-02-04', 37, '2023-02-04 13:47:45', 1, 'Cash', 'Ally'),
(431, 'DP2302040107', NULL, 13000, 0, 13000, 15000, 2000, '', '2023-02-04', 32, '2023-02-04 13:47:46', 1, 'Cash', ''),
(432, 'DP2302040108', 288, 75000, 0, 75000, 75000, 0, '', '2023-02-04', 13, '2023-02-04 13:49:01', 1, 'Debit', 'Ally'),
(433, 'DP2302040109', 261, 64000, 0, 64000, 64000, 0, '', '2023-02-04', 28, '2023-02-04 13:50:44', 1, 'Debit', 'Ally'),
(434, 'DP2302040110', 384, 36000, 0, 36000, 50000, 14000, '', '2023-02-04', 37, '2023-02-04 13:51:06', 1, 'Cash', 'Ally'),
(435, 'DP2302040111', 383, 64000, 0, 64000, 100000, 36000, '', '2023-02-04', 36, '2023-02-04 13:51:57', 1, 'Cash', 'Ally'),
(436, 'DP2302040112', 385, 137000, 0, 137000, 137000, 0, '', '2023-02-04', 2, '2023-02-04 13:54:25', 1, 'Debit', 'Ally'),
(437, 'DP2302040113', 261, 133000, 0, 133000, 150000, 17000, '', '2023-02-04', 28, '2023-02-04 13:54:28', 1, 'Cash', 'Ally'),
(438, 'DP2302040114', 82, 43000, 0, 43000, 50000, 7000, '', '2023-02-04', 37, '2023-02-04 13:55:07', 1, 'Cash', 'Ally'),
(439, 'DP2302040115', 34, 36000, 0, 36000, 50000, 14000, '', '2023-02-04', 13, '2023-02-04 13:55:39', 1, 'Cash', 'Ally');
INSERT INTO `t_sale` (`sale_id`, `invoice`, `customer_id`, `total_price`, `discount`, `final_price`, `cash`, `remaining`, `note`, `date`, `user_id`, `created`, `status_pesanan`, `jenis_pembayaran`, `kasir`) VALUES
(440, 'DP2302040116', 261, 17000, 0, 17000, 100000, 83000, '', '2023-02-04', 28, '2023-02-04 13:55:59', 1, 'Cash', 'Ally'),
(441, 'DP2302040117', 388, 189000, 0, 189000, 189000, 0, '', '2023-02-04', 37, '2023-02-04 14:00:47', 1, 'Debit', 'Ally'),
(442, 'DP2302040118', 5, 10000, 0, 10000, 20000, 10000, '', '2023-02-04', 37, '2023-02-04 14:04:43', 1, 'Cash', 'Ally'),
(443, 'DP2302040119', 390, 21000, 0, 21000, 50000, 29000, '', '2023-02-04', 11, '2023-02-04 14:09:38', 1, 'Cash', 'Ally'),
(444, 'DP2302040120', NULL, 100000, 0, 100000, 100000, 0, '', '2023-02-04', 32, '2023-02-04 14:11:56', 1, 'Cash', ''),
(445, 'DP2302040121', 391, 65000, 0, 65000, 65000, 0, '', '2023-02-04', 13, '2023-02-04 14:12:29', 1, 'Debit', 'Ally'),
(446, 'DP2302040122', 392, 31000, 0, 31000, 100000, 69000, '', '2023-02-04', 13, '2023-02-04 14:15:01', 1, 'Cash', 'Ally'),
(447, 'DP2302040123', 313, 95000, 0, 95000, 95000, 0, '', '2023-02-04', 11, '2023-02-04 14:23:38', 1, 'Debit', 'Ally'),
(448, 'DP2302040124', 313, 18000, 0, 18000, 18000, 0, '', '2023-02-04', 11, '2023-02-04 14:24:58', 1, 'Debit', 'Ally'),
(449, 'DP2302040125', 12, 69000, 0, 69000, 100000, 31000, '', '2023-02-04', 19, '2023-02-04 14:28:11', 1, 'Cash', 'Ally'),
(450, 'DP2302040126', 395, 372000, 0, 372000, 372000, 0, '', '2023-02-04', 31, '2023-02-04 14:29:34', 1, 'Debit', 'Ally'),
(451, 'DP2302040127', 393, 92000, 0, 92000, 92000, 0, '', '2023-02-04', 13, '2023-02-04 14:32:07', 1, 'Debit', 'Ally'),
(452, 'DP2302040128', NULL, 28000, 0, 28000, 28000, 0, '', '2023-02-04', 32, '2023-02-04 14:32:57', 1, 'Debit', ''),
(453, 'DP2302040129', 396, 18000, 0, 18000, 100000, 82000, '', '2023-02-04', 19, '2023-02-04 14:33:43', 1, 'Cash', 'Ally'),
(454, 'DP2302040130', NULL, 86000, 0, 86000, 100000, 14000, '', '2023-02-04', 32, '2023-02-04 14:37:25', 1, 'Cash', ''),
(455, 'DP2302040131', 397, 206000, 0, 206000, 210000, 4000, '', '2023-02-04', 11, '2023-02-04 14:38:05', 1, 'Cash', 'Ally'),
(456, 'DP2302040132', 150, 98000, 0, 98000, 100000, 2000, '', '2023-02-04', 37, '2023-02-04 14:45:58', 1, 'Cash', 'Ally'),
(457, 'DP2302040133', 399, 21000, 0, 21000, 45000, 24000, '', '2023-02-04', 13, '2023-02-04 14:47:42', 1, 'Cash', 'Ally'),
(458, 'DP2302040134', NULL, 55000, 0, 55000, 55000, 0, '', '2023-02-04', 32, '2023-02-04 14:49:07', 1, 'Cash', ''),
(459, 'DP2302040135', 166, 20000, 0, 20000, 100000, 80000, '', '2023-02-04', 37, '2023-02-04 14:50:46', 1, 'Cash', 'Ally'),
(460, 'DP2302040136', 175, 34000, 0, 34000, 100000, 66000, '', '2023-02-04', 13, '2023-02-04 14:50:56', 1, 'Cash', 'Ally'),
(461, 'DP2302040137', 261, 40000, 0, 40000, 100000, 60000, '', '2023-02-04', 28, '2023-02-04 14:51:01', 1, 'Cash', 'Ally'),
(462, 'DP2302040138', NULL, 18000, 0, 18000, 50000, 32000, '', '2023-02-04', 32, '2023-02-04 14:51:21', 1, 'Cash', ''),
(463, 'DP2302040139', NULL, 56000, 0, 56000, 60000, 4000, '', '2023-02-04', 32, '2023-02-04 14:55:43', 1, 'Cash', ''),
(464, 'DP2302040140', 261, 39000, 0, 39000, 39000, 0, '', '2023-02-04', 28, '2023-02-04 14:58:25', 1, 'Debit', 'Ally'),
(465, 'DP2302040141', 399, 18000, 0, 18000, 100000, 82000, '', '2023-02-04', 13, '2023-02-04 14:59:02', 1, 'Cash', 'Ally'),
(466, 'DP2302040142', 384, 28000, 0, 28000, 28000, 0, '', '2023-02-04', 37, '2023-02-04 15:01:42', 1, 'Debit', 'Ally'),
(467, 'DP2302040143', 401, 75000, 0, 75000, 100000, 25000, '', '2023-02-04', 11, '2023-02-04 15:01:47', 1, 'Cash', 'Ally'),
(468, 'DP2302040144', 402, 46000, 0, 46000, 100000, 54000, '', '2023-02-04', 37, '2023-02-04 15:04:44', 1, 'Cash', 'Ally'),
(469, 'DP2302040145', 331, 21000, 0, 21000, 51000, 30000, '', '2023-02-04', 37, '2023-02-04 15:06:02', 1, 'Cash', 'Ally'),
(470, 'DP2302040146', 14, 153900, 0, 153900, 153900, 0, '', '2023-02-04', 11, '2023-02-04 15:08:20', 1, 'Debit', 'Ally'),
(471, 'DP2302040147', 404, 55000, 0, 55000, 100000, 45000, '', '2023-02-04', 13, '2023-02-04 15:08:57', 1, 'Cash', 'Ally'),
(472, 'DP2302040148', 331, 44000, 0, 44000, 100000, 56000, '', '2023-02-04', 36, '2023-02-04 15:11:04', 1, 'Cash', 'Ally'),
(473, 'DP2302040149', 406, 57000, 0, 57000, 57000, 0, '', '2023-02-04', 37, '2023-02-04 15:11:29', 1, 'Debit', 'Ally'),
(474, 'DP2302040150', 407, 21000, 0, 21000, 50000, 29000, '', '2023-02-04', 11, '2023-02-04 15:12:39', 1, 'Cash', 'Ally'),
(475, 'DP2302040151', 50, 18000, 0, 18000, 50000, 32000, '', '2023-02-04', 37, '2023-02-04 15:15:10', 1, 'Cash', 'Ally'),
(476, 'DP2302040152', 408, 57000, 0, 57000, 57000, 0, '', '2023-02-04', 37, '2023-02-04 15:16:55', 1, 'Cash', 'Ally'),
(477, 'DP2302040153', 410, 80000, 0, 80000, 100000, 20000, '', '2023-02-04', 37, '2023-02-04 15:20:01', 1, 'Cash', 'Ally'),
(478, 'DP2302040154', 156, 32000, 0, 32000, 50000, 18000, '', '2023-02-04', 11, '2023-02-04 15:20:13', 1, 'Cash', 'Ally'),
(479, 'DP2302040155', 411, 40000, 0, 40000, 50000, 10000, '', '2023-02-04', 13, '2023-02-04 15:21:59', 1, 'Cash', 'Ally'),
(480, 'DP2302040156', 77, 21000, 0, 21000, 50000, 29000, '', '2023-02-04', 37, '2023-02-04 15:27:26', 1, 'Cash', 'Ally'),
(481, 'DP2302040157', 261, 36000, 0, 36000, 36000, 0, '', '2023-02-04', 28, '2023-02-04 15:28:52', 1, 'Debit', 'Ally'),
(483, 'DP2302040159', 414, 205000, 0, 205000, 205000, 0, '', '2023-02-04', 11, '2023-02-04 15:31:12', 1, 'Debit', 'Ally'),
(484, 'DP2302040160', 415, 28000, 0, 28000, 30000, 2000, '', '2023-02-04', 13, '2023-02-04 15:33:09', 1, 'Cash', 'Ally'),
(485, 'DP2302040161', NULL, 27000, 0, 27000, 40000, 13000, '', '2023-02-04', 32, '2023-02-04 15:33:13', 1, 'Cash', ''),
(486, 'DP2302040162', 64, 28000, 0, 28000, 50000, 22000, '', '2023-02-04', 2, '2023-02-04 15:33:14', 1, 'Cash', 'Ally'),
(487, 'DP2302040163', 413, 146000, 0, 146000, 146000, 0, '', '2023-02-04', 37, '2023-02-04 15:34:37', 1, 'Debit', 'Ally'),
(488, 'DP2302040164', 416, 8000, 0, 8000, 20000, 12000, '', '2023-02-04', 11, '2023-02-04 15:35:33', 1, 'Cash', 'Ally'),
(489, 'DP2302040165', 261, 20000, 0, 20000, 100000, 80000, '', '2023-02-04', 28, '2023-02-04 15:37:39', 1, 'Cash', 'Ally'),
(490, 'DP2302040166', NULL, 18000, 0, 18000, 50000, 32000, '', '2023-02-04', 32, '2023-02-04 15:39:17', 1, 'Cash', ''),
(491, 'DP2302040167', 124, 200000, 0, 200000, 200000, 0, '', '2023-02-04', 37, '2023-02-04 15:40:59', 1, 'Cash', 'Ally'),
(492, 'DP2302040168', 124, 106000, 0, 106000, 110000, 4000, '', '2023-02-04', 35, '2023-02-04 15:46:41', 1, 'Cash', 'Ally'),
(493, 'DP2302040169', 92, 36000, 0, 36000, 36000, 0, '', '2023-02-04', 37, '2023-02-04 15:49:22', 1, 'Debit', 'Ally'),
(494, 'DP2302040170', 92, 20000, 0, 20000, 20000, 0, '', '2023-02-04', 37, '2023-02-04 15:51:23', 1, 'Debit', 'Ally'),
(495, 'DP2302040171', 89, 29000, 0, 29000, 100000, 71000, '', '2023-02-04', 35, '2023-02-04 15:53:30', 1, 'Cash', 'Ally'),
(496, 'DP2302040172', 261, 40000, 0, 40000, 50000, 10000, '', '2023-02-04', 28, '2023-02-04 15:54:48', 1, 'Cash', 'Ally'),
(497, 'DP2302040173', 420, 99000, 0, 99000, 99000, 0, '', '2023-02-04', 36, '2023-02-04 15:55:28', 1, 'Debit', 'Ally'),
(498, 'DP2302040174', 421, 33000, 0, 33000, 50000, 17000, '', '2023-02-04', 37, '2023-02-04 15:58:53', 1, 'Cash', 'Ally'),
(499, 'DP2302040175', 261, 70000, 0, 70000, 70000, 0, '', '2023-02-04', 28, '2023-02-04 16:00:30', 1, 'Cash', 'Ally'),
(501, 'DP2302040177', 424, 20000, 0, 20000, 20000, 0, '', '2023-02-04', 13, '2023-02-04 16:17:08', 1, 'Cash', 'Ally'),
(502, 'DP2302040178', 425, 48000, 0, 48000, 50000, 2000, '', '2023-02-04', 31, '2023-02-04 16:17:52', 1, 'Cash', 'Ally'),
(503, 'DP2302040179', 426, 58000, 0, 58000, 60000, 2000, '', '2023-02-04', 31, '2023-02-04 16:19:53', 1, 'Cash', 'Ally'),
(504, 'DP2302040180', 427, 13000, 0, 13000, 20000, 7000, '', '2023-02-04', 31, '2023-02-04 16:20:53', 1, 'Cash', 'Ally'),
(505, 'DP2302040181', 423, 412000, 0, 412000, 500000, 88000, '', '2023-02-04', 37, '2023-02-04 16:22:19', 1, 'Cash', 'Ally'),
(506, 'DP2302040182', NULL, 36000, 0, 36000, 36000, 0, '', '2023-02-04', 32, '2023-02-04 16:25:12', 1, 'Debit', ''),
(507, 'DP2302040183', 430, 152000, 0, 152000, 152000, 0, '', '2023-02-04', 31, '2023-02-04 16:27:20', 1, 'Debit', 'Ally'),
(508, 'DP2302040184', 431, 54000, 0, 54000, 60000, 6000, '', '2023-02-04', 35, '2023-02-04 16:28:57', 1, 'Cash', 'Ally'),
(509, 'DP2302040185', 432, 14000, 0, 14000, 14000, 0, '', '2023-02-04', 31, '2023-02-04 16:29:31', 1, 'Debit', 'Ally'),
(510, 'DP2302040186', 433, 35000, 0, 35000, 50000, 15000, '', '2023-02-04', 37, '2023-02-04 16:31:01', 1, 'Cash', 'Ally'),
(511, 'DP2302040187', NULL, 24000, 0, 24000, 100000, 76000, '', '2023-02-04', 32, '2023-02-04 16:34:10', 1, 'Cash', ''),
(512, 'DP2302040188', 435, 36000, 0, 36000, 36000, 0, '', '2023-02-04', 37, '2023-02-04 16:46:52', 1, 'Cash', 'Ally'),
(513, 'DP2302040189', 25, 63000, 0, 63000, 63000, 0, '', '2023-02-04', 37, '2023-02-04 16:48:53', 1, 'Debit', 'Ally'),
(514, 'DP2302040190', 436, 110000, 0, 110000, 110000, 0, '', '2023-02-04', 31, '2023-02-04 16:49:10', 1, 'Cash', 'Ally'),
(515, 'DP2302040191', 385, 447100, 0, 447100, 447100, 0, '', '2023-02-04', 11, '2023-02-04 16:53:07', 1, 'Debit', 'Ally'),
(516, 'DP2302040192', 438, 216000, 0, 216000, 216000, 0, '', '2023-02-04', 35, '2023-02-04 16:54:40', 1, 'Debit', 'Ally'),
(517, 'DP2302040193', NULL, 130000, 0, 130000, 150000, 20000, '', '2023-02-04', 32, '2023-02-04 17:00:43', 1, 'Cash', ''),
(518, 'DP2302040194', 120, 35000, 0, 35000, 50000, 15000, '', '2023-02-04', 11, '2023-02-04 17:02:16', 1, 'Cash', 'Ally'),
(519, 'DP2302040195', 440, 263000, 0, 263000, 300000, 37000, '', '2023-02-04', 2, '2023-02-04 17:02:51', 1, 'Cash', 'Ally'),
(520, 'DP2302040196', NULL, 18000, 0, 18000, 20000, 2000, '', '2023-02-04', 32, '2023-02-04 17:06:00', 1, 'Cash', ''),
(522, 'DP2302040198', NULL, 66000, 0, 66000, 100000, 34000, '', '2023-02-04', 32, '2023-02-04 17:08:28', 1, 'Cash', ''),
(523, 'DP2302040199', 58, 57700, 0, 57700, 57700, 0, '', '2023-02-04', 11, '2023-02-04 17:08:55', 1, 'Debit', 'Ally'),
(524, 'DP2302040200', NULL, 7000, 0, 7000, 7000, 0, '', '2023-02-04', 32, '2023-02-04 17:10:31', 1, 'Debit', ''),
(525, 'DP2302040201', 442, 56000, 0, 56000, 56000, 0, '', '2023-02-04', 31, '2023-02-04 17:11:43', 1, 'Debit', 'Ally'),
(526, 'DP2302040202', 331, 59000, 0, 59000, 70000, 11000, '', '2023-02-04', 37, '2023-02-04 17:12:11', 1, 'Cash', 'Ally'),
(527, 'DP2302040203', NULL, 788000, 0, 788000, 800000, 12000, '', '2023-02-04', 35, '2023-02-04 17:14:41', 1, 'Cash', 'Ally'),
(528, 'DP2302040204', 444, 18000, 0, 18000, 18000, 0, '', '2023-02-04', 37, '2023-02-04 17:14:59', 1, 'Cash', 'Ally'),
(529, 'DP2302040205', 261, 40000, 0, 40000, 40000, 0, '', '2023-02-04', 28, '2023-02-04 17:15:41', 1, 'Cash', 'Ally'),
(530, 'DP2302040206', NULL, 27000, 0, 27000, 60000, 33000, '', '2023-02-04', 32, '2023-02-04 17:17:56', 1, 'Cash', ''),
(531, 'DP2302040207', 443, 72000, 0, 72000, 102000, 30000, '', '2023-02-04', 35, '2023-02-04 17:25:34', 1, 'Cash', 'Ally'),
(532, 'DP2302040208', 446, 52000, 0, 52000, 52000, 0, '', '2023-02-04', 36, '2023-02-04 17:38:14', 1, 'Cash', 'Ally'),
(534, 'DP2302040210', 448, 40000, 0, 40000, 50000, 10000, '', '2023-02-04', 37, '2023-02-04 17:40:46', 1, 'Cash', 'Ally'),
(535, 'DP2302040211', NULL, 18000, 0, 18000, 50000, 32000, '', '2023-02-04', 32, '2023-02-04 17:48:38', 1, 'Debit', ''),
(536, 'DP2302040212', 357, 44000, 0, 44000, 44000, 0, '', '2023-02-04', 36, '2023-02-04 17:49:43', 1, 'Debit', 'Ally'),
(537, 'DP2302040213', 449, 48000, 0, 48000, 100000, 52000, '', '2023-02-04', 31, '2023-02-04 17:55:32', 1, 'Cash', 'Ally'),
(538, 'DP2302040214', 298, 141000, 0, 141000, 200000, 59000, '', '2023-02-04', 37, '2023-02-04 17:56:49', 1, 'Cash', 'Ally'),
(539, 'DP2302040215', 451, 47000, 0, 47000, 50000, 3000, '', '2023-02-04', 2, '2023-02-04 17:57:07', 1, 'Cash', 'Ally'),
(540, 'DP2302040216', 77, 21000, 0, 21000, 100000, 79000, '', '2023-02-04', 37, '2023-02-04 17:58:33', 1, 'Cash', 'Ally'),
(541, 'DP2302040217', 452, 39000, 0, 39000, 40000, 1000, '', '2023-02-04', 31, '2023-02-04 18:03:12', 1, 'Cash', 'Ally'),
(542, 'DP2302040218', 64, 21000, 0, 21000, 21000, 0, '', '2023-02-04', 37, '2023-02-04 18:13:35', 1, 'Cash', 'Ally'),
(543, 'DP2302040219', 454, 41000, 0, 41000, 41000, 0, '', '2023-02-04', 31, '2023-02-04 18:24:41', 1, 'Debit', 'Ally'),
(544, 'DP2302040220', 453, 168000, 0, 168000, 170000, 2000, '', '2023-02-04', 36, '2023-02-04 18:25:15', 1, 'Cash', 'Ally'),
(545, 'DP2302040221', 455, 49000, 0, 49000, 50000, 1000, '', '2023-02-04', 2, '2023-02-04 18:29:14', 1, 'Cash', 'Ally'),
(546, 'DP2302040222', 160, 50000, 0, 50000, 50000, 0, '', '2023-02-04', 13, '2023-02-04 18:33:40', 1, 'Debit', 'Ally'),
(547, 'DP2302040223', 160, 250000, 0, 250000, 250000, 0, '', '2023-02-04', 35, '2023-02-04 18:37:00', 1, 'Debit', 'Ally'),
(548, 'DP2302040224', 111, 70000, 0, 70000, 70000, 0, '', '2023-02-04', 2, '2023-02-04 18:38:50', 1, 'Cash', 'Ally'),
(549, 'DP2302040225', 160, 90000, 0, 90000, 90000, 0, '', '2023-02-04', 35, '2023-02-04 18:38:52', 1, 'Debit', 'Ally'),
(550, 'DP2302040226', 458, 117000, 0, 117000, 150000, 33000, '', '2023-02-04', 37, '2023-02-04 18:46:35', 1, 'Cash', 'Ally'),
(551, 'DP2302040227', 460, 30000, 0, 30000, 50000, 20000, '', '2023-02-04', 31, '2023-02-04 18:51:34', 1, 'Cash', 'Ally'),
(552, 'DP2302040228', 63, 18000, 0, 18000, 20000, 2000, '', '2023-02-04', 37, '2023-02-04 18:52:50', 1, 'Cash', 'Ally'),
(553, 'DP2302040229', 462, 18000, 0, 18000, 20000, 2000, '', '2023-02-04', 31, '2023-02-04 18:52:50', 1, 'Cash', 'Ally'),
(554, 'DP2302050001', 463, 40000, 0, 40000, 100000, 60000, '', '2023-02-05', 11, '2023-02-05 10:11:35', 1, 'Cash', 'Yani'),
(555, 'DP2302050002', 464, 50000, 0, 50000, 50000, 0, '', '2023-02-05', 11, '2023-02-05 10:19:00', 1, 'Debit', 'Yani'),
(556, 'DP2302050003', 465, 75000, 0, 75000, 100000, 25000, '', '2023-02-05', 31, '2023-02-05 10:22:20', 1, 'Cash', 'Yani'),
(557, 'DP2302050004', NULL, 54000, 0, 54000, 55000, 1000, '', '2023-02-05', 9, '2023-02-05 10:23:59', 1, 'Cash', ''),
(558, 'DP2302050005', 466, 55000, 0, 55000, 55000, 0, '', '2023-02-05', 37, '2023-02-05 10:25:05', 1, 'Cash', 'Yani'),
(559, 'DP2302050006', 467, 41000, 0, 41000, 50000, 9000, '', '2023-02-05', 37, '2023-02-05 10:27:17', 1, 'Cash', 'Yani'),
(560, 'DP2302050007', 469, 64000, 0, 64000, 64000, 0, '', '2023-02-05', 31, '2023-02-05 10:30:19', 1, 'Debit', 'Yani'),
(561, 'DP2302050008', 191, 69000, 0, 69000, 69000, 0, '', '2023-02-05', 36, '2023-02-05 10:31:10', 1, 'Debit', 'Yani'),
(562, 'DP2302050009', 470, 250000, 0, 250000, 250000, 0, '', '2023-02-05', 11, '2023-02-05 10:31:28', 1, 'Debit', 'Yani'),
(563, 'DP2302050010', NULL, 15000, 0, 15000, 50000, 35000, '', '2023-02-05', 9, '2023-02-05 10:32:29', 1, 'Cash', ''),
(564, 'DP2302050011', 472, 41000, 0, 41000, 50000, 9000, '', '2023-02-05', 31, '2023-02-05 10:33:12', 1, 'Cash', 'Yani'),
(565, 'DP2302050012', 471, 228000, 0, 228000, 250000, 22000, '', '2023-02-05', 35, '2023-02-05 10:33:21', 1, 'Cash', 'Yani'),
(566, 'DP2302050013', 64, 76000, 0, 76000, 100000, 24000, '', '2023-02-05', 37, '2023-02-05 10:35:15', 1, 'Cash', 'Yani'),
(567, 'DP2302050014', 475, 27000, 0, 27000, 30000, 3000, '', '2023-02-05', 35, '2023-02-05 10:38:01', 1, 'Cash', 'Yani'),
(568, 'DP2302050015', 18, 145000, 0, 145000, 150000, 5000, '', '2023-02-05', 2, '2023-02-05 10:38:16', 1, 'Cash', 'Yani'),
(569, 'DP2302050016', 476, 73000, 0, 73000, 100000, 27000, '', '2023-02-05', 36, '2023-02-05 10:42:03', 1, 'Cash', 'Yani'),
(570, 'DP2302050017', 16, 398000, 0, 398000, 398000, 0, '', '2023-02-05', 13, '2023-02-05 10:45:25', 1, 'Debit', 'Yani'),
(571, 'DP2302050018', 169, 17000, 0, 17000, 50000, 33000, '', '2023-02-05', 35, '2023-02-05 11:01:15', 1, 'Cash', 'Yani'),
(572, 'DP2302050019', 479, 154000, 0, 154000, 154000, 0, '', '2023-02-05', 31, '2023-02-05 11:02:41', 1, 'Debit', 'Yani'),
(573, 'DP2302050020', 481, 174000, 0, 174000, 174000, 0, '', '2023-02-05', 20, '2023-02-05 11:05:48', 1, 'Debit', 'Yani'),
(574, 'DP2302050021', NULL, 53000, 0, 53000, 74000, 21000, '', '2023-02-05', 35, '2023-02-05 11:06:17', 1, 'Cash', 'Yani'),
(575, 'DP2302050022', 482, 108000, 0, 108000, 150000, 42000, '', '2023-02-05', 11, '2023-02-05 11:07:44', 1, 'Cash', 'Yani'),
(576, 'DP2302050023', 175, 41000, 0, 41000, 50000, 9000, '', '2023-02-05', 37, '2023-02-05 11:07:46', 1, 'Cash', 'Yani'),
(577, 'DP2302050024', 313, 36000, 0, 36000, 50000, 14000, '', '2023-02-05', 11, '2023-02-05 11:09:49', 1, 'Cash', 'Yani'),
(578, 'DP2302050025', 485, 31000, 0, 31000, 50000, 19000, '', '2023-02-05', 31, '2023-02-05 11:12:29', 1, 'Cash', 'Yani'),
(579, 'DP2302050026', 480, 36000, 0, 36000, 36000, 0, '', '2023-02-05', 35, '2023-02-05 11:12:39', 1, 'Cash', 'Yani'),
(580, 'DP2302050027', 484, 67000, 0, 67000, 67000, 0, '', '2023-02-05', 13, '2023-02-05 11:13:04', 1, 'Debit', 'Yani'),
(581, 'DP2302050028', 480, 40000, 0, 40000, 40000, 0, '', '2023-02-05', 11, '2023-02-05 11:14:33', 1, 'Cash', 'Yani'),
(582, 'DP2302050029', 34, 49000, 0, 49000, 50000, 1000, '', '2023-02-05', 36, '2023-02-05 11:21:09', 1, 'Cash', 'Yani'),
(583, 'DP2302050030', 488, 119000, 0, 119000, 150000, 31000, '', '2023-02-05', 31, '2023-02-05 11:22:10', 1, 'Cash', 'Yani'),
(584, 'DP2302050031', 491, 54000, 0, 54000, 55000, 1000, '', '2023-02-05', 11, '2023-02-05 11:25:09', 1, 'Cash', 'Yani'),
(585, 'DP2302050032', 185, 38000, 0, 38000, 38000, 0, '', '2023-02-05', 35, '2023-02-05 11:28:34', 1, 'Debit', 'Yani'),
(586, 'DP2302050033', 198, 55000, 0, 55000, 100000, 45000, '', '2023-02-05', 11, '2023-02-05 11:30:09', 1, 'Cash', 'Yani'),
(587, 'DP2302050034', NULL, 22000, 0, 22000, 50000, 28000, '', '2023-02-05', 9, '2023-02-05 11:30:18', 1, 'Cash', ''),
(588, 'DP2302050035', 490, 188000, 0, 188000, 200000, 12000, '', '2023-02-05', 37, '2023-02-05 11:30:26', 1, 'Cash', 'Yani'),
(589, 'DP2302050036', 266, 55000, 0, 55000, 70000, 15000, '', '2023-02-05', 13, '2023-02-05 11:37:24', 1, 'Cash', 'Yani'),
(590, 'DP2302050037', 345, 42800, 0, 42800, 42800, 0, '', '2023-02-05', 36, '2023-02-05 11:38:21', 1, 'Debit', 'Yani'),
(591, 'DP2302050038', 205, 18000, 0, 18000, 18000, 0, '', '2023-02-05', 37, '2023-02-05 11:40:56', 1, 'Cash', 'Yani'),
(592, 'DP2302050039', 322, 41000, 0, 41000, 50000, 9000, '', '2023-02-05', 13, '2023-02-05 11:43:44', 1, 'Cash', 'Yani'),
(593, 'DP2302050040', NULL, 36000, 0, 36000, 50000, 14000, '', '2023-02-05', 9, '2023-02-05 11:49:03', 1, 'Cash', ''),
(594, 'DP2302050041', 100, 192000, 0, 192000, 192000, 0, '', '2023-02-05', 35, '2023-02-05 11:50:37', 1, 'Debit', 'Yani'),
(595, 'DP2302050042', 81, 79000, 0, 79000, 100000, 21000, '', '2023-02-05', 37, '2023-02-05 11:50:43', 1, 'Cash', 'Yani'),
(596, 'DP2302050043', 496, 14000, 0, 14000, 20000, 6000, '', '2023-02-05', 31, '2023-02-05 11:52:02', 1, 'Cash', 'Yani'),
(597, 'DP2302050044', 100, 34000, 0, 34000, 34000, 0, '', '2023-02-05', 35, '2023-02-05 11:53:14', 1, 'Debit', 'Yani'),
(598, 'DP2302050045', NULL, 43000, 0, 43000, 45000, 2000, '', '2023-02-05', 9, '2023-02-05 11:55:34', 1, 'Cash', ''),
(599, 'DP2302050046', 498, 9000, 0, 9000, 10000, 1000, '', '2023-02-05', 37, '2023-02-05 11:58:07', 1, 'Cash', 'Yani'),
(600, 'DP2302050047', 118, 27000, 0, 27000, 30000, 3000, '', '2023-02-05', 35, '2023-02-05 11:59:36', 1, 'Cash', 'Yani'),
(601, 'DP2302050048', 500, 153000, 0, 153000, 153000, 0, '', '2023-02-05', 31, '2023-02-05 12:00:41', 1, 'Debit', 'Yani'),
(602, 'DP2302050049', 501, 42000, 0, 42000, 42000, 0, '', '2023-02-05', 37, '2023-02-05 12:04:47', 1, 'Debit', 'Yani'),
(603, 'DP2302050050', NULL, 94000, 0, 94000, 100000, 6000, '', '2023-02-05', 9, '2023-02-05 12:09:36', 1, 'Cash', ''),
(604, 'DP2302050051', 121, 207000, 0, 207000, 207000, 0, '', '2023-02-05', 13, '2023-02-05 12:12:50', 1, 'Debit', 'Yani'),
(605, 'DP2302050052', 236, 42000, 0, 42000, 42000, 0, '', '2023-02-05', 37, '2023-02-05 12:15:34', 1, 'Debit', 'Yani'),
(606, 'DP2302050053', 3, 22000, 0, 22000, 22000, 0, '', '2023-02-05', 9, '2023-02-05 12:19:05', 1, 'Debit', ''),
(607, 'DP2302050054', 502, 9000, 0, 9000, 50000, 41000, '', '2023-02-05', 13, '2023-02-05 12:20:37', 1, 'Cash', 'Yani'),
(608, 'DP2302050055', 319, 41000, 0, 41000, 101000, 60000, '', '2023-02-05', 37, '2023-02-05 12:22:08', 1, 'Cash', 'Yani'),
(609, 'DP2302050056', NULL, 12000, 0, 12000, 12000, 0, '', '2023-02-05', 9, '2023-02-05 12:27:38', 1, 'Cash', ''),
(610, 'DP2302050057', 503, 134000, 0, 134000, 134000, 0, '', '2023-02-05', 13, '2023-02-05 12:32:26', 1, 'Debit', 'Yani'),
(611, 'DP2302050058', 505, 121000, 0, 121000, 121000, 0, '', '2023-02-05', 31, '2023-02-05 12:34:46', 1, 'Debit', 'Yani'),
(612, 'DP2302050059', NULL, 68000, 0, 68000, 68000, 0, '', '2023-02-05', 9, '2023-02-05 12:36:46', 1, 'Debit', ''),
(613, 'DP2302050060', 14, 30000, 0, 30000, 100000, 70000, '', '2023-02-05', 13, '2023-02-05 12:39:05', 1, 'Cash', 'Yani'),
(614, 'DP2302050061', NULL, 36000, 0, 36000, 50000, 14000, '', '2023-02-05', 9, '2023-02-05 12:39:28', 1, 'Cash', ''),
(615, 'DP2302050062', 250, 29000, 0, 29000, 29000, 0, '', '2023-02-05', 37, '2023-02-05 12:40:25', 1, 'Debit', 'Yani'),
(616, 'DP2302050063', 506, 33000, 0, 33000, 50000, 17000, '', '2023-02-05', 35, '2023-02-05 12:40:39', 1, 'Cash', 'Yani'),
(617, 'DP2302050064', 108, 65700, 0, 65700, 65700, 0, '', '2023-02-05', 36, '2023-02-05 12:40:43', 1, 'Debit', 'Yani'),
(618, 'DP2302050065', NULL, 43000, 0, 43000, 43000, 0, '', '2023-02-05', 9, '2023-02-05 12:44:55', 1, 'Debit', ''),
(619, 'DP2302050066', 508, 14000, 0, 14000, 20000, 6000, '', '2023-02-05', 37, '2023-02-05 12:50:15', 1, 'Cash', 'Yani'),
(620, 'DP2302050067', 191, 125000, 0, 125000, 150000, 25000, '', '2023-02-05', 2, '2023-02-05 12:56:59', 1, 'Cash', 'Yani'),
(621, 'DP2302050068', 509, 29000, 0, 29000, 50000, 21000, '', '2023-02-05', 35, '2023-02-05 12:58:36', 1, 'Cash', 'Yani'),
(622, 'DP2302050069', 5, 242000, 0, 242000, 242000, 0, '', '2023-02-05', 37, '2023-02-05 13:02:54', 1, 'Debit', 'Yani'),
(623, 'DP2302050070', 511, 144000, 0, 144000, 150000, 6000, '', '2023-02-05', 2, '2023-02-05 13:03:06', 1, 'Cash', 'Yani'),
(624, 'DP2302050071', 512, 52000, 0, 52000, 100000, 48000, '', '2023-02-05', 36, '2023-02-05 13:04:46', 1, 'Cash', 'Yani'),
(625, 'DP2302050072', 513, 45000, 0, 45000, 45000, 0, '', '2023-02-05', 31, '2023-02-05 13:10:42', 1, 'Debit', 'Yani'),
(626, 'DP2302050073', 514, 40000, 0, 40000, 40000, 0, '', '2023-02-05', 31, '2023-02-05 13:12:10', 1, 'Debit', 'Yani'),
(627, 'DP2302050074', 515, 16000, 0, 16000, 100000, 84000, '', '2023-02-05', 37, '2023-02-05 13:12:16', 1, 'Cash', 'Yani'),
(628, 'DP2302050075', 18, 26000, 0, 26000, 26000, 0, '', '2023-02-05', 35, '2023-02-05 13:16:41', 1, 'Debit', 'Yani'),
(629, 'DP2302050076', 77, 24000, 0, 24000, 30000, 6000, '', '2023-02-05', 35, '2023-02-05 13:22:14', 1, 'Cash', 'Yani'),
(630, 'DP2302050077', 373, 110000, 0, 110000, 110000, 0, '', '2023-02-05', 11, '2023-02-05 13:22:22', 1, 'Debit', 'Yani'),
(631, 'DP2302050078', 353, 18000, 0, 18000, 50000, 32000, '', '2023-02-05', 37, '2023-02-05 13:24:55', 1, 'Cash', 'Yani'),
(632, 'DP2302050079', 519, 18000, 0, 18000, 50000, 32000, '', '2023-02-05', 35, '2023-02-05 13:26:26', 1, 'Cash', 'Yani'),
(633, 'DP2302050080', 14, 22000, 0, 22000, 22000, 0, '', '2023-02-05', 11, '2023-02-05 13:26:28', 1, 'Cash', 'Yani'),
(634, 'DP2302050081', 522, 25000, 0, 25000, 50000, 25000, '', '2023-02-05', 19, '2023-02-05 13:26:46', 1, 'Cash', 'Yani'),
(635, 'DP2302050082', 62, 66000, 0, 66000, 66000, 0, '', '2023-02-05', 37, '2023-02-05 13:27:45', 1, 'Debit', 'Yani'),
(636, 'DP2302050083', 523, 96000, 0, 96000, 100000, 4000, '', '2023-02-05', 31, '2023-02-05 13:27:55', 1, 'Cash', 'Yani'),
(637, 'DP2302050084', 81, 28000, 0, 28000, 100000, 72000, '', '2023-02-05', 19, '2023-02-05 13:28:01', 1, 'Cash', 'Yani'),
(638, 'DP2302050085', 150, 24000, 0, 24000, 50000, 26000, '', '2023-02-05', 37, '2023-02-05 13:30:07', 1, 'Cash', 'Yani'),
(639, 'DP2302050086', 525, 54000, 0, 54000, 54000, 0, '', '2023-02-05', 31, '2023-02-05 13:31:13', 1, 'Cash', 'Yani'),
(640, 'DP2302050087', 121, 192000, 0, 192000, 200000, 8000, '', '2023-02-05', 11, '2023-02-05 13:31:21', 1, 'Cash', 'Yani'),
(641, 'DP2302050088', 121, 62000, 0, 62000, 100000, 38000, '', '2023-02-05', 35, '2023-02-05 13:32:11', 1, 'Cash', 'Yani'),
(642, 'DP2302050089', 121, 52000, 0, 52000, 52000, 0, '', '2023-02-05', 19, '2023-02-05 13:34:36', 1, 'Cash', 'Yani'),
(643, 'DP2302050090', NULL, 28000, 0, 28000, 28000, 0, '', '2023-02-05', 9, '2023-02-05 13:35:28', 1, 'Debit', ''),
(644, 'DP2302050091', NULL, 35000, 0, 35000, 50000, 15000, '', '2023-02-05', 9, '2023-02-05 13:36:13', 1, 'Cash', ''),
(645, 'DP2302050092', 108, 44000, 0, 44000, 100000, 56000, '', '2023-02-05', 11, '2023-02-05 13:37:48', 1, 'Cash', 'Yani'),
(646, 'DP2302050093', 429, 38000, 0, 38000, 40000, 2000, '', '2023-02-05', 11, '2023-02-05 13:41:53', 1, 'Cash', 'Yani'),
(647, 'DP2302050094', 529, 184000, 0, 184000, 184000, 0, '', '2023-02-05', 31, '2023-02-05 13:48:45', 1, 'Debit', 'Yani'),
(648, 'DP2302050095', 530, 510000, 0, 510000, 510000, 0, '', '2023-02-05', 2, '2023-02-05 13:49:12', 1, 'Debit', 'Yani'),
(649, 'DP2302050096', 378, 27000, 0, 27000, 100000, 73000, '', '2023-02-05', 35, '2023-02-05 13:57:15', 1, 'Cash', 'Yani'),
(650, 'DP2302050097', NULL, 26000, 0, 26000, 50000, 24000, '', '2023-02-05', 9, '2023-02-05 14:00:14', 1, 'Cash', ''),
(651, 'DP2302050098', 532, 96000, 0, 96000, 96000, 0, '', '2023-02-05', 37, '2023-02-05 14:00:50', 1, 'Debit', 'Yani'),
(652, 'DP2302050099', 533, 136000, 0, 136000, 136000, 0, '', '2023-02-05', 31, '2023-02-05 14:00:53', 1, 'Debit', 'Yani'),
(653, 'DP2302050100', 78, 21000, 0, 21000, 50000, 29000, '', '2023-02-05', 13, '2023-02-05 14:02:43', 1, 'Cash', 'Yani'),
(654, 'DP2302050101', 114, 73000, 0, 73000, 73000, 0, '', '2023-02-05', 35, '2023-02-05 14:04:52', 1, 'Debit', 'Yani'),
(655, 'DP2302050102', NULL, 20000, 0, 20000, 100000, 80000, '', '2023-02-05', 9, '2023-02-05 14:09:01', 1, 'Cash', ''),
(656, 'DP2302050103', 539, 176000, 0, 176000, 200000, 24000, '', '2023-02-05', 37, '2023-02-05 14:13:27', 1, 'Cash', 'Yani'),
(657, 'DP2302050104', 452, 20000, 0, 20000, 20000, 0, '', '2023-02-05', 31, '2023-02-05 14:17:18', 1, 'Cash', 'Yani'),
(658, 'DP2302050105', 541, 160000, 0, 160000, 160000, 0, '', '2023-02-05', 11, '2023-02-05 14:18:26', 1, 'Debit', 'Yani'),
(659, 'DP2302050106', 543, 109000, 0, 109000, 110000, 1000, '', '2023-02-05', 37, '2023-02-05 14:26:55', 1, 'Cash', 'Yani'),
(660, 'DP2302050107', 82, 40000, 0, 40000, 50000, 10000, '', '2023-02-05', 31, '2023-02-05 14:28:14', 1, 'Cash', 'Yani'),
(661, 'DP2302050108', 116, 148000, 0, 148000, 148000, 0, '', '2023-02-05', 20, '2023-02-05 14:31:29', 1, 'Debit', 'Yani'),
(662, 'DP2302050109', 542, 75400, 0, 75400, 100000, 24600, '', '2023-02-05', 36, '2023-02-05 14:33:43', 1, 'Cash', 'Yani'),
(663, 'DP2302050110', 512, 31000, 0, 31000, 101000, 70000, '', '2023-02-05', 11, '2023-02-05 14:35:18', 1, 'Cash', 'Yani'),
(664, 'DP2302050111', NULL, 38000, 0, 38000, 50000, 12000, '', '2023-02-05', 9, '2023-02-05 14:36:54', 1, 'Cash', ''),
(665, 'DP2302050112', 4, 53000, 0, 53000, 60000, 7000, '', '2023-02-05', 37, '2023-02-05 14:37:10', 1, 'Cash', 'Yani'),
(666, 'DP2302050113', 38, 109000, 0, 109000, 109000, 0, '', '2023-02-05', 20, '2023-02-05 14:38:23', 1, 'Debit', 'Yani'),
(667, 'DP2302050114', 92, 39000, 0, 39000, 100000, 61000, '', '2023-02-05', 13, '2023-02-05 14:39:49', 1, 'Cash', 'Yani'),
(668, 'DP2302050115', 16, 20000, 0, 20000, 20000, 0, '', '2023-02-05', 31, '2023-02-05 14:40:35', 1, 'Cash', 'Yani'),
(669, 'DP2302050116', 197, 22000, 0, 22000, 22000, 0, '', '2023-02-05', 13, '2023-02-05 14:41:30', 1, 'Debit', 'Yani'),
(670, 'DP2302050117', NULL, 30000, 0, 30000, 30000, 0, '', '2023-02-05', 9, '2023-02-05 14:56:11', 1, 'Cash', ''),
(671, 'DP2302050118', NULL, 15000, 0, 15000, 15000, 0, '', '2023-02-05', 9, '2023-02-05 14:58:14', 1, 'Debit', ''),
(672, 'DP2302050119', 548, 45000, 0, 45000, 100000, 55000, '', '2023-02-05', 19, '2023-02-05 14:58:19', 1, 'Cash', 'Yani'),
(673, 'DP2302050120', 549, 36000, 0, 36000, 50000, 14000, '', '2023-02-05', 11, '2023-02-05 14:58:48', 1, 'Cash', 'Yani'),
(674, 'DP2302050121', NULL, 36000, 0, 36000, 50000, 14000, '', '2023-02-05', 9, '2023-02-05 15:00:31', 1, 'Cash', ''),
(676, 'DP2302050123', 552, 136000, 0, 136000, 150000, 14000, '', '2023-02-05', 31, '2023-02-05 15:02:07', 1, 'Cash', 'Yani'),
(677, 'DP2302050124', 109, 39000, 0, 39000, 50000, 11000, '', '2023-02-05', 13, '2023-02-05 15:02:07', 1, 'Cash', 'Yani'),
(678, 'DP2302050125', 553, 185000, 0, 185000, 200000, 15000, '', '2023-02-05', 35, '2023-02-05 15:02:19', 1, 'Cash', 'Yani'),
(679, 'DP2302050126', 168, 35000, 0, 35000, 50000, 15000, '', '2023-02-05', 19, '2023-02-05 15:04:05', 1, 'Cash', 'Yani'),
(680, 'DP2302050127', 555, 20000, 0, 20000, 20000, 0, '', '2023-02-05', 19, '2023-02-05 15:04:45', 1, 'Cash', 'Yani'),
(681, 'DP2302050128', 556, 10000, 0, 10000, 10000, 0, '', '2023-02-05', 31, '2023-02-05 15:04:45', 1, 'Cash', 'Yani'),
(682, 'DP2302050129', 554, 113000, 0, 113000, 120000, 7000, '', '2023-02-05', 11, '2023-02-05 15:05:32', 1, 'Cash', 'Yani'),
(683, 'DP2302050130', 77, 19000, 0, 19000, 20000, 1000, '', '2023-02-05', 35, '2023-02-05 15:07:40', 1, 'Cash', 'Yani'),
(684, 'DP2302050131', 557, 51000, 0, 51000, 51000, 0, '', '2023-02-05', 13, '2023-02-05 15:07:58', 1, 'Debit', 'Yani'),
(685, 'DP2302050132', NULL, 14000, 0, 14000, 14000, 0, '', '2023-02-05', 9, '2023-02-05 15:09:54', 1, 'Debit', ''),
(686, 'DP2302050133', 559, 119000, 0, 119000, 150000, 31000, '', '2023-02-05', 36, '2023-02-05 15:13:41', 1, 'Cash', 'Yani'),
(687, 'DP2302050134', 211, 35000, 0, 35000, 50000, 15000, '', '2023-02-05', 31, '2023-02-05 15:17:21', 1, 'Cash', 'Yani'),
(688, 'DP2302050135', 564, 90000, 0, 90000, 100000, 10000, '', '2023-02-05', 36, '2023-02-05 15:18:41', 1, 'Cash', 'Yani'),
(689, 'DP2302050136', 77, 108000, 0, 108000, 197000, 89000, '', '2023-02-05', 11, '2023-02-05 15:18:57', 1, 'Cash', 'Yani'),
(691, 'DP2302050138', 565, 19000, 0, 19000, 50000, 31000, '', '2023-02-05', 9, '2023-02-05 15:21:26', 1, 'Cash', ''),
(692, 'DP2302050139', 566, 103000, 0, 103000, 103000, 0, '', '2023-02-05', 31, '2023-02-05 15:23:14', 1, 'Cash', 'Yani'),
(693, 'DP2302050140', 57, 200000, 0, 200000, 200000, 0, '', '2023-02-05', 13, '2023-02-05 15:24:42', 1, 'Cash', 'Yani'),
(694, 'DP2302050141', 567, 56000, 0, 56000, 100000, 44000, '', '2023-02-05', 11, '2023-02-05 15:26:44', 1, 'Cash', 'Yani'),
(695, 'DP2302050142', 568, 122000, 0, 122000, 122000, 0, '', '2023-02-05', 35, '2023-02-05 15:29:33', 1, 'Debit', 'Yani'),
(696, 'DP2302050143', 25, 32000, 0, 32000, 100000, 68000, '', '2023-02-05', 2, '2023-02-05 15:40:10', 1, 'Cash', 'Yani'),
(697, 'DP2302050144', 165, 86000, 0, 86000, 100000, 14000, '', '2023-02-05', 11, '2023-02-05 15:43:49', 1, 'Cash', 'Yani'),
(698, 'DP2302050145', 570, 100000, 0, 100000, 100000, 0, '', '2023-02-05', 37, '2023-02-05 15:44:41', 1, 'Debit', 'Yani'),
(699, 'DP2302050146', 165, 37700, 0, 37700, 40000, 2300, '', '2023-02-05', 36, '2023-02-05 15:48:00', 1, 'Cash', 'Yani'),
(700, 'DP2302050147', 51, 40000, 0, 40000, 40000, 0, '', '2023-02-05', 37, '2023-02-05 15:48:05', 1, 'Debit', 'Yani'),
(701, 'DP2302050148', 25, 37700, 0, 37700, 40000, 2300, '', '2023-02-05', 36, '2023-02-05 15:49:27', 1, 'Cash', 'Yani'),
(702, 'DP2302050149', 168, 19000, 0, 19000, 20000, 1000, '', '2023-02-05', 13, '2023-02-05 15:50:33', 1, 'Cash', 'Yani'),
(703, 'DP2302050150', NULL, 35000, 0, 35000, 100000, 65000, '', '2023-02-05', 9, '2023-02-05 15:54:18', 1, 'Cash', ''),
(704, 'DP2302050151', 156, 18000, 0, 18000, 20000, 2000, '', '2023-02-05', 11, '2023-02-05 15:54:54', 1, 'Cash', 'Yani'),
(705, 'DP2302050152', 115, 23000, 0, 23000, 23000, 0, '', '2023-02-05', 36, '2023-02-05 15:55:06', 1, 'Cash', 'Yani'),
(706, 'DP2302050153', 92, 68000, 0, 68000, 68000, 0, '', '2023-02-05', 35, '2023-02-05 15:56:05', 1, 'Debit', 'Yani'),
(707, 'DP2302050154', NULL, 18000, 0, 18000, 20000, 2000, '', '2023-02-05', 9, '2023-02-05 15:56:17', 1, 'Cash', ''),
(708, 'DP2302050155', 575, 18000, 0, 18000, 50000, 32000, '', '2023-02-05', 36, '2023-02-05 15:58:47', 1, 'Cash', 'Yani'),
(709, 'DP2302050156', 28, 18000, 0, 18000, 20000, 2000, '', '2023-02-05', 37, '2023-02-05 15:59:12', 1, 'Cash', 'Yani'),
(710, 'DP2302050157', 378, 96000, 0, 96000, 96000, 0, '', '2023-02-05', 20, '2023-02-05 16:01:18', 1, 'Debit', 'Yani'),
(711, 'DP2302050158', 577, 40000, 0, 40000, 100000, 60000, '', '2023-02-05', 31, '2023-02-05 16:18:10', 1, 'Cash', 'Yani'),
(712, 'DP2302050159', 578, 105000, 0, 105000, 105000, 0, '', '2023-02-05', 37, '2023-02-05 16:20:14', 1, 'Cash', 'Yani'),
(713, 'DP2302050160', 580, 20000, 0, 20000, 50000, 30000, '', '2023-02-05', 31, '2023-02-05 16:21:28', 1, 'Cash', 'Yani'),
(714, 'DP2302050161', 581, 38000, 0, 38000, 50000, 12000, '', '2023-02-05', 31, '2023-02-05 16:22:40', 1, 'Cash', 'Yani'),
(715, 'DP2302050162', 579, 192000, 0, 192000, 192000, 0, '', '2023-02-05', 36, '2023-02-05 16:24:15', 1, 'Debit', 'Yani'),
(716, 'DP2302050163', 582, 36000, 0, 36000, 50000, 14000, '', '2023-02-05', 37, '2023-02-05 16:28:31', 1, 'Cash', 'Yani'),
(717, 'DP2302050164', 583, 40000, 0, 40000, 50000, 10000, '', '2023-02-05', 37, '2023-02-05 16:31:37', 1, 'Cash', 'Yani'),
(718, 'DP2302050165', 584, 109000, 0, 109000, 110000, 1000, '', '2023-02-05', 35, '2023-02-05 16:33:16', 1, 'Cash', 'Yani'),
(719, 'DP2302050166', 25, 36000, 0, 36000, 50000, 14000, '', '2023-02-05', 37, '2023-02-05 16:38:45', 1, 'Cash', 'Yani'),
(721, 'DP2302050168', NULL, 9000, 0, 9000, 20000, 11000, '', '2023-02-05', 9, '2023-02-05 16:41:11', 1, 'Cash', ''),
(722, 'DP2302050169', 586, 159000, 0, 159000, 159000, 0, '', '2023-02-05', 31, '2023-02-05 16:49:17', 1, 'Debit', 'Yani'),
(723, 'DP2302050170', NULL, 18000, 0, 18000, 50000, 32000, '', '2023-02-05', 9, '2023-02-05 16:55:05', 1, 'Cash', ''),
(724, 'DP2302050171', 36, 44000, 0, 44000, 44000, 0, '', '2023-02-05', 35, '2023-02-05 16:56:54', 1, 'Debit', 'Yani'),
(725, 'DP2302050172', NULL, 30000, 0, 30000, 50000, 20000, '', '2023-02-05', 9, '2023-02-05 16:57:20', 1, 'Cash', ''),
(726, 'DP2302050173', 589, 23000, 0, 23000, 100000, 77000, '', '2023-02-05', 37, '2023-02-05 17:02:25', 1, 'Cash', 'Yani'),
(727, 'DP2302050174', 590, 35000, 0, 35000, 50000, 15000, '', '2023-02-05', 35, '2023-02-05 17:03:30', 1, 'Cash', 'Yani'),
(728, 'DP2302050175', 591, 69000, 0, 69000, 100000, 31000, '', '2023-02-05', 11, '2023-02-05 17:06:09', 1, 'Cash', 'Yani'),
(729, 'DP2302050176', 423, 24000, 0, 24000, 24000, 0, '', '2023-02-05', 37, '2023-02-05 17:13:16', 1, 'Debit', 'Yani'),
(730, 'DP2302050177', NULL, 120000, 0, 120000, 120000, 0, '', '2023-02-05', 9, '2023-02-05 17:13:18', 1, 'Debit', ''),
(731, 'DP2302050178', 592, 25000, 0, 25000, 50000, 25000, '', '2023-02-05', 13, '2023-02-05 17:16:28', 1, 'Cash', 'Yani'),
(732, 'DP2302050179', 150, 41000, 0, 41000, 50000, 9000, '', '2023-02-05', 37, '2023-02-05 17:16:38', 1, 'Cash', 'Yani'),
(734, 'DP2302050181', 593, 25000, 0, 25000, 50000, 25000, '', '2023-02-05', 35, '2023-02-05 17:18:04', 1, 'Cash', 'Yani'),
(735, 'DP2302050182', NULL, 19000, 0, 19000, 20000, 1000, '', '2023-02-05', 9, '2023-02-05 17:19:30', 1, 'Cash', ''),
(736, 'DP2302050183', NULL, 10000, 0, 10000, 20000, 10000, '', '2023-02-05', 9, '2023-02-05 17:21:42', 1, 'Cash', ''),
(737, 'DP2302050184', 596, 10000, 0, 10000, 10000, 0, '', '2023-02-05', 37, '2023-02-05 17:23:55', 1, 'Cash', 'Yani'),
(738, 'DP2302050185', 551, 22000, 0, 22000, 100000, 78000, '', '2023-02-05', 37, '2023-02-05 17:28:19', 1, 'Cash', 'Yani'),
(739, 'DP2302050186', 298, 52000, 0, 52000, 102000, 50000, '', '2023-02-05', 11, '2023-02-05 17:34:51', 1, 'Cash', 'Yani'),
(740, 'DP2302050187', 598, 38000, 0, 38000, 50000, 12000, '', '2023-02-05', 37, '2023-02-05 17:35:36', 1, 'Cash', 'Yani'),
(741, 'DP2302050188', NULL, 39000, 0, 39000, 100000, 61000, '', '2023-02-05', 9, '2023-02-05 17:37:37', 1, 'Cash', ''),
(742, 'DP2302050189', 599, 40000, 0, 40000, 50000, 10000, '', '2023-02-05', 37, '2023-02-05 17:43:32', 1, 'Cash', 'Yani'),
(743, 'DP2302050190', 180, 21000, 0, 21000, 50000, 29000, '', '2023-02-05', 37, '2023-02-05 17:50:44', 1, 'Cash', 'Yani'),
(744, 'DP2302050191', 601, 19000, 0, 19000, 20000, 1000, '', '2023-02-05', 37, '2023-02-05 17:56:11', 1, 'Cash', 'Yani'),
(745, 'DP2302050192', NULL, 20000, 0, 20000, 20000, 0, '', '2023-02-05', 9, '2023-02-05 17:57:06', 1, 'Cash', ''),
(746, 'DP2302050193', 55, 70000, 0, 70000, 70000, 0, '', '2023-02-05', 2, '2023-02-05 17:58:08', 1, 'Debit', 'Yani'),
(747, 'DP2302050194', 455, 22000, 0, 22000, 25000, 3000, '', '2023-02-05', 2, '2023-02-05 18:00:08', 1, 'Cash', 'Yani'),
(748, 'DP2302050195', 603, 92900, 0, 92900, 100000, 7100, '', '2023-02-05', 37, '2023-02-05 18:01:59', 1, 'Cash', 'Yani'),
(749, 'DP2302050196', 77, 24000, 0, 24000, 100000, 76000, '', '2023-02-05', 37, '2023-02-05 18:10:16', 1, 'Cash', 'Yani'),
(754, 'DP2302070005', 0, 13000, 0, 13000, NULL, NULL, '', '2023-02-07', 11, '2023-02-07 09:04:19', 0, '', ''),
(755, 'DP2302070006', 0, 13000, 0, 13000, NULL, NULL, '', '2023-02-07', 11, '2023-02-07 09:09:44', 0, '', ''),
(756, 'DP2302070007', 0, 168000, 0, 168000, NULL, NULL, '', '2023-02-07', 11, '2023-02-07 09:14:07', 0, '', '');

--
-- Trigger `t_sale`
--
DELIMITER $$
CREATE TRIGGER `del_detail` AFTER DELETE ON `t_sale` FOR EACH ROW BEGIN
	DELETE FROM t_sale_detail
    WHERE sale_id = OLD.sale_id;
    
END
$$
DELIMITER ;

-- --------------------------------------------------------

--
-- Struktur dari tabel `t_sale_detail`
--

CREATE TABLE `t_sale_detail` (
  `detail_id` int(11) NOT NULL,
  `sale_id` int(11) NOT NULL,
  `item_id` int(11) NOT NULL,
  `price` int(11) NOT NULL,
  `qty` int(10) NOT NULL,
  `discount_item` int(11) NOT NULL,
  `total` int(11) NOT NULL
) ENGINE=InnoDB DEFAULT CHARSET=latin1;

--
-- Dumping data untuk tabel `t_sale_detail`
--

INSERT INTO `t_sale_detail` (`detail_id`, `sale_id`, `item_id`, `price`, `qty`, `discount_item`, `total`) VALUES
(1, 1, 434, 7000, 2, 0, 14000),
(2, 2, 434, 7000, 2, 0, 14000),
(3, 3, 434, 7000, 4, 0, 28000),
(4, 3, 212, 10000, 1, 0, 10000),
(5, 3, 199, 15000, 1, 0, 15000),
(6, 4, 221, 10000, 1, 0, 10000),
(7, 5, 62, 33000, 1, 0, 33000),
(8, 5, 131, 27000, 1, 0, 27000),
(9, 6, 201, 14000, 1, 0, 14000),
(10, 7, 388, 64000, 1, 0, 64000),
(11, 8, 194, 39000, 1, 0, 39000),
(12, 8, 199, 15000, 1, 0, 15000),
(13, 8, 205, 7000, 2, 0, 14000),
(14, 9, 204, 8000, 1, 0, 8000),
(15, 9, 221, 10000, 1, 0, 10000),
(16, 10, 203, 12000, 1, 0, 12000),
(17, 11, 1, 15000, 1, 0, 15000),
(18, 11, 31, 25000, 1, 0, 25000),
(19, 12, 329, 19000, 10, 0, 190000),
(20, 12, 307, 25000, 10, 0, 250000),
(21, 13, 1, 15000, 1, 0, 15000),
(22, 13, 337, 20000, 1, 0, 20000),
(23, 14, 31, 25000, 6, 0, 150000),
(24, 14, 39, 39000, 1, 0, 39000),
(25, 15, 39, 39000, 1, 0, 39000),
(26, 16, 314, 18000, 1, 0, 18000),
(27, 16, 263, 26000, 1, 0, 26000),
(28, 16, 329, 19000, 1, 0, 19000),
(29, 17, 204, 8000, 1, 0, 8000),
(30, 17, 205, 7000, 1, 0, 7000),
(31, 17, 221, 10000, 1, 0, 10000),
(32, 17, 224, 9000, 1, 0, 9000),
(33, 17, 223, 22000, 1, 0, 22000),
(34, 18, 40, 28000, 2, 0, 56000),
(35, 18, 201, 14000, 1, 0, 14000),
(36, 18, 221, 10000, 1, 0, 10000),
(37, 18, 347, 20000, 1, 0, 20000),
(38, 18, 339, 20000, 1, 0, 20000),
(39, 19, 212, 10000, 1, 0, 10000),
(40, 19, 94, 13000, 1, 0, 13000),
(44, 22, 201, 14000, 1, 0, 14000),
(45, 22, 224, 9000, 2, 0, 18000),
(46, 22, 187, 27000, 2, 0, 54000),
(47, 22, 317, 18000, 1, 0, 18000),
(48, 23, 206, 17000, 1, 0, 17000),
(49, 23, 199, 15000, 1, 0, 15000),
(50, 23, 201, 14000, 5, 0, 70000),
(51, 23, 222, 9000, 1, 0, 9000),
(52, 23, 186, 34000, 1, 0, 34000),
(53, 23, 339, 20000, 1, 0, 20000),
(54, 24, 224, 9000, 1, 0, 9000),
(57, 26, 5, 35000, 1, 0, 35000),
(58, 26, 383, 45000, 1, 0, 45000),
(59, 27, 28, 205000, 1, 0, 205000),
(60, 28, 317, 18000, 1, 0, 18000),
(61, 28, 329, 19000, 1, 0, 19000),
(62, 29, 121, 52000, 1, 0, 52000),
(63, 29, 120, 52000, 1, 0, 52000),
(70, 31, 147, 12000, 1, 0, 12000),
(71, 31, 200, 14000, 1, 0, 14000),
(72, 32, 118, 15000, 1, 0, 15000),
(73, 32, 339, 20000, 1, 0, 20000),
(74, 33, 247, 18000, 2, 0, 36000),
(75, 33, 187, 27000, 2, 0, 54000),
(76, 34, 339, 20000, 1, 0, 20000),
(77, 34, 118, 15000, 1, 0, 15000),
(78, 34, 340, 20000, 1, 0, 20000),
(79, 34, 123, 52000, 1, 0, 52000),
(80, 34, 63, 33000, 4, 0, 132000),
(81, 34, 112, 28000, 1, 0, 28000),
(82, 34, 90, 18000, 1, 0, 18000),
(83, 35, 329, 19000, 1, 0, 19000),
(84, 36, 221, 10000, 1, 0, 10000),
(85, 36, 199, 15000, 1, 0, 15000),
(86, 37, 147, 12000, 1, 0, 12000),
(88, 39, 90, 18000, 4, 0, 72000),
(89, 39, 147, 12000, 3, 0, 36000),
(92, 41, 13, 8000, 1, 0, 8000),
(93, 41, 12, 6000, 1, 0, 6000),
(94, 41, 120, 52000, 1, 0, 52000),
(95, 41, 92, 16000, 1, 0, 16000),
(96, 42, 201, 14000, 2, 0, 28000),
(97, 42, 206, 17000, 2, 0, 34000),
(98, 42, 28, 205000, 1, 0, 205000),
(99, 43, 324, 18000, 1, 0, 18000),
(100, 43, 201, 14000, 1, 0, 14000),
(101, 44, 201, 14000, 1, 0, 14000),
(102, 45, 15, 13000, 1, 0, 13000),
(103, 45, 62, 33000, 1, 0, 33000),
(104, 45, 380, 45000, 1, 0, 45000),
(105, 45, 100, 12000, 1, 0, 12000),
(106, 46, 223, 22000, 1, 0, 22000),
(107, 46, 201, 14000, 1, 0, 14000),
(108, 46, 362, 24000, 1, 0, 24000),
(109, 47, 205, 7000, 2, 0, 14000),
(110, 47, 328, 19000, 1, 0, 19000),
(111, 47, 319, 18000, 1, 0, 18000),
(112, 47, 299, 20000, 1, 0, 20000),
(113, 47, 340, 20000, 1, 0, 20000),
(114, 47, 339, 20000, 1, 0, 20000),
(115, 48, 329, 19000, 1, 0, 19000),
(116, 49, 79, 25000, 1, 0, 25000),
(117, 49, 130, 27000, 1, 0, 27000),
(118, 49, 123, 52000, 2, 0, 104000),
(119, 50, 351, 20000, 1, 0, 20000),
(120, 51, 364, 24000, 1, 0, 24000),
(121, 51, 90, 18000, 1, 0, 18000),
(122, 51, 408, 41000, 1, 0, 41000),
(123, 52, 1, 15000, 1, 0, 15000),
(124, 52, 31, 25000, 1, 0, 25000),
(125, 53, 120, 52000, 3, 0, 156000),
(126, 54, 318, 18000, 1, 0, 18000),
(127, 54, 262, 29000, 1, 0, 29000),
(128, 54, 251, 23000, 1, 0, 23000),
(129, 54, 330, 19000, 1, 0, 19000),
(130, 55, 199, 15000, 1, 0, 15000),
(131, 55, 203, 12000, 1, 0, 12000),
(132, 56, 223, 22000, 1, 0, 22000),
(133, 56, 343, 20000, 1, 0, 20000),
(134, 57, 299, 20000, 2, 0, 40000),
(135, 57, 186, 34000, 1, 0, 34000),
(136, 58, 201, 14000, 1, 0, 14000),
(137, 58, 343, 20000, 1, 0, 20000),
(138, 59, 336, 20000, 5, 0, 100000),
(139, 60, 201, 14000, 3, 0, 42000),
(140, 61, 7, 40000, 1, 0, 40000),
(141, 62, 339, 20000, 1, 0, 20000),
(142, 62, 349, 20000, 1, 0, 20000),
(143, 62, 246, 19000, 1, 0, 19000),
(144, 63, 367, 24000, 1, 0, 24000),
(145, 64, 48, 40000, 1, 0, 40000),
(146, 64, 64, 40000, 1, 0, 40000),
(147, 65, 373, 21000, 2, 0, 42000),
(148, 66, 121, 52000, 4, 0, 208000),
(149, 67, 354, 21000, 1, 0, 21000),
(150, 68, 94, 13000, 1, 0, 13000),
(151, 68, 223, 22000, 1, 0, 22000),
(152, 69, 433, 9000, 1, 0, 9000),
(153, 69, 90, 18000, 1, 0, 18000),
(154, 70, 223, 22000, 1, 0, 22000),
(155, 71, 123, 52000, 1, 0, 52000),
(156, 71, 90, 18000, 1, 0, 18000),
(157, 72, 433, 9000, 2, 0, 18000),
(158, 72, 327, 16000, 1, 0, 16000),
(159, 73, 13, 8000, 1, 0, 8000),
(160, 74, 94, 13000, 1, 0, 13000),
(161, 75, 26, 100000, 1, 0, 100000),
(162, 76, 347, 20000, 1, 0, 20000),
(163, 76, 318, 18000, 1, 0, 18000),
(164, 77, 308, 16000, 1, 0, 16000),
(165, 78, 224, 9000, 1, 0, 9000),
(166, 78, 355, 21000, 1, 0, 21000),
(167, 78, 324, 18000, 1, 0, 18000),
(168, 78, 357, 21000, 1, 0, 21000),
(169, 78, 339, 20000, 1, 0, 20000),
(170, 79, 40, 28000, 4, 0, 112000),
(171, 79, 161, 36000, 1, 0, 36000),
(172, 79, 201, 14000, 3, 0, 42000),
(173, 80, 206, 17000, 1, 0, 17000),
(174, 80, 337, 20000, 2, 0, 40000),
(175, 80, 100, 12000, 1, 0, 12000),
(176, 80, 308, 16000, 1, 0, 16000),
(177, 80, 7, 40000, 1, 0, 40000),
(178, 80, 1, 15000, 1, 0, 15000),
(179, 81, 338, 20000, 1, 0, 20000),
(180, 82, 317, 18000, 1, 0, 18000),
(190, 86, 15, 13000, 1, 0, 13000),
(191, 86, 327, 16000, 2, 0, 32000),
(192, 87, 294, 30000, 1, 0, 30000),
(193, 88, 147, 12000, 1, 0, 12000),
(194, 88, 146, 13000, 1, 0, 13000),
(195, 89, 115, 28000, 1, 0, 28000),
(196, 90, 247, 18000, 1, 0, 18000),
(197, 90, 351, 20000, 1, 0, 20000),
(198, 91, 319, 18000, 1, 0, 18000),
(199, 91, 316, 18000, 1, 0, 18000),
(200, 92, 112, 28000, 2, 0, 56000),
(201, 93, 123, 52000, 1, 0, 52000),
(202, 94, 122, 52000, 1, 0, 52000),
(203, 94, 123, 52000, 1, 0, 52000),
(204, 94, 201, 14000, 1, 0, 14000),
(205, 94, 199, 15000, 2, 0, 30000),
(206, 95, 314, 18000, 1, 0, 18000),
(207, 95, 317, 18000, 1, 0, 18000),
(208, 96, 187, 27000, 1, 0, 27000),
(209, 97, 354, 21000, 1, 0, 21000),
(210, 97, 387, 44800, 1, 0, 44800),
(211, 98, 295, 34000, 3, 0, 102000),
(212, 99, 5, 35000, 1, 0, 35000),
(213, 100, 199, 15000, 1, 0, 15000),
(214, 100, 83, 18000, 1, 0, 18000),
(215, 101, 380, 45000, 1, 0, 45000),
(216, 101, 320, 18000, 2, 0, 36000),
(217, 101, 90, 18000, 1, 0, 18000),
(218, 102, 198, 19000, 3, 0, 57000),
(219, 103, 322, 18000, 1, 0, 18000),
(220, 104, 318, 18000, 1, 0, 18000),
(221, 105, 80, 21000, 1, 0, 21000),
(222, 105, 198, 19000, 1, 0, 19000),
(223, 105, 186, 34000, 1, 0, 34000),
(224, 106, 130, 27000, 1, 0, 27000),
(225, 106, 132, 21000, 1, 0, 21000),
(226, 106, 199, 15000, 2, 0, 30000),
(227, 107, 46, 40000, 1, 0, 40000),
(228, 107, 57, 33000, 1, 0, 33000),
(229, 108, 378, 38000, 2, 0, 76000),
(230, 109, 80, 21000, 2, 0, 42000),
(231, 109, 201, 14000, 2, 0, 28000),
(232, 109, 355, 21000, 2, 0, 42000),
(233, 110, 83, 18000, 2, 0, 36000),
(234, 110, 252, 28000, 1, 0, 28000),
(235, 110, 115, 28000, 1, 0, 28000),
(236, 110, 8, 40000, 1, 0, 40000),
(237, 111, 6, 35000, 2, 0, 70000),
(238, 111, 8, 40000, 1, 0, 40000),
(239, 111, 13, 8000, 1, 0, 8000),
(240, 111, 14, 10000, 1, 0, 10000),
(241, 111, 12, 6000, 2, 0, 12000),
(242, 111, 83, 18000, 1, 0, 18000),
(243, 112, 201, 14000, 1, 0, 14000),
(244, 112, 247, 18000, 1, 0, 18000),
(245, 112, 263, 26000, 1, 0, 26000),
(246, 113, 121, 52000, 1, 0, 52000),
(247, 114, 216, 14000, 1, 0, 14000),
(248, 114, 205, 7000, 1, 0, 7000),
(249, 114, 147, 12000, 2, 0, 24000),
(250, 115, 198, 19000, 1, 0, 19000),
(251, 115, 247, 18000, 1, 0, 18000),
(252, 115, 434, 7000, 2, 0, 14000),
(253, 115, 357, 21000, 1, 0, 21000),
(254, 115, 321, 18000, 1, 0, 18000),
(255, 115, 105, 24000, 1, 0, 24000),
(256, 116, 125, 43000, 1, 0, 43000),
(257, 117, 378, 38000, 1, 0, 38000),
(258, 118, 312, 5000, 1, 0, 5000),
(259, 118, 434, 7000, 1, 0, 7000),
(260, 119, 187, 27000, 1, 0, 27000),
(261, 119, 131, 27000, 1, 0, 27000),
(262, 119, 339, 20000, 1, 0, 20000),
(264, 121, 19, 29000, 1, 0, 29000),
(265, 121, 69, 56000, 1, 0, 56000),
(266, 121, 228, 15000, 1, 0, 15000),
(267, 121, 98, 12000, 1, 0, 12000),
(268, 121, 402, 43800, 1, 0, 43800),
(269, 122, 352, 18000, 1, 0, 18000),
(270, 123, 378, 38000, 1, 0, 38000),
(271, 124, 5, 35000, 1, 0, 35000),
(272, 124, 247, 18000, 1, 0, 18000),
(273, 124, 332, 17000, 1, 0, 17000),
(274, 125, 206, 17000, 1, 0, 17000),
(275, 125, 327, 16000, 1, 0, 16000),
(276, 126, 17, 23000, 1, 0, 23000),
(277, 127, 347, 20000, 1, 0, 20000),
(278, 128, 27, 124000, 1, 0, 124000),
(279, 128, 7, 40000, 2, 0, 80000),
(280, 129, 337, 20000, 1, 0, 20000),
(281, 130, 354, 21000, 2, 0, 42000),
(282, 131, 27, 124000, 1, 0, 124000),
(283, 131, 201, 14000, 1, 0, 14000),
(284, 131, 224, 9000, 1, 0, 9000),
(285, 131, 212, 10000, 1, 0, 10000),
(286, 131, 218, 9000, 1, 0, 9000),
(287, 131, 372, 24000, 1, 0, 24000),
(288, 131, 373, 21000, 1, 0, 21000),
(289, 132, 79, 25000, 1, 0, 25000),
(290, 133, 223, 22000, 1, 0, 22000),
(291, 133, 55, 35000, 1, 0, 35000),
(292, 134, 90, 18000, 1, 0, 18000),
(293, 134, 187, 27000, 1, 0, 27000),
(294, 134, 312, 5000, 1, 0, 5000),
(295, 135, 187, 27000, 1, 0, 27000),
(296, 135, 342, 20000, 1, 0, 20000),
(297, 136, 223, 22000, 2, 0, 44000),
(298, 136, 214, 14000, 1, 0, 14000),
(299, 136, 120, 52000, 1, 0, 52000),
(301, 138, 305, 70000, 1, 0, 70000),
(302, 138, 434, 7000, 1, 0, 7000),
(303, 139, 201, 14000, 2, 0, 28000),
(304, 139, 239, 15000, 1, 0, 15000),
(305, 139, 357, 21000, 3, 0, 63000),
(306, 139, 129, 27000, 1, 0, 27000),
(307, 140, 223, 22000, 2, 0, 44000),
(308, 141, 206, 17000, 1, 0, 17000),
(309, 142, 293, 21000, 1, 0, 21000),
(310, 143, 209, 9000, 1, 0, 9000),
(311, 143, 221, 10000, 1, 0, 10000),
(312, 144, 305, 70000, 1, 0, 70000),
(313, 145, 90, 18000, 5, 0, 90000),
(314, 145, 101, 10000, 5, 0, 50000),
(315, 145, 383, 45000, 5, 0, 225000),
(316, 145, 211, 21000, 3, 0, 63000),
(317, 145, 343, 20000, 1, 0, 20000),
(318, 146, 299, 20000, 1, 0, 20000),
(319, 146, 89, 18000, 1, 0, 18000),
(320, 146, 11, 15000, 1, 0, 15000),
(321, 146, 30, 247000, 1, 0, 247000),
(322, 146, 83, 18000, 1, 0, 18000),
(323, 147, 378, 38000, 2, 0, 76000),
(324, 148, 349, 20000, 1, 0, 20000),
(325, 148, 338, 20000, 1, 0, 20000),
(326, 148, 201, 14000, 1, 0, 14000),
(327, 148, 358, 21000, 1, 0, 21000),
(328, 149, 1, 15000, 1, 0, 15000),
(329, 149, 330, 19000, 1, 0, 19000),
(330, 149, 319, 18000, 1, 0, 18000),
(331, 149, 299, 20000, 1, 0, 20000),
(332, 150, 89, 18000, 3, 0, 54000),
(333, 150, 83, 18000, 3, 0, 54000),
(334, 150, 57, 33000, 1, 0, 33000),
(335, 150, 46, 40000, 2, 0, 80000),
(336, 150, 198, 19000, 1, 0, 19000),
(337, 150, 104, 18000, 1, 0, 18000),
(338, 150, 440, 36000, 2, 0, 72000),
(339, 150, 121, 52000, 1, 0, 52000),
(340, 150, 277, 44000, 1, 0, 44000),
(341, 150, 308, 16000, 1, 0, 16000),
(342, 150, 299, 20000, 1, 0, 20000),
(343, 150, 372, 24000, 1, 0, 24000),
(344, 150, 307, 25000, 1, 0, 25000),
(345, 151, 83, 18000, 1, 0, 18000),
(346, 151, 90, 18000, 2, 0, 36000),
(347, 151, 89, 18000, 2, 0, 36000),
(348, 151, 131, 27000, 1, 0, 27000),
(349, 152, 323, 18000, 1, 0, 18000),
(350, 153, 4, 25000, 1, 0, 25000),
(351, 153, 90, 18000, 1, 0, 18000),
(352, 154, 131, 27000, 1, 0, 27000),
(353, 154, 351, 20000, 2, 0, 40000),
(354, 154, 336, 20000, 3, 0, 60000),
(355, 154, 434, 7000, 2, 0, 14000),
(356, 155, 7, 40000, 1, 0, 40000),
(357, 155, 383, 45000, 1, 0, 45000),
(358, 155, 441, 47000, 1, 0, 47000),
(359, 156, 49, 40000, 1, 0, 40000),
(360, 157, 7, 40000, 1, 0, 40000),
(361, 158, 405, 47900, 1, 0, 47900),
(362, 159, 389, 37700, 1, 0, 37700),
(363, 160, 199, 15000, 2, 0, 30000),
(364, 161, 198, 19000, 1, 0, 19000),
(365, 161, 187, 27000, 1, 0, 27000),
(366, 162, 224, 9000, 1, 0, 9000),
(367, 162, 365, 24000, 1, 0, 24000),
(368, 162, 441, 47000, 1, 0, 47000),
(369, 163, 224, 9000, 2, 0, 18000),
(370, 163, 337, 20000, 1, 0, 20000),
(371, 163, 341, 20000, 1, 0, 20000),
(372, 164, 254, 22000, 1, 0, 22000),
(373, 165, 380, 45000, 2, 0, 90000),
(374, 166, 434, 7000, 2, 0, 14000),
(375, 167, 129, 27000, 2, 0, 54000),
(376, 168, 434, 7000, 1, 0, 7000),
(377, 169, 201, 14000, 1, 0, 14000),
(378, 169, 224, 9000, 1, 0, 9000),
(379, 170, 300, 39000, 1, 0, 39000),
(381, 172, 57, 33000, 1, 0, 33000),
(382, 172, 216, 14000, 1, 0, 14000),
(383, 173, 120, 52000, 1, 0, 52000),
(384, 173, 351, 20000, 1, 0, 20000),
(385, 173, 198, 19000, 1, 0, 19000),
(386, 173, 199, 15000, 1, 0, 15000),
(387, 174, 205, 7000, 2, 0, 14000),
(388, 174, 40, 28000, 1, 0, 28000),
(389, 174, 130, 27000, 1, 0, 27000),
(390, 174, 132, 21000, 1, 0, 21000),
(391, 174, 123, 52000, 1, 0, 52000),
(392, 175, 361, 24000, 2, 0, 48000),
(393, 176, 247, 18000, 2, 0, 36000),
(394, 177, 319, 18000, 2, 0, 36000),
(395, 178, 224, 9000, 1, 0, 9000),
(396, 178, 201, 14000, 1, 0, 14000),
(397, 179, 292, 30000, 20, 0, 600000),
(398, 180, 60, 33000, 1, 0, 33000),
(399, 180, 199, 15000, 1, 0, 15000),
(400, 181, 57, 33000, 1, 0, 33000),
(401, 181, 199, 15000, 2, 0, 30000),
(402, 181, 146, 13000, 2, 0, 26000),
(403, 182, 201, 14000, 1, 0, 14000),
(404, 183, 199, 15000, 1, 0, 15000),
(405, 183, 201, 14000, 1, 0, 14000),
(406, 184, 123, 52000, 2, 0, 104000),
(407, 185, 11, 15000, 2, 0, 30000),
(408, 186, 120, 52000, 3, 0, 156000),
(409, 186, 261, 33000, 1, 0, 33000),
(410, 187, 304, 109000, 1, 0, 109000),
(411, 187, 294, 30000, 1, 0, 30000),
(412, 188, 212, 10000, 1, 0, 10000),
(413, 189, 341, 20000, 1, 0, 20000),
(414, 190, 341, 20000, 1, 0, 20000),
(415, 190, 340, 20000, 1, 0, 20000),
(416, 191, 90, 18000, 1, 0, 18000),
(417, 191, 131, 27000, 2, 0, 54000),
(418, 191, 340, 20000, 1, 0, 20000),
(419, 191, 188, 27000, 1, 0, 27000),
(420, 192, 358, 21000, 1, 0, 21000),
(421, 192, 355, 21000, 1, 0, 21000),
(422, 193, 139, 31000, 1, 0, 31000),
(423, 193, 434, 7000, 2, 0, 14000),
(424, 194, 188, 27000, 1, 0, 27000),
(425, 194, 132, 21000, 1, 0, 21000),
(426, 195, 363, 24000, 1, 0, 24000),
(427, 196, 315, 18000, 3, 0, 54000),
(428, 197, 49, 40000, 3, 0, 120000),
(429, 197, 161, 36000, 1, 0, 36000),
(430, 197, 364, 24000, 1, 0, 24000),
(431, 198, 173, 62000, 1, 0, 62000),
(432, 198, 340, 20000, 1, 0, 20000),
(433, 199, 206, 17000, 2, 0, 34000),
(434, 199, 223, 22000, 2, 0, 44000),
(435, 200, 239, 15000, 1, 0, 15000),
(436, 200, 337, 20000, 1, 0, 20000),
(437, 201, 363, 24000, 1, 0, 24000),
(438, 202, 347, 20000, 5, 0, 100000),
(439, 202, 331, 19000, 3, 0, 57000),
(440, 202, 147, 12000, 2, 0, 24000),
(441, 202, 252, 28000, 2, 0, 56000),
(442, 203, 198, 19000, 2, 0, 38000),
(443, 203, 214, 14000, 2, 0, 28000),
(444, 203, 83, 18000, 3, 0, 54000),
(445, 204, 26, 100000, 1, 0, 100000),
(446, 204, 129, 27000, 1, 0, 27000),
(447, 204, 173, 62000, 1, 0, 62000),
(448, 204, 201, 14000, 1, 0, 14000),
(449, 204, 189, 66000, 1, 0, 66000),
(450, 204, 90, 18000, 1, 0, 18000),
(451, 205, 335, 20000, 1, 0, 20000),
(452, 206, 89, 18000, 1, 0, 18000),
(455, 208, 188, 27000, 4, 0, 108000),
(456, 209, 89, 18000, 3, 0, 54000),
(457, 209, 83, 18000, 3, 0, 54000),
(458, 209, 206, 17000, 2, 0, 34000),
(459, 209, 335, 20000, 2, 0, 40000),
(460, 209, 339, 20000, 2, 0, 40000),
(461, 210, 235, 16000, 2, 0, 32000),
(462, 211, 179, 26000, 1, 0, 26000),
(463, 211, 363, 24000, 1, 0, 24000),
(464, 211, 131, 27000, 2, 0, 54000),
(465, 212, 201, 14000, 1, 0, 14000),
(466, 212, 319, 18000, 1, 0, 18000),
(467, 213, 299, 20000, 1, 0, 20000),
(468, 214, 378, 38000, 1, 0, 38000),
(469, 215, 383, 45000, 1, 0, 45000),
(470, 215, 131, 27000, 2, 0, 54000),
(471, 215, 359, 24000, 1, 0, 24000),
(472, 216, 223, 22000, 1, 0, 22000),
(473, 216, 318, 18000, 1, 0, 18000),
(474, 217, 217, 12000, 2, 0, 24000),
(475, 218, 354, 21000, 1, 0, 21000),
(476, 219, 236, 16000, 1, 0, 16000),
(477, 219, 233, 16000, 1, 0, 16000),
(478, 219, 234, 19000, 1, 0, 19000),
(479, 219, 235, 16000, 1, 0, 16000),
(480, 219, 359, 24000, 2, 0, 48000),
(481, 220, 203, 12000, 1, 0, 12000),
(482, 220, 215, 14000, 1, 0, 14000),
(483, 220, 262, 29000, 1, 0, 29000),
(484, 221, 201, 14000, 1, 0, 14000),
(485, 221, 222, 9000, 1, 0, 9000),
(486, 221, 346, 20000, 2, 0, 40000),
(487, 223, 31, 25000, 1, 0, 25000),
(488, 224, 201, 14000, 1, 0, 14000),
(489, 224, 205, 7000, 1, 0, 7000),
(490, 224, 222, 9000, 1, 0, 9000),
(491, 225, 277, 44000, 1, 0, 44000),
(492, 225, 118, 15000, 1, 0, 15000),
(493, 226, 13, 8000, 2, 0, 16000),
(494, 226, 14, 10000, 1, 0, 10000),
(495, 226, 321, 18000, 4, 0, 72000),
(496, 226, 290, 26000, 1, 0, 26000),
(497, 227, 355, 21000, 2, 0, 42000),
(498, 227, 354, 21000, 1, 0, 21000),
(499, 227, 356, 21000, 1, 0, 21000),
(500, 227, 7, 40000, 2, 0, 80000),
(501, 228, 47, 40000, 1, 0, 40000),
(502, 229, 308, 16000, 2, 0, 32000),
(503, 229, 341, 20000, 1, 0, 20000),
(504, 230, 147, 12000, 2, 0, 24000),
(505, 231, 206, 17000, 1, 0, 17000),
(506, 231, 201, 14000, 1, 0, 14000),
(507, 232, 131, 27000, 1, 0, 27000),
(508, 233, 48, 40000, 1, 0, 40000),
(509, 234, 131, 27000, 1, 0, 27000),
(510, 235, 339, 20000, 2, 0, 40000),
(511, 236, 300, 39000, 4, 0, 156000),
(512, 237, 83, 18000, 4, 0, 72000),
(513, 238, 330, 19000, 1, 0, 19000),
(514, 239, 201, 14000, 1, 0, 14000),
(515, 239, 223, 22000, 1, 0, 22000),
(516, 240, 206, 17000, 1, 0, 17000),
(517, 241, 7, 40000, 1, 0, 40000),
(518, 242, 291, 19000, 1, 0, 19000),
(519, 242, 199, 15000, 1, 0, 15000),
(520, 242, 169, 29000, 1, 0, 29000),
(521, 242, 371, 24000, 1, 0, 24000),
(522, 242, 233, 16000, 1, 0, 16000),
(523, 242, 232, 14000, 1, 0, 14000),
(524, 243, 79, 25000, 1, 0, 25000),
(525, 243, 188, 27000, 1, 0, 27000),
(526, 244, 18, 26000, 1, 0, 26000),
(527, 244, 20, 22000, 1, 0, 22000),
(528, 244, 371, 24000, 1, 0, 24000),
(529, 244, 361, 24000, 11, 0, 264000),
(531, 246, 105, 24000, 1, 0, 24000),
(532, 247, 354, 21000, 1, 0, 21000),
(533, 248, 293, 21000, 5, 0, 105000),
(534, 249, 79, 25000, 1, 0, 25000),
(535, 250, 206, 17000, 1, 0, 17000),
(536, 250, 332, 17000, 1, 0, 17000),
(537, 250, 327, 16000, 1, 0, 16000),
(538, 251, 363, 24000, 1, 0, 24000),
(539, 252, 46, 40000, 1, 0, 40000),
(540, 252, 57, 33000, 1, 0, 33000),
(541, 253, 132, 21000, 1, 0, 21000),
(542, 254, 203, 12000, 1, 0, 12000),
(543, 254, 53, 49000, 1, 0, 49000),
(544, 255, 254, 22000, 1, 0, 22000),
(545, 255, 230, 24000, 1, 0, 24000),
(546, 255, 49, 40000, 1, 0, 40000),
(547, 255, 90, 18000, 1, 0, 18000),
(548, 256, 201, 14000, 3, 0, 42000),
(549, 256, 247, 18000, 1, 0, 18000),
(550, 256, 90, 18000, 2, 0, 36000),
(551, 257, 209, 9000, 2, 0, 18000),
(552, 257, 255, 44000, 1, 0, 44000),
(553, 257, 347, 20000, 1, 0, 20000),
(554, 257, 351, 20000, 1, 0, 20000),
(555, 257, 356, 21000, 1, 0, 21000),
(556, 257, 357, 21000, 1, 0, 21000),
(557, 258, 306, 63000, 1, 0, 63000),
(558, 258, 337, 20000, 1, 0, 20000),
(559, 258, 340, 20000, 1, 0, 20000),
(560, 258, 339, 20000, 3, 0, 60000),
(561, 258, 328, 19000, 3, 0, 57000),
(562, 259, 201, 14000, 1, 0, 14000),
(563, 260, 335, 20000, 1, 0, 20000),
(564, 260, 336, 20000, 1, 0, 20000),
(565, 260, 209, 9000, 1, 0, 9000),
(566, 261, 201, 14000, 1, 0, 14000),
(567, 261, 189, 66000, 1, 0, 66000),
(568, 262, 307, 25000, 1, 0, 25000),
(569, 262, 332, 17000, 1, 0, 17000),
(570, 263, 194, 39000, 1, 0, 39000),
(571, 263, 185, 29000, 1, 0, 29000),
(572, 264, 290, 26000, 1, 0, 26000),
(573, 264, 222, 9000, 1, 0, 9000),
(574, 264, 63, 33000, 1, 0, 33000),
(575, 264, 49, 40000, 1, 0, 40000),
(576, 264, 188, 27000, 1, 0, 27000),
(577, 265, 40, 28000, 2, 0, 56000),
(578, 266, 15, 13000, 7, 0, 91000),
(579, 266, 13, 8000, 10, 0, 80000),
(580, 267, 319, 18000, 5, 0, 90000),
(581, 268, 254, 22000, 1, 0, 22000),
(582, 269, 185, 29000, 1, 0, 29000),
(583, 269, 194, 39000, 1, 0, 39000),
(584, 269, 77, 71000, 1, 0, 71000),
(585, 269, 119, 12000, 1, 0, 12000),
(586, 269, 383, 45000, 1, 0, 45000),
(587, 269, 101, 10000, 1, 0, 10000),
(588, 269, 217, 12000, 1, 0, 12000),
(589, 269, 64, 40000, 1, 0, 40000),
(593, 271, 257, 35000, 1, 0, 35000),
(594, 271, 246, 19000, 1, 0, 19000),
(595, 271, 131, 27000, 1, 0, 27000),
(596, 272, 221, 10000, 1, 0, 10000),
(597, 273, 317, 18000, 2, 0, 36000),
(598, 273, 100, 12000, 1, 0, 12000),
(599, 273, 131, 27000, 1, 0, 27000),
(600, 274, 337, 20000, 1, 0, 20000),
(601, 275, 254, 22000, 1, 0, 22000),
(602, 276, 206, 17000, 1, 0, 17000),
(603, 276, 315, 18000, 1, 0, 18000),
(604, 277, 211, 21000, 1, 0, 21000),
(605, 278, 221, 10000, 1, 0, 10000),
(606, 279, 5, 35000, 1, 0, 35000),
(607, 280, 205, 7000, 1, 0, 7000),
(608, 281, 341, 20000, 1, 0, 20000),
(609, 282, 143, 231000, 2, 0, 462000),
(610, 282, 141, 61000, 1, 0, 61000),
(611, 282, 323, 18000, 6, 0, 108000),
(612, 282, 336, 20000, 2, 0, 40000),
(613, 282, 330, 19000, 1, 0, 19000),
(614, 282, 352, 18000, 2, 0, 36000),
(615, 283, 354, 21000, 1, 0, 21000),
(616, 284, 112, 28000, 1, 0, 28000),
(617, 284, 118, 15000, 1, 0, 15000),
(618, 284, 139, 31000, 1, 0, 31000),
(619, 285, 239, 15000, 1, 0, 15000),
(620, 285, 221, 10000, 1, 0, 10000),
(621, 285, 1, 15000, 1, 0, 15000),
(622, 286, 124, 52000, 1, 0, 52000),
(623, 286, 112, 28000, 1, 0, 28000),
(624, 286, 236, 16000, 1, 0, 16000),
(625, 286, 337, 20000, 2, 0, 40000),
(626, 287, 346, 20000, 1, 0, 20000),
(627, 287, 351, 20000, 1, 0, 20000),
(628, 288, 247, 18000, 1, 0, 18000),
(629, 289, 132, 21000, 1, 0, 21000),
(630, 289, 83, 18000, 1, 0, 18000),
(631, 289, 7, 40000, 1, 0, 40000),
(632, 290, 147, 12000, 1, 0, 12000),
(633, 290, 317, 18000, 1, 0, 18000),
(634, 291, 376, 51000, 1, 0, 51000),
(635, 292, 263, 26000, 1, 0, 26000),
(636, 292, 354, 21000, 1, 0, 21000),
(637, 292, 356, 21000, 1, 0, 21000),
(638, 293, 294, 30000, 1, 0, 30000),
(639, 293, 434, 7000, 2, 0, 14000),
(640, 294, 366, 24000, 1, 0, 24000),
(641, 294, 363, 24000, 1, 0, 24000),
(642, 294, 361, 24000, 1, 0, 24000),
(643, 294, 199, 15000, 1, 0, 15000),
(644, 295, 349, 20000, 1, 0, 20000),
(645, 296, 318, 18000, 1, 0, 18000),
(646, 296, 320, 18000, 1, 0, 18000),
(647, 297, 399, 37700, 2, 0, 75400),
(648, 298, 27, 124000, 1, 0, 124000),
(649, 299, 322, 18000, 1, 0, 18000),
(650, 300, 199, 15000, 1, 0, 15000),
(651, 300, 206, 17000, 2, 0, 34000),
(652, 300, 329, 19000, 1, 0, 19000),
(653, 301, 122, 52000, 1, 0, 52000),
(654, 301, 318, 18000, 1, 0, 18000),
(655, 301, 8, 40000, 1, 0, 40000),
(656, 302, 83, 18000, 1, 0, 18000),
(657, 302, 198, 19000, 1, 0, 19000),
(658, 303, 357, 21000, 1, 0, 21000),
(659, 304, 346, 20000, 5, 0, 100000),
(660, 305, 330, 19000, 1, 0, 19000),
(661, 306, 319, 18000, 2, 0, 36000),
(662, 307, 79, 25000, 1, 0, 25000),
(663, 307, 131, 27000, 1, 0, 27000),
(664, 308, 247, 18000, 1, 0, 18000),
(665, 308, 250, 23000, 1, 0, 23000),
(666, 308, 254, 22000, 1, 0, 22000),
(667, 308, 212, 10000, 1, 0, 10000),
(668, 308, 372, 24000, 1, 0, 24000),
(669, 308, 354, 21000, 1, 0, 21000),
(670, 309, 140, 40000, 1, 0, 40000),
(671, 309, 318, 18000, 2, 0, 36000),
(672, 309, 434, 7000, 1, 0, 7000),
(673, 310, 10, 55000, 1, 0, 55000),
(674, 311, 223, 22000, 1, 0, 22000),
(675, 311, 201, 14000, 1, 0, 14000),
(676, 312, 201, 14000, 1, 0, 14000),
(677, 312, 199, 15000, 1, 0, 15000),
(678, 312, 206, 17000, 1, 0, 17000),
(679, 312, 211, 21000, 1, 0, 21000),
(680, 313, 189, 66000, 1, 0, 66000),
(681, 313, 199, 15000, 1, 0, 15000),
(682, 313, 223, 22000, 1, 0, 22000),
(683, 314, 60, 33000, 1, 0, 33000),
(684, 315, 147, 12000, 1, 0, 12000),
(685, 316, 294, 30000, 1, 0, 30000),
(686, 316, 364, 24000, 1, 0, 24000),
(687, 317, 324, 18000, 1, 0, 18000),
(688, 318, 101, 10000, 2, 0, 20000),
(689, 319, 330, 19000, 1, 0, 19000),
(690, 320, 337, 20000, 1, 0, 20000),
(691, 320, 340, 20000, 1, 0, 20000),
(692, 321, 214, 14000, 1, 0, 14000),
(699, 325, 223, 22000, 2, 0, 44000),
(700, 325, 90, 18000, 2, 0, 36000),
(701, 326, 211, 21000, 1, 0, 21000),
(702, 326, 434, 7000, 1, 0, 7000),
(703, 327, 33, 35000, 1, 0, 35000),
(704, 328, 33, 35000, 1, 0, 35000),
(705, 328, 46, 40000, 1, 0, 40000),
(706, 328, 440, 36000, 1, 0, 36000),
(707, 329, 201, 14000, 2, 0, 28000),
(708, 330, 204, 8000, 5, 0, 40000),
(709, 330, 217, 12000, 5, 0, 60000),
(710, 330, 262, 29000, 2, 0, 58000),
(711, 331, 321, 18000, 2, 0, 36000),
(712, 332, 260, 38000, 1, 0, 38000),
(713, 332, 368, 24000, 1, 0, 24000),
(714, 333, 319, 18000, 1, 0, 18000),
(715, 334, 368, 24000, 1, 0, 24000),
(716, 334, 201, 14000, 1, 0, 14000),
(717, 335, 378, 38000, 2, 0, 76000),
(718, 335, 205, 7000, 1, 0, 7000),
(719, 335, 232, 14000, 1, 0, 14000),
(720, 335, 239, 15000, 1, 0, 15000),
(721, 336, 83, 18000, 1, 0, 18000),
(722, 337, 218, 9000, 1, 0, 9000),
(723, 337, 39, 39000, 1, 0, 39000),
(724, 337, 131, 27000, 1, 0, 27000),
(725, 338, 5, 35000, 1, 0, 35000),
(726, 339, 90, 18000, 2, 0, 36000),
(727, 340, 329, 19000, 1, 0, 19000),
(729, 342, 328, 19000, 1, 0, 19000),
(731, 344, 89, 18000, 1, 0, 18000),
(732, 344, 201, 14000, 1, 0, 14000),
(733, 344, 321, 18000, 1, 0, 18000),
(734, 344, 330, 19000, 1, 0, 19000),
(735, 345, 223, 22000, 1, 0, 22000),
(736, 346, 354, 21000, 1, 0, 21000),
(737, 346, 355, 21000, 1, 0, 21000),
(738, 347, 13, 8000, 2, 0, 16000),
(739, 347, 14, 10000, 3, 0, 30000),
(740, 348, 246, 19000, 1, 0, 19000),
(741, 348, 340, 20000, 1, 0, 20000),
(742, 348, 209, 9000, 1, 0, 9000),
(743, 349, 31, 25000, 10, 0, 250000),
(744, 349, 33, 35000, 5, 0, 175000),
(745, 350, 357, 21000, 1, 0, 21000),
(746, 350, 359, 24000, 1, 0, 24000),
(747, 350, 57, 33000, 5, 0, 165000),
(748, 350, 48, 40000, 3, 0, 120000),
(749, 350, 299, 20000, 1, 0, 20000),
(750, 351, 338, 20000, 1, 0, 20000),
(751, 352, 11, 15000, 1, 0, 15000),
(752, 352, 17, 23000, 1, 0, 23000),
(753, 353, 347, 20000, 2, 0, 40000),
(754, 354, 347, 20000, 5, 0, 100000),
(755, 355, 217, 12000, 8, 0, 96000),
(756, 355, 216, 14000, 2, 0, 28000),
(757, 355, 220, 10000, 3, 0, 30000),
(758, 355, 221, 10000, 1, 0, 10000),
(759, 356, 31, 25000, 1, 0, 25000),
(760, 356, 83, 18000, 1, 0, 18000),
(761, 357, 188, 27000, 1, 0, 27000),
(762, 358, 83, 18000, 1, 0, 18000),
(763, 358, 7, 40000, 1, 0, 40000),
(764, 358, 217, 12000, 1, 0, 12000),
(765, 358, 31, 25000, 1, 0, 25000),
(766, 358, 347, 20000, 1, 0, 20000),
(767, 359, 139, 31000, 1, 0, 31000),
(768, 359, 364, 24000, 1, 0, 24000),
(769, 359, 7, 40000, 3, 0, 120000),
(770, 360, 132, 21000, 2, 0, 42000),
(771, 360, 223, 22000, 2, 0, 44000),
(772, 361, 223, 22000, 1, 0, 22000),
(773, 361, 201, 14000, 9, 0, 126000),
(774, 361, 331, 19000, 2, 0, 38000),
(775, 361, 347, 20000, 1, 0, 20000),
(776, 362, 332, 17000, 1, 0, 17000),
(777, 362, 334, 20000, 1, 0, 20000),
(778, 362, 331, 19000, 4, 0, 76000),
(779, 362, 11, 15000, 1, 0, 15000),
(780, 363, 91, 18000, 1, 0, 18000),
(781, 364, 79, 25000, 1, 0, 25000),
(782, 365, 29, 185000, 1, 0, 185000),
(783, 365, 434, 7000, 4, 0, 28000),
(784, 366, 257, 35000, 1, 0, 35000),
(785, 367, 217, 12000, 1, 0, 12000),
(786, 367, 212, 10000, 1, 0, 10000),
(787, 368, 222, 9000, 2, 0, 18000),
(788, 368, 316, 18000, 1, 0, 18000),
(789, 369, 303, 21000, 1, 0, 21000),
(790, 369, 299, 20000, 1, 0, 20000),
(791, 370, 321, 18000, 2, 0, 36000),
(792, 371, 123, 52000, 2, 0, 104000),
(793, 371, 14, 10000, 1, 0, 10000),
(794, 371, 13, 8000, 1, 0, 8000),
(795, 372, 340, 20000, 1, 0, 20000),
(796, 372, 282, 36000, 1, 0, 36000),
(797, 372, 26, 100000, 1, 0, 100000),
(798, 372, 434, 7000, 1, 0, 7000),
(799, 373, 40, 28000, 1, 0, 28000),
(800, 374, 199, 15000, 1, 0, 15000),
(801, 374, 224, 9000, 1, 0, 9000),
(802, 374, 322, 18000, 1, 0, 18000),
(803, 375, 254, 22000, 1, 0, 22000),
(804, 375, 354, 21000, 1, 0, 21000),
(805, 376, 353, 21000, 2, 0, 42000),
(806, 377, 253, 28000, 1, 0, 28000),
(807, 377, 356, 21000, 1, 0, 21000),
(808, 378, 308, 16000, 1, 0, 16000),
(809, 379, 347, 20000, 5, 0, 100000),
(810, 380, 201, 14000, 1, 0, 14000),
(811, 381, 40, 28000, 1, 0, 28000),
(812, 381, 201, 14000, 1, 0, 14000),
(813, 381, 323, 18000, 1, 0, 18000),
(814, 381, 339, 20000, 1, 0, 20000),
(815, 382, 147, 12000, 1, 0, 12000),
(816, 382, 17, 23000, 2, 0, 46000),
(817, 382, 303, 21000, 1, 0, 21000),
(818, 382, 434, 7000, 2, 0, 14000),
(819, 383, 27, 124000, 1, 0, 124000),
(820, 383, 169, 29000, 5, 0, 145000),
(821, 383, 354, 21000, 1, 0, 21000),
(822, 383, 198, 19000, 1, 0, 19000),
(823, 383, 324, 18000, 1, 0, 18000),
(824, 383, 120, 52000, 1, 0, 52000),
(825, 384, 140, 40000, 2, 0, 80000),
(826, 385, 49, 40000, 2, 0, 80000),
(827, 385, 44, 21000, 1, 0, 21000),
(828, 385, 319, 18000, 2, 0, 36000),
(829, 385, 339, 20000, 3, 0, 60000),
(830, 385, 217, 12000, 3, 0, 36000),
(831, 386, 198, 19000, 1, 0, 19000),
(832, 387, 14, 10000, 1, 0, 10000),
(833, 388, 282, 36000, 1, 0, 36000),
(834, 388, 201, 14000, 2, 0, 28000),
(835, 389, 222, 9000, 1, 0, 9000),
(836, 389, 299, 20000, 1, 0, 20000),
(837, 390, 147, 12000, 2, 0, 24000),
(838, 390, 146, 13000, 1, 0, 13000),
(839, 391, 434, 7000, 1, 0, 7000),
(840, 392, 337, 20000, 1, 0, 20000),
(841, 393, 216, 14000, 1, 0, 14000),
(842, 393, 90, 18000, 1, 0, 18000),
(843, 393, 299, 20000, 1, 0, 20000),
(844, 393, 114, 23000, 1, 0, 23000),
(845, 394, 434, 7000, 1, 0, 7000),
(846, 395, 339, 20000, 1, 0, 20000),
(847, 395, 282, 36000, 1, 0, 36000),
(848, 396, 125, 43000, 1, 0, 43000),
(849, 397, 206, 17000, 1, 0, 17000),
(850, 398, 289, 11000, 5, 0, 55000),
(851, 399, 289, 11000, 5, 0, 55000),
(852, 400, 63, 33000, 1, 0, 33000),
(853, 400, 222, 9000, 1, 0, 9000),
(854, 400, 201, 14000, 1, 0, 14000),
(855, 400, 301, 34000, 1, 0, 34000),
(856, 400, 15, 13000, 1, 0, 13000),
(857, 401, 198, 19000, 1, 0, 19000),
(858, 402, 201, 14000, 2, 0, 28000),
(859, 402, 12, 6000, 1, 0, 6000),
(860, 402, 434, 7000, 1, 0, 7000),
(861, 402, 83, 18000, 1, 0, 18000),
(862, 402, 90, 18000, 2, 0, 36000),
(863, 403, 263, 26000, 1, 0, 26000),
(864, 404, 230, 24000, 5, 0, 120000),
(865, 404, 26, 100000, 1, 0, 100000),
(866, 404, 201, 14000, 5, 0, 70000),
(867, 404, 198, 19000, 5, 0, 95000),
(868, 404, 85, 18000, 10, 0, 180000),
(869, 404, 214, 14000, 5, 0, 70000),
(870, 404, 235, 16000, 2, 0, 32000),
(871, 404, 253, 28000, 2, 0, 56000),
(872, 405, 131, 27000, 4, 0, 108000),
(873, 406, 201, 14000, 1, 0, 14000),
(874, 406, 319, 18000, 1, 0, 18000),
(875, 407, 295, 34000, 1, 0, 34000),
(876, 407, 289, 11000, 1, 0, 11000),
(877, 408, 361, 24000, 1, 0, 24000),
(878, 409, 327, 16000, 4, 0, 64000),
(881, 411, 297, 20000, 1, 0, 20000),
(882, 411, 337, 20000, 1, 0, 20000),
(883, 412, 328, 19000, 2, 0, 38000),
(884, 413, 201, 14000, 1, 0, 14000),
(885, 413, 339, 20000, 1, 0, 20000),
(886, 414, 222, 9000, 5, 0, 45000),
(887, 415, 201, 14000, 1, 0, 14000),
(888, 416, 53, 49000, 1, 0, 49000),
(889, 416, 328, 19000, 2, 0, 38000),
(890, 416, 201, 14000, 1, 0, 14000),
(891, 417, 336, 20000, 1, 0, 20000),
(892, 418, 290, 26000, 1, 0, 26000),
(893, 418, 289, 11000, 1, 0, 11000),
(894, 418, 319, 18000, 1, 0, 18000),
(895, 418, 269, 162000, 1, 0, 162000),
(896, 418, 49, 40000, 1, 0, 40000),
(897, 419, 129, 27000, 1, 0, 27000),
(898, 420, 206, 17000, 1, 0, 17000),
(899, 420, 222, 9000, 1, 0, 9000),
(900, 420, 247, 18000, 1, 0, 18000),
(901, 420, 257, 35000, 1, 0, 35000),
(902, 421, 27, 124000, 1, 0, 124000),
(903, 422, 15, 13000, 1, 0, 13000),
(904, 422, 355, 21000, 1, 0, 21000),
(905, 422, 354, 21000, 1, 0, 21000),
(906, 423, 201, 14000, 1, 0, 14000),
(907, 423, 198, 19000, 1, 0, 19000),
(908, 423, 90, 18000, 1, 0, 18000),
(909, 424, 26, 100000, 1, 0, 100000),
(910, 425, 307, 25000, 1, 0, 25000),
(911, 426, 300, 39000, 2, 0, 78000),
(912, 426, 195, 47000, 1, 0, 47000),
(913, 426, 253, 28000, 1, 0, 28000),
(914, 427, 123, 52000, 1, 0, 52000),
(915, 428, 434, 7000, 3, 0, 21000),
(916, 428, 317, 18000, 1, 0, 18000),
(917, 429, 90, 18000, 1, 0, 18000),
(918, 430, 236, 16000, 1, 0, 16000),
(919, 430, 83, 18000, 1, 0, 18000),
(920, 430, 356, 21000, 1, 0, 21000),
(921, 430, 323, 18000, 1, 0, 18000),
(922, 430, 147, 12000, 1, 0, 12000),
(923, 430, 146, 13000, 3, 0, 39000),
(924, 430, 212, 10000, 1, 0, 10000),
(925, 430, 222, 9000, 1, 0, 9000),
(926, 430, 224, 9000, 3, 0, 27000),
(927, 430, 217, 12000, 1, 0, 12000),
(928, 430, 221, 10000, 1, 0, 10000),
(929, 431, 15, 13000, 1, 0, 13000),
(930, 432, 232, 14000, 1, 0, 14000),
(931, 432, 212, 10000, 1, 0, 10000),
(932, 432, 376, 51000, 1, 0, 51000),
(933, 433, 201, 14000, 2, 0, 28000),
(934, 433, 282, 36000, 1, 0, 36000),
(935, 434, 282, 36000, 1, 0, 36000),
(936, 435, 90, 18000, 2, 0, 36000),
(937, 435, 112, 28000, 1, 0, 28000),
(938, 436, 199, 15000, 1, 0, 15000),
(939, 436, 83, 18000, 1, 0, 18000),
(940, 436, 282, 36000, 1, 0, 36000),
(941, 436, 120, 52000, 1, 0, 52000),
(942, 436, 92, 16000, 1, 0, 16000),
(943, 437, 90, 18000, 3, 0, 54000),
(944, 437, 222, 9000, 2, 0, 18000),
(945, 437, 354, 21000, 1, 0, 21000),
(946, 437, 48, 40000, 1, 0, 40000),
(947, 438, 205, 7000, 1, 0, 7000),
(948, 438, 282, 36000, 1, 0, 36000),
(949, 439, 90, 18000, 2, 0, 36000),
(950, 440, 206, 17000, 1, 0, 17000),
(951, 441, 193, 63000, 3, 0, 189000),
(952, 442, 14, 10000, 1, 0, 10000),
(953, 443, 222, 9000, 1, 0, 9000),
(954, 443, 217, 12000, 1, 0, 12000),
(955, 444, 297, 20000, 5, 0, 100000),
(956, 445, 291, 19000, 1, 0, 19000),
(957, 445, 290, 26000, 1, 0, 26000),
(958, 445, 340, 20000, 1, 0, 20000),
(959, 446, 15, 13000, 1, 0, 13000),
(960, 446, 90, 18000, 1, 0, 18000),
(961, 447, 262, 29000, 1, 0, 29000),
(962, 447, 39, 39000, 1, 0, 39000),
(963, 447, 131, 27000, 1, 0, 27000),
(964, 448, 314, 18000, 1, 0, 18000),
(965, 449, 245, 19000, 1, 0, 19000),
(966, 449, 199, 15000, 1, 0, 15000),
(967, 449, 33, 35000, 1, 0, 35000),
(968, 450, 179, 26000, 6, 0, 156000),
(969, 450, 161, 36000, 6, 0, 216000),
(970, 451, 222, 9000, 1, 0, 9000),
(971, 451, 89, 18000, 1, 0, 18000),
(972, 451, 344, 20000, 1, 0, 20000),
(973, 451, 354, 21000, 1, 0, 21000),
(974, 451, 105, 24000, 1, 0, 24000),
(975, 452, 112, 28000, 1, 0, 28000),
(976, 453, 83, 18000, 1, 0, 18000),
(977, 454, 57, 33000, 1, 0, 33000),
(978, 454, 90, 18000, 1, 0, 18000),
(979, 454, 5, 35000, 1, 0, 35000),
(980, 455, 80, 21000, 4, 0, 84000),
(981, 455, 132, 21000, 4, 0, 84000),
(982, 455, 201, 14000, 1, 0, 14000),
(983, 455, 370, 24000, 1, 0, 24000),
(984, 456, 440, 36000, 1, 0, 36000),
(985, 456, 199, 15000, 1, 0, 15000),
(986, 456, 57, 33000, 1, 0, 33000),
(987, 456, 201, 14000, 1, 0, 14000),
(988, 457, 358, 21000, 1, 0, 21000),
(989, 458, 10, 55000, 1, 0, 55000),
(990, 459, 339, 20000, 1, 0, 20000),
(991, 460, 201, 14000, 1, 0, 14000),
(992, 460, 349, 20000, 1, 0, 20000),
(993, 461, 354, 21000, 1, 0, 21000),
(994, 461, 331, 19000, 1, 0, 19000),
(995, 462, 321, 18000, 1, 0, 18000),
(996, 463, 69, 56000, 1, 0, 56000),
(997, 464, 39, 39000, 1, 0, 39000),
(998, 465, 322, 18000, 1, 0, 18000),
(999, 466, 221, 10000, 1, 0, 10000),
(1000, 466, 322, 18000, 1, 0, 18000),
(1001, 467, 101, 10000, 1, 0, 10000),
(1002, 467, 89, 18000, 1, 0, 18000),
(1003, 467, 100, 12000, 1, 0, 12000),
(1004, 467, 206, 17000, 1, 0, 17000),
(1005, 467, 319, 18000, 1, 0, 18000),
(1006, 468, 434, 7000, 1, 0, 7000),
(1007, 468, 146, 13000, 3, 0, 39000),
(1008, 469, 354, 21000, 1, 0, 21000),
(1009, 470, 124, 52000, 1, 0, 52000),
(1010, 470, 123, 52000, 1, 0, 52000),
(1011, 470, 416, 49900, 1, 0, 49900),
(1012, 471, 332, 17000, 2, 0, 34000),
(1013, 471, 354, 21000, 1, 0, 21000),
(1014, 472, 79, 25000, 1, 0, 25000),
(1015, 472, 328, 19000, 1, 0, 19000),
(1016, 473, 282, 36000, 1, 0, 36000),
(1017, 473, 354, 21000, 1, 0, 21000),
(1018, 474, 355, 21000, 1, 0, 21000),
(1019, 475, 316, 18000, 1, 0, 18000),
(1020, 476, 44, 21000, 1, 0, 21000),
(1021, 476, 15, 13000, 1, 0, 13000),
(1022, 476, 146, 13000, 1, 0, 13000),
(1023, 476, 212, 10000, 1, 0, 10000),
(1024, 477, 308, 16000, 1, 0, 16000),
(1025, 477, 172, 25000, 1, 0, 25000),
(1026, 477, 356, 21000, 1, 0, 21000),
(1027, 477, 317, 18000, 1, 0, 18000),
(1028, 478, 83, 18000, 1, 0, 18000),
(1029, 478, 201, 14000, 1, 0, 14000),
(1030, 479, 254, 22000, 1, 0, 22000),
(1031, 479, 314, 18000, 1, 0, 18000),
(1032, 480, 355, 21000, 1, 0, 21000),
(1033, 481, 315, 18000, 2, 0, 36000),
(1038, 483, 112, 28000, 1, 0, 28000),
(1039, 483, 7, 40000, 1, 0, 40000),
(1040, 483, 222, 9000, 3, 0, 27000),
(1041, 483, 119, 12000, 1, 0, 12000),
(1042, 483, 90, 18000, 1, 0, 18000),
(1043, 483, 340, 20000, 2, 0, 40000),
(1044, 483, 339, 20000, 2, 0, 40000),
(1045, 484, 40, 28000, 1, 0, 28000),
(1046, 485, 131, 27000, 1, 0, 27000),
(1047, 486, 40, 28000, 1, 0, 28000),
(1048, 487, 363, 24000, 1, 0, 24000),
(1049, 487, 5, 35000, 1, 0, 35000),
(1050, 487, 441, 47000, 1, 0, 47000),
(1051, 487, 64, 40000, 1, 0, 40000),
(1052, 488, 204, 8000, 1, 0, 8000),
(1053, 489, 339, 20000, 1, 0, 20000),
(1054, 490, 321, 18000, 1, 0, 18000),
(1055, 491, 206, 17000, 1, 0, 17000),
(1056, 491, 201, 14000, 1, 0, 14000),
(1057, 491, 161, 36000, 1, 0, 36000),
(1058, 491, 371, 24000, 3, 0, 72000),
(1059, 491, 353, 21000, 1, 0, 21000),
(1060, 491, 340, 20000, 2, 0, 40000),
(1061, 492, 122, 52000, 1, 0, 52000),
(1062, 492, 85, 18000, 1, 0, 18000),
(1063, 492, 83, 18000, 1, 0, 18000),
(1064, 492, 89, 18000, 1, 0, 18000),
(1065, 493, 282, 36000, 1, 0, 36000),
(1066, 494, 299, 20000, 1, 0, 20000),
(1067, 495, 212, 10000, 1, 0, 10000),
(1068, 495, 331, 19000, 1, 0, 19000),
(1069, 496, 340, 20000, 2, 0, 40000),
(1070, 497, 62, 33000, 1, 0, 33000),
(1071, 497, 57, 33000, 2, 0, 66000),
(1072, 498, 62, 33000, 1, 0, 33000),
(1073, 499, 5, 35000, 1, 0, 35000),
(1074, 499, 6, 35000, 1, 0, 35000),
(1079, 501, 299, 20000, 1, 0, 20000),
(1080, 502, 83, 18000, 1, 0, 18000),
(1081, 502, 221, 10000, 1, 0, 10000),
(1082, 502, 339, 20000, 1, 0, 20000),
(1083, 503, 7, 40000, 1, 0, 40000),
(1084, 503, 320, 18000, 1, 0, 18000),
(1085, 504, 15, 13000, 1, 0, 13000),
(1086, 505, 211, 21000, 4, 0, 84000),
(1087, 505, 330, 19000, 5, 0, 95000),
(1088, 505, 347, 20000, 1, 0, 20000),
(1089, 505, 39, 39000, 1, 0, 39000),
(1090, 505, 378, 38000, 4, 0, 152000),
(1091, 505, 223, 22000, 1, 0, 22000),
(1092, 506, 282, 36000, 1, 0, 36000),
(1093, 507, 10, 55000, 2, 0, 110000),
(1094, 507, 201, 14000, 3, 0, 42000),
(1095, 508, 89, 18000, 3, 0, 54000),
(1096, 509, 434, 7000, 2, 0, 14000),
(1097, 510, 204, 8000, 2, 0, 16000),
(1098, 510, 221, 10000, 1, 0, 10000),
(1099, 510, 222, 9000, 1, 0, 9000),
(1100, 511, 361, 24000, 1, 0, 24000),
(1101, 512, 223, 22000, 1, 0, 22000),
(1102, 512, 201, 14000, 1, 0, 14000),
(1103, 513, 147, 12000, 1, 0, 12000),
(1104, 513, 218, 9000, 1, 0, 9000),
(1105, 513, 356, 21000, 2, 0, 42000),
(1106, 514, 361, 24000, 1, 0, 24000),
(1107, 514, 308, 16000, 4, 0, 64000),
(1108, 514, 223, 22000, 1, 0, 22000),
(1109, 515, 201, 14000, 8, 0, 112000),
(1110, 515, 101, 10000, 5, 0, 50000),
(1111, 515, 250, 23000, 2, 0, 46000),
(1112, 515, 247, 18000, 2, 0, 36000),
(1113, 515, 300, 39000, 2, 0, 78000),
(1114, 515, 393, 37700, 3, 0, 113100),
(1115, 515, 147, 12000, 1, 0, 12000),
(1116, 516, 68, 29000, 1, 0, 29000),
(1117, 516, 131, 27000, 1, 0, 27000),
(1118, 516, 129, 27000, 1, 0, 27000),
(1119, 516, 169, 29000, 3, 0, 87000),
(1120, 516, 172, 25000, 1, 0, 25000),
(1121, 516, 358, 21000, 1, 0, 21000),
(1122, 517, 15, 13000, 10, 0, 130000),
(1123, 518, 205, 7000, 1, 0, 7000),
(1124, 518, 201, 14000, 1, 0, 14000),
(1125, 518, 232, 14000, 1, 0, 14000),
(1126, 519, 11, 15000, 10, 0, 150000),
(1127, 519, 297, 20000, 1, 0, 20000),
(1128, 519, 13, 8000, 5, 0, 40000),
(1129, 519, 63, 33000, 1, 0, 33000),
(1130, 519, 342, 20000, 1, 0, 20000),
(1131, 520, 317, 18000, 1, 0, 18000),
(1135, 522, 317, 18000, 1, 0, 18000),
(1136, 522, 355, 21000, 1, 0, 21000),
(1137, 522, 131, 27000, 1, 0, 27000),
(1138, 523, 339, 20000, 1, 0, 20000),
(1139, 523, 399, 37700, 1, 0, 37700),
(1140, 524, 434, 7000, 1, 0, 7000),
(1141, 525, 434, 7000, 2, 0, 14000),
(1142, 525, 356, 21000, 2, 0, 42000),
(1143, 526, 206, 17000, 1, 0, 17000),
(1144, 526, 363, 24000, 1, 0, 24000),
(1145, 526, 90, 18000, 1, 0, 18000),
(1146, 527, 214, 14000, 20, 0, 280000),
(1147, 527, 216, 14000, 20, 0, 280000),
(1148, 527, 85, 18000, 4, 0, 72000),
(1149, 527, 259, 78000, 2, 0, 156000),
(1150, 528, 312, 5000, 1, 0, 5000),
(1151, 528, 15, 13000, 1, 0, 13000),
(1152, 529, 331, 19000, 1, 0, 19000),
(1153, 529, 357, 21000, 1, 0, 21000),
(1154, 530, 131, 27000, 1, 0, 27000),
(1155, 531, 89, 18000, 2, 0, 36000),
(1156, 531, 83, 18000, 2, 0, 36000),
(1157, 532, 122, 52000, 1, 0, 52000),
(1159, 534, 339, 20000, 2, 0, 40000),
(1160, 535, 90, 18000, 1, 0, 18000),
(1161, 536, 6, 35000, 1, 0, 35000),
(1162, 536, 222, 9000, 1, 0, 9000),
(1163, 537, 365, 24000, 2, 0, 48000),
(1164, 538, 112, 28000, 3, 0, 84000),
(1165, 538, 303, 21000, 1, 0, 21000),
(1166, 538, 1, 15000, 1, 0, 15000),
(1167, 538, 355, 21000, 1, 0, 21000),
(1168, 539, 441, 47000, 1, 0, 47000),
(1169, 540, 355, 21000, 1, 0, 21000),
(1170, 541, 300, 39000, 1, 0, 39000),
(1171, 542, 356, 21000, 1, 0, 21000),
(1172, 543, 303, 21000, 1, 0, 21000),
(1173, 543, 299, 20000, 1, 0, 20000),
(1174, 544, 125, 43000, 1, 0, 43000),
(1175, 544, 93, 18000, 1, 0, 18000),
(1176, 544, 89, 18000, 1, 0, 18000),
(1177, 544, 83, 18000, 1, 0, 18000),
(1178, 544, 441, 47000, 1, 0, 47000),
(1179, 544, 367, 24000, 1, 0, 24000),
(1180, 545, 53, 49000, 1, 0, 49000),
(1181, 546, 201, 14000, 1, 0, 14000),
(1182, 546, 83, 18000, 2, 0, 36000),
(1183, 547, 125, 43000, 2, 0, 86000),
(1184, 547, 214, 14000, 1, 0, 14000),
(1185, 547, 337, 20000, 1, 0, 20000),
(1186, 547, 346, 20000, 3, 0, 60000),
(1187, 547, 434, 7000, 2, 0, 14000),
(1188, 547, 69, 56000, 1, 0, 56000),
(1189, 548, 123, 52000, 1, 0, 52000),
(1190, 548, 85, 18000, 1, 0, 18000),
(1191, 549, 432, 90000, 1, 0, 90000),
(1192, 550, 317, 18000, 3, 0, 54000),
(1193, 550, 201, 14000, 1, 0, 14000),
(1194, 550, 199, 15000, 2, 0, 30000),
(1195, 550, 218, 9000, 1, 0, 9000),
(1196, 550, 221, 10000, 1, 0, 10000),
(1197, 551, 294, 30000, 1, 0, 30000),
(1198, 552, 322, 18000, 1, 0, 18000),
(1199, 553, 326, 18000, 1, 0, 18000),
(1200, 554, 49, 40000, 1, 0, 40000),
(1201, 555, 32, 15000, 1, 0, 15000),
(1202, 555, 33, 35000, 1, 0, 35000),
(1203, 556, 323, 18000, 2, 0, 36000),
(1204, 556, 339, 20000, 1, 0, 20000),
(1205, 556, 328, 19000, 1, 0, 19000),
(1206, 557, 316, 18000, 3, 0, 54000),
(1207, 558, 147, 12000, 2, 0, 24000),
(1208, 558, 254, 22000, 1, 0, 22000),
(1209, 558, 222, 9000, 1, 0, 9000),
(1210, 559, 205, 7000, 1, 0, 7000),
(1211, 559, 147, 12000, 1, 0, 12000),
(1212, 559, 254, 22000, 1, 0, 22000),
(1213, 560, 199, 15000, 2, 0, 30000),
(1214, 560, 201, 14000, 1, 0, 14000),
(1215, 560, 347, 20000, 1, 0, 20000),
(1216, 561, 5, 35000, 1, 0, 35000),
(1217, 561, 201, 14000, 1, 0, 14000),
(1218, 561, 340, 20000, 1, 0, 20000),
(1219, 562, 201, 14000, 5, 0, 70000),
(1220, 562, 90, 18000, 10, 0, 180000),
(1221, 563, 199, 15000, 1, 0, 15000),
(1222, 564, 340, 20000, 1, 0, 20000),
(1223, 564, 132, 21000, 1, 0, 21000),
(1224, 565, 201, 14000, 1, 0, 14000),
(1225, 565, 199, 15000, 1, 0, 15000),
(1226, 565, 83, 18000, 1, 0, 18000),
(1227, 565, 33, 35000, 1, 0, 35000),
(1228, 565, 123, 52000, 1, 0, 52000),
(1229, 565, 90, 18000, 3, 0, 54000),
(1230, 565, 91, 18000, 1, 0, 18000),
(1231, 565, 223, 22000, 1, 0, 22000),
(1232, 566, 129, 27000, 1, 0, 27000),
(1233, 566, 204, 8000, 1, 0, 8000),
(1234, 566, 312, 5000, 1, 0, 5000),
(1235, 566, 332, 17000, 1, 0, 17000),
(1236, 566, 328, 19000, 1, 0, 19000),
(1237, 567, 90, 18000, 1, 0, 18000),
(1238, 567, 222, 9000, 1, 0, 9000),
(1239, 568, 223, 22000, 2, 0, 44000),
(1240, 568, 380, 45000, 1, 0, 45000),
(1241, 568, 206, 17000, 1, 0, 17000),
(1242, 568, 328, 19000, 1, 0, 19000),
(1243, 568, 337, 20000, 1, 0, 20000),
(1244, 569, 49, 40000, 1, 0, 40000),
(1245, 569, 62, 33000, 1, 0, 33000),
(1246, 570, 15, 13000, 1, 0, 13000),
(1247, 570, 214, 14000, 1, 0, 14000),
(1248, 570, 216, 14000, 1, 0, 14000),
(1249, 570, 365, 24000, 2, 0, 48000),
(1250, 570, 48, 40000, 2, 0, 80000),
(1251, 570, 440, 36000, 2, 0, 72000),
(1252, 570, 64, 40000, 1, 0, 40000),
(1253, 570, 442, 29000, 1, 0, 29000),
(1254, 570, 314, 18000, 1, 0, 18000),
(1255, 570, 90, 18000, 2, 0, 36000),
(1256, 570, 434, 7000, 2, 0, 14000),
(1257, 570, 299, 20000, 1, 0, 20000),
(1258, 571, 206, 17000, 1, 0, 17000),
(1259, 572, 15, 13000, 2, 0, 26000),
(1260, 572, 14, 10000, 2, 0, 20000),
(1261, 572, 89, 18000, 5, 0, 90000),
(1262, 572, 91, 18000, 1, 0, 18000),
(1263, 573, 199, 15000, 10, 0, 150000),
(1264, 573, 366, 24000, 1, 0, 24000),
(1265, 574, 83, 18000, 1, 0, 18000),
(1266, 574, 257, 35000, 1, 0, 35000),
(1267, 575, 383, 45000, 1, 0, 45000),
(1268, 575, 319, 18000, 1, 0, 18000),
(1269, 575, 324, 18000, 1, 0, 18000),
(1270, 575, 188, 27000, 1, 0, 27000),
(1271, 576, 222, 9000, 1, 0, 9000),
(1272, 576, 201, 14000, 1, 0, 14000),
(1273, 576, 90, 18000, 1, 0, 18000),
(1274, 577, 83, 18000, 2, 0, 36000),
(1275, 578, 139, 31000, 1, 0, 31000),
(1276, 579, 317, 18000, 1, 0, 18000),
(1277, 579, 318, 18000, 1, 0, 18000),
(1278, 580, 91, 18000, 1, 0, 18000),
(1279, 580, 349, 20000, 1, 0, 20000),
(1280, 580, 185, 29000, 1, 0, 29000),
(1281, 581, 299, 20000, 1, 0, 20000),
(1282, 581, 297, 20000, 1, 0, 20000),
(1283, 582, 5, 35000, 1, 0, 35000),
(1284, 582, 201, 14000, 1, 0, 14000),
(1285, 583, 339, 20000, 3, 0, 60000),
(1286, 583, 307, 25000, 1, 0, 25000),
(1287, 583, 301, 34000, 1, 0, 34000),
(1288, 584, 335, 20000, 1, 0, 20000),
(1289, 584, 339, 20000, 1, 0, 20000),
(1290, 584, 434, 7000, 2, 0, 14000),
(1291, 585, 343, 20000, 1, 0, 20000),
(1292, 585, 321, 18000, 1, 0, 18000),
(1293, 586, 5, 35000, 1, 0, 35000),
(1294, 586, 340, 20000, 1, 0, 20000),
(1295, 587, 254, 22000, 1, 0, 22000),
(1296, 588, 221, 10000, 1, 0, 10000),
(1297, 588, 204, 8000, 2, 0, 16000),
(1298, 588, 312, 5000, 2, 0, 10000),
(1299, 588, 355, 21000, 4, 0, 84000),
(1300, 588, 89, 18000, 1, 0, 18000),
(1301, 588, 85, 18000, 1, 0, 18000),
(1302, 588, 324, 18000, 1, 0, 18000),
(1303, 588, 216, 14000, 1, 0, 14000),
(1304, 589, 351, 20000, 1, 0, 20000),
(1305, 589, 5, 35000, 1, 0, 35000),
(1306, 590, 391, 42800, 1, 0, 42800),
(1307, 591, 90, 18000, 1, 0, 18000),
(1308, 592, 354, 21000, 1, 0, 21000),
(1309, 592, 339, 20000, 1, 0, 20000),
(1310, 593, 247, 18000, 1, 0, 18000),
(1311, 593, 352, 18000, 1, 0, 18000),
(1312, 594, 90, 18000, 10, 0, 180000),
(1313, 594, 147, 12000, 1, 0, 12000),
(1314, 595, 291, 19000, 1, 0, 19000),
(1315, 595, 46, 40000, 1, 0, 40000),
(1316, 595, 340, 20000, 1, 0, 20000),
(1317, 596, 434, 7000, 2, 0, 14000),
(1318, 597, 206, 17000, 2, 0, 34000),
(1319, 598, 125, 43000, 1, 0, 43000),
(1320, 599, 222, 9000, 1, 0, 9000),
(1321, 600, 129, 27000, 1, 0, 27000),
(1322, 601, 63, 33000, 2, 0, 66000),
(1323, 601, 434, 7000, 2, 0, 14000),
(1324, 601, 263, 26000, 2, 0, 52000),
(1325, 601, 356, 21000, 1, 0, 21000),
(1326, 602, 354, 21000, 2, 0, 42000),
(1327, 603, 319, 18000, 3, 0, 54000),
(1328, 603, 340, 20000, 2, 0, 40000),
(1329, 604, 144, 59000, 1, 0, 59000),
(1330, 604, 249, 38000, 2, 0, 76000),
(1331, 604, 255, 44000, 1, 0, 44000),
(1332, 604, 112, 28000, 1, 0, 28000),
(1333, 605, 132, 21000, 2, 0, 42000),
(1334, 606, 223, 22000, 1, 0, 22000),
(1335, 607, 222, 9000, 1, 0, 9000),
(1336, 608, 203, 12000, 1, 0, 12000),
(1337, 608, 214, 14000, 1, 0, 14000),
(1338, 608, 118, 15000, 1, 0, 15000),
(1339, 609, 434, 7000, 1, 0, 7000),
(1340, 609, 312, 5000, 1, 0, 5000),
(1341, 610, 212, 10000, 1, 0, 10000),
(1342, 610, 27, 124000, 1, 0, 124000),
(1343, 611, 431, 82000, 1, 0, 82000),
(1344, 611, 300, 39000, 1, 0, 39000),
(1345, 612, 32, 15000, 1, 0, 15000),
(1346, 612, 337, 20000, 1, 0, 20000),
(1347, 612, 206, 17000, 1, 0, 17000),
(1348, 612, 327, 16000, 1, 0, 16000),
(1349, 613, 239, 15000, 2, 0, 30000),
(1350, 614, 289, 11000, 1, 0, 11000),
(1351, 614, 307, 25000, 1, 0, 25000),
(1352, 615, 199, 15000, 1, 0, 15000),
(1353, 615, 201, 14000, 1, 0, 14000),
(1354, 616, 199, 15000, 1, 0, 15000),
(1355, 616, 247, 18000, 1, 0, 18000),
(1356, 617, 40, 28000, 1, 0, 28000),
(1357, 617, 389, 37700, 1, 0, 37700),
(1358, 618, 125, 43000, 1, 0, 43000),
(1359, 619, 201, 14000, 1, 0, 14000),
(1360, 620, 39, 39000, 1, 0, 39000),
(1361, 620, 189, 66000, 1, 0, 66000),
(1362, 620, 337, 20000, 1, 0, 20000),
(1363, 621, 223, 22000, 1, 0, 22000),
(1364, 621, 205, 7000, 1, 0, 7000),
(1365, 622, 306, 63000, 1, 0, 63000),
(1366, 622, 297, 20000, 3, 0, 60000),
(1367, 622, 301, 34000, 1, 0, 34000),
(1368, 622, 6, 35000, 2, 0, 70000),
(1369, 622, 32, 15000, 1, 0, 15000),
(1370, 623, 261, 33000, 1, 0, 33000),
(1371, 623, 263, 26000, 1, 0, 26000),
(1372, 623, 6, 35000, 2, 0, 70000),
(1373, 623, 32, 15000, 1, 0, 15000),
(1374, 624, 123, 52000, 1, 0, 52000),
(1375, 625, 291, 19000, 1, 0, 19000),
(1376, 625, 290, 26000, 1, 0, 26000),
(1377, 626, 339, 20000, 2, 0, 40000),
(1378, 627, 204, 8000, 2, 0, 16000),
(1379, 628, 263, 26000, 1, 0, 26000),
(1380, 629, 364, 24000, 1, 0, 24000),
(1381, 630, 198, 19000, 2, 0, 38000),
(1382, 630, 11, 15000, 1, 0, 15000),
(1383, 630, 201, 14000, 3, 0, 42000),
(1384, 630, 228, 15000, 1, 0, 15000),
(1385, 631, 319, 18000, 1, 0, 18000),
(1386, 632, 352, 18000, 1, 0, 18000),
(1387, 633, 223, 22000, 1, 0, 22000),
(1388, 634, 79, 25000, 1, 0, 25000),
(1389, 635, 189, 66000, 1, 0, 66000),
(1390, 636, 324, 18000, 2, 0, 36000),
(1391, 636, 339, 20000, 2, 0, 40000),
(1392, 636, 340, 20000, 1, 0, 20000),
(1393, 637, 40, 28000, 1, 0, 28000),
(1394, 638, 371, 24000, 1, 0, 24000),
(1395, 639, 371, 24000, 1, 0, 24000),
(1396, 639, 203, 12000, 1, 0, 12000),
(1397, 639, 316, 18000, 1, 0, 18000),
(1398, 640, 261, 33000, 2, 0, 66000),
(1399, 640, 263, 26000, 3, 0, 78000),
(1400, 640, 371, 24000, 1, 0, 24000),
(1401, 640, 366, 24000, 1, 0, 24000),
(1402, 641, 198, 19000, 2, 0, 38000),
(1403, 641, 364, 24000, 1, 0, 24000),
(1404, 642, 123, 52000, 1, 0, 52000),
(1405, 643, 434, 7000, 4, 0, 28000),
(1406, 644, 434, 7000, 5, 0, 35000),
(1407, 645, 223, 22000, 2, 0, 44000),
(1408, 646, 249, 38000, 1, 0, 38000),
(1409, 647, 297, 20000, 2, 0, 40000),
(1410, 647, 147, 12000, 12, 0, 144000),
(1411, 648, 129, 27000, 11, 0, 297000),
(1412, 648, 132, 21000, 3, 0, 63000),
(1413, 648, 194, 39000, 1, 0, 39000),
(1414, 648, 161, 36000, 1, 0, 36000),
(1415, 648, 167, 53000, 1, 0, 53000),
(1416, 648, 254, 22000, 1, 0, 22000),
(1417, 649, 328, 19000, 1, 0, 19000),
(1418, 649, 204, 8000, 1, 0, 8000),
(1419, 650, 15, 13000, 2, 0, 26000),
(1420, 651, 442, 29000, 1, 0, 29000),
(1421, 651, 195, 47000, 1, 0, 47000),
(1422, 651, 340, 20000, 1, 0, 20000),
(1423, 652, 295, 34000, 1, 0, 34000),
(1424, 652, 306, 63000, 1, 0, 63000),
(1425, 652, 300, 39000, 1, 0, 39000),
(1426, 653, 354, 21000, 1, 0, 21000),
(1427, 654, 340, 20000, 1, 0, 20000),
(1428, 654, 344, 20000, 1, 0, 20000),
(1429, 654, 60, 33000, 1, 0, 33000),
(1430, 655, 340, 20000, 1, 0, 20000),
(1431, 656, 223, 22000, 1, 0, 22000),
(1432, 656, 119, 12000, 1, 0, 12000),
(1433, 656, 85, 18000, 1, 0, 18000),
(1434, 656, 27, 124000, 1, 0, 124000),
(1435, 657, 335, 20000, 1, 0, 20000),
(1436, 658, 223, 22000, 4, 0, 88000),
(1437, 658, 247, 18000, 2, 0, 36000),
(1438, 658, 161, 36000, 1, 0, 36000),
(1439, 659, 189, 66000, 1, 0, 66000),
(1440, 659, 223, 22000, 1, 0, 22000),
(1441, 659, 132, 21000, 1, 0, 21000),
(1442, 660, 338, 20000, 2, 0, 40000),
(1443, 661, 223, 22000, 2, 0, 44000),
(1444, 661, 162, 44000, 1, 0, 44000),
(1445, 661, 338, 20000, 1, 0, 20000),
(1446, 661, 337, 20000, 2, 0, 40000),
(1447, 662, 389, 37700, 2, 0, 75400),
(1448, 663, 98, 12000, 1, 0, 12000),
(1449, 663, 245, 19000, 1, 0, 19000),
(1450, 664, 299, 20000, 1, 0, 20000),
(1451, 664, 317, 18000, 1, 0, 18000),
(1452, 665, 79, 25000, 1, 0, 25000),
(1453, 665, 318, 18000, 1, 0, 18000),
(1454, 665, 221, 10000, 1, 0, 10000),
(1455, 666, 318, 18000, 1, 0, 18000),
(1456, 666, 317, 18000, 1, 0, 18000),
(1457, 666, 49, 40000, 1, 0, 40000),
(1458, 666, 58, 33000, 1, 0, 33000),
(1459, 667, 39, 39000, 1, 0, 39000),
(1460, 668, 341, 20000, 1, 0, 20000),
(1461, 669, 223, 22000, 1, 0, 22000),
(1462, 670, 212, 10000, 3, 0, 30000),
(1463, 671, 1, 15000, 1, 0, 15000),
(1464, 672, 129, 27000, 1, 0, 27000),
(1465, 672, 319, 18000, 1, 0, 18000),
(1466, 673, 85, 18000, 1, 0, 18000),
(1467, 673, 90, 18000, 1, 0, 18000),
(1468, 674, 321, 18000, 2, 0, 36000),
(1470, 676, 83, 18000, 4, 0, 72000),
(1471, 676, 337, 20000, 2, 0, 40000),
(1472, 676, 372, 24000, 1, 0, 24000),
(1473, 677, 331, 19000, 1, 0, 19000),
(1474, 677, 337, 20000, 1, 0, 20000),
(1475, 678, 29, 185000, 1, 0, 185000),
(1476, 679, 351, 20000, 1, 0, 20000),
(1477, 679, 199, 15000, 1, 0, 15000),
(1478, 680, 351, 20000, 1, 0, 20000),
(1479, 681, 14, 10000, 1, 0, 10000),
(1480, 682, 222, 9000, 2, 0, 18000),
(1481, 682, 247, 18000, 1, 0, 18000),
(1482, 682, 104, 18000, 1, 0, 18000),
(1483, 682, 331, 19000, 1, 0, 19000),
(1484, 682, 351, 20000, 1, 0, 20000),
(1485, 682, 339, 20000, 1, 0, 20000),
(1486, 683, 198, 19000, 1, 0, 19000),
(1487, 684, 39, 39000, 1, 0, 39000);
INSERT INTO `t_sale_detail` (`detail_id`, `sale_id`, `item_id`, `price`, `qty`, `discount_item`, `total`) VALUES
(1488, 684, 217, 12000, 1, 0, 12000),
(1489, 685, 201, 14000, 1, 0, 14000),
(1490, 686, 6, 35000, 1, 0, 35000),
(1491, 686, 112, 28000, 1, 0, 28000),
(1492, 686, 90, 18000, 1, 0, 18000),
(1493, 686, 260, 38000, 1, 0, 38000),
(1494, 687, 434, 7000, 5, 0, 35000),
(1495, 688, 432, 90000, 1, 0, 90000),
(1496, 689, 131, 27000, 3, 0, 81000),
(1497, 689, 130, 27000, 1, 0, 27000),
(1500, 691, 331, 19000, 1, 0, 19000),
(1501, 692, 431, 82000, 1, 0, 82000),
(1502, 692, 434, 7000, 3, 0, 21000),
(1503, 693, 351, 20000, 10, 0, 200000),
(1504, 694, 83, 18000, 1, 0, 18000),
(1505, 694, 198, 19000, 2, 0, 38000),
(1506, 695, 286, 122000, 1, 0, 122000),
(1507, 696, 214, 14000, 1, 0, 14000),
(1508, 696, 83, 18000, 1, 0, 18000),
(1509, 697, 14, 10000, 2, 0, 20000),
(1510, 697, 328, 19000, 1, 0, 19000),
(1511, 697, 329, 19000, 1, 0, 19000),
(1512, 697, 40, 28000, 1, 0, 28000),
(1513, 698, 26, 100000, 1, 0, 100000),
(1514, 699, 393, 37700, 1, 0, 37700),
(1515, 700, 344, 20000, 2, 0, 40000),
(1516, 701, 393, 37700, 1, 0, 37700),
(1517, 702, 331, 19000, 1, 0, 19000),
(1518, 703, 201, 14000, 1, 0, 14000),
(1519, 703, 358, 21000, 1, 0, 21000),
(1520, 704, 91, 18000, 1, 0, 18000),
(1521, 705, 375, 23000, 1, 0, 23000),
(1522, 706, 339, 20000, 1, 0, 20000),
(1523, 706, 362, 24000, 1, 0, 24000),
(1524, 706, 365, 24000, 1, 0, 24000),
(1525, 707, 91, 18000, 1, 0, 18000),
(1526, 708, 89, 18000, 1, 0, 18000),
(1527, 709, 323, 18000, 1, 0, 18000),
(1528, 710, 367, 24000, 1, 0, 24000),
(1529, 710, 363, 24000, 1, 0, 24000),
(1530, 710, 371, 24000, 1, 0, 24000),
(1531, 710, 370, 24000, 1, 0, 24000),
(1532, 711, 347, 20000, 2, 0, 40000),
(1533, 712, 314, 18000, 2, 0, 36000),
(1534, 712, 356, 21000, 1, 0, 21000),
(1535, 712, 364, 24000, 2, 0, 48000),
(1536, 713, 339, 20000, 1, 0, 20000),
(1537, 714, 316, 18000, 1, 0, 18000),
(1538, 714, 337, 20000, 1, 0, 20000),
(1539, 715, 131, 27000, 1, 0, 27000),
(1540, 715, 188, 27000, 1, 0, 27000),
(1541, 715, 49, 40000, 1, 0, 40000),
(1542, 715, 64, 40000, 1, 0, 40000),
(1543, 715, 83, 18000, 1, 0, 18000),
(1544, 715, 7, 40000, 1, 0, 40000),
(1545, 716, 317, 18000, 2, 0, 36000),
(1546, 717, 342, 20000, 2, 0, 40000),
(1547, 718, 198, 19000, 1, 0, 19000),
(1548, 718, 334, 20000, 1, 0, 20000),
(1549, 718, 102, 18000, 1, 0, 18000),
(1550, 718, 122, 52000, 1, 0, 52000),
(1551, 719, 317, 18000, 2, 0, 36000),
(1554, 721, 222, 9000, 1, 0, 9000),
(1555, 722, 329, 19000, 3, 0, 57000),
(1556, 722, 303, 21000, 1, 0, 21000),
(1557, 722, 299, 20000, 1, 0, 20000),
(1558, 722, 141, 61000, 1, 0, 61000),
(1559, 723, 317, 18000, 1, 0, 18000),
(1560, 724, 223, 22000, 1, 0, 22000),
(1561, 724, 254, 22000, 1, 0, 22000),
(1562, 725, 119, 12000, 1, 0, 12000),
(1563, 725, 85, 18000, 1, 0, 18000),
(1564, 726, 222, 9000, 1, 0, 9000),
(1565, 726, 216, 14000, 1, 0, 14000),
(1566, 727, 5, 35000, 1, 0, 35000),
(1567, 728, 33, 35000, 1, 0, 35000),
(1568, 728, 32, 15000, 1, 0, 15000),
(1569, 728, 331, 19000, 1, 0, 19000),
(1570, 729, 147, 12000, 2, 0, 24000),
(1571, 730, 322, 18000, 5, 0, 90000),
(1572, 730, 1, 15000, 2, 0, 30000),
(1573, 731, 146, 13000, 1, 0, 13000),
(1574, 731, 217, 12000, 1, 0, 12000),
(1575, 732, 147, 12000, 1, 0, 12000),
(1576, 732, 216, 14000, 1, 0, 14000),
(1577, 732, 199, 15000, 1, 0, 15000),
(1579, 734, 146, 13000, 1, 0, 13000),
(1580, 734, 217, 12000, 1, 0, 12000),
(1581, 735, 328, 19000, 1, 0, 19000),
(1582, 736, 101, 10000, 1, 0, 10000),
(1583, 737, 14, 10000, 1, 0, 10000),
(1584, 738, 223, 22000, 1, 0, 22000),
(1585, 739, 121, 52000, 1, 0, 52000),
(1586, 740, 329, 19000, 2, 0, 38000),
(1587, 741, 300, 39000, 1, 0, 39000),
(1588, 742, 218, 9000, 1, 0, 9000),
(1589, 742, 217, 12000, 1, 0, 12000),
(1590, 742, 329, 19000, 1, 0, 19000),
(1591, 743, 358, 21000, 1, 0, 21000),
(1592, 744, 329, 19000, 1, 0, 19000),
(1593, 745, 299, 20000, 1, 0, 20000),
(1594, 746, 89, 18000, 1, 0, 18000),
(1595, 746, 120, 52000, 1, 0, 52000),
(1596, 747, 223, 22000, 1, 0, 22000),
(1597, 748, 328, 19000, 1, 0, 19000),
(1598, 748, 16, 27000, 1, 0, 27000),
(1599, 748, 398, 46900, 1, 0, 46900),
(1600, 749, 362, 24000, 1, 0, 24000),
(1605, 754, 229, 13000, 1, 0, 13000),
(1606, 755, 229, 13000, 1, 0, 13000),
(1607, 756, 333, 168000, 1, 0, 168000);

--
-- Trigger `t_sale_detail`
--
DELIMITER $$
CREATE TRIGGER `stock_min` AFTER INSERT ON `t_sale_detail` FOR EACH ROW BEGIN

UPDATE p_item SET stock = stock - NEW.qty
WHERE item_id = NEW.item_id;

END
$$
DELIMITER ;
DELIMITER $$
CREATE TRIGGER `stock_return` AFTER DELETE ON `t_sale_detail` FOR EACH ROW BEGIN
	UPDATE p_item SET stock = stock + OLD.qty
    WHERE item_id = OLD.item_id;
END
$$
DELIMITER ;

-- --------------------------------------------------------

--
-- Struktur dari tabel `t_stock`
--

CREATE TABLE `t_stock` (
  `stock_id` int(11) NOT NULL,
  `item_id` int(11) NOT NULL,
  `type` enum('in','out') NOT NULL,
  `detail` varchar(250) NOT NULL,
  `supplier_id` int(11) DEFAULT NULL,
  `qty` int(10) NOT NULL,
  `date` date NOT NULL,
  `created` datetime NOT NULL DEFAULT CURRENT_TIMESTAMP,
  `updated` datetime DEFAULT NULL,
  `user_id` int(11) NOT NULL
) ENGINE=InnoDB DEFAULT CHARSET=latin1;

--
-- Dumping data untuk tabel `t_stock`
--

INSERT INTO `t_stock` (`stock_id`, `item_id`, `type`, `detail`, `supplier_id`, `qty`, `date`, `created`, `updated`, `user_id`) VALUES
(1, 440, 'in', 'tambahan ', NULL, 40, '2023-02-03', '2023-02-03 09:43:18', NULL, 1),
(2, 12, 'in', 'tambahan stock', NULL, 40, '2023-02-03', '2023-02-03 09:57:54', NULL, 1),
(3, 13, 'in', 'tambahan qty', NULL, 40, '2023-02-03', '2023-02-03 10:02:05', NULL, 1),
(4, 14, 'in', 'tambahan qty', NULL, 40, '2023-02-03', '2023-02-03 10:03:32', NULL, 1),
(5, 83, 'in', 'tambahan qty', NULL, 50, '2023-02-03', '2023-02-03 10:05:10', NULL, 1),
(6, 120, 'in', 'tambahan qty', NULL, 25, '2023-02-03', '2023-02-03 10:06:38', NULL, 1),
(7, 200, 'in', 'tambahan qty', NULL, 20, '2023-02-03', '2023-02-03 10:07:36', NULL, 1),
(8, 205, 'in', 'tambahan qty', NULL, 20, '2023-02-03', '2023-02-03 10:08:33', NULL, 1),
(9, 206, 'in', 'tambahan qty', NULL, 8, '2023-02-03', '2023-02-03 10:09:22', NULL, 1),
(10, 222, 'in', 'tambahan qty', NULL, 20, '2023-02-03', '2023-02-03 10:10:13', NULL, 1),
(11, 251, 'in', 'tambahan qty', NULL, 20, '2023-02-03', '2023-02-03 10:11:02', NULL, 1),
(12, 437, 'in', 'tambahan qty', NULL, 6, '2023-02-03', '2023-02-03 10:12:46', NULL, 1),
(13, 441, 'in', 'item baru', NULL, 20, '2023-02-03', '2023-02-03 11:20:35', NULL, 1),
(14, 179, 'in', 'tambahn qty', NULL, 20, '2023-02-04', '2023-02-04 14:27:58', NULL, 1),
(15, 90, 'in', 'tambahan stock', NULL, 50, '2023-02-04', '2023-02-04 15:04:04', NULL, 1),
(16, 201, 'in', 'tambahan qty', NULL, 100, '2023-02-04', '2023-02-04 15:07:12', NULL, 1),
(17, 442, 'in', 'tambahan item', NULL, 40, '2023-02-04', '2023-02-04 15:21:37', NULL, 1),
(18, 281, 'in', 'tambahan qty', NULL, 10, '2023-02-04', '2023-02-04 16:35:54', NULL, 1),
(19, 443, 'in', 'ITEM BARU', NULL, 25, '2023-02-04', '2023-02-04 17:21:14', NULL, 1),
(20, 393, 'in', 'tambah qty', NULL, 5, '2023-02-05', '2023-02-05 15:45:06', NULL, 1);

--
-- Indexes for dumped tables
--

--
-- Indexes for table `customer`
--
ALTER TABLE `customer`
  ADD PRIMARY KEY (`customer_id`);

--
-- Indexes for table `p_category`
--
ALTER TABLE `p_category`
  ADD PRIMARY KEY (`category_id`);

--
-- Indexes for table `p_item`
--
ALTER TABLE `p_item`
  ADD PRIMARY KEY (`item_id`),
  ADD UNIQUE KEY `barcode` (`barcode`),
  ADD KEY `p_item_ibfk_1` (`category_id`),
  ADD KEY `p_item_ibfk_2` (`unit_id`);

--
-- Indexes for table `p_unit`
--
ALTER TABLE `p_unit`
  ADD PRIMARY KEY (`unit_id`);

--
-- Indexes for table `supplier`
--
ALTER TABLE `supplier`
  ADD PRIMARY KEY (`supplier_id`);

--
-- Indexes for table `t_cart`
--
ALTER TABLE `t_cart`
  ADD PRIMARY KEY (`cart_id`),
  ADD KEY `item_id` (`item_id`),
  ADD KEY `user_id` (`user_id`);

--
-- Indexes for table `t_sale`
--
ALTER TABLE `t_sale`
  ADD PRIMARY KEY (`sale_id`);

--
-- Indexes for table `t_sale_detail`
--
ALTER TABLE `t_sale_detail`
  ADD PRIMARY KEY (`detail_id`),
  ADD KEY `item_id` (`item_id`);

--
-- Indexes for table `t_stock`
--
ALTER TABLE `t_stock`
  ADD PRIMARY KEY (`stock_id`),
  ADD KEY `item_id` (`item_id`),
  ADD KEY `t_stock_ibfk_2` (`supplier_id`),
  ADD KEY `user_id` (`user_id`);

--
-- AUTO_INCREMENT for dumped tables
--

--
-- AUTO_INCREMENT for table `customer`
--
ALTER TABLE `customer`
  MODIFY `customer_id` int(11) NOT NULL AUTO_INCREMENT, AUTO_INCREMENT=604;

--
-- AUTO_INCREMENT for table `p_category`
--
ALTER TABLE `p_category`
  MODIFY `category_id` int(11) NOT NULL AUTO_INCREMENT, AUTO_INCREMENT=7;

--
-- AUTO_INCREMENT for table `p_item`
--
ALTER TABLE `p_item`
  MODIFY `item_id` int(11) NOT NULL AUTO_INCREMENT, AUTO_INCREMENT=444;

--
-- AUTO_INCREMENT for table `p_unit`
--
ALTER TABLE `p_unit`
  MODIFY `unit_id` int(11) NOT NULL AUTO_INCREMENT, AUTO_INCREMENT=3;

--
-- AUTO_INCREMENT for table `supplier`
--
ALTER TABLE `supplier`
  MODIFY `supplier_id` int(11) NOT NULL AUTO_INCREMENT;

--
-- AUTO_INCREMENT for table `t_sale`
--
ALTER TABLE `t_sale`
  MODIFY `sale_id` int(11) NOT NULL AUTO_INCREMENT, AUTO_INCREMENT=757;

--
-- AUTO_INCREMENT for table `t_sale_detail`
--
ALTER TABLE `t_sale_detail`
  MODIFY `detail_id` int(11) NOT NULL AUTO_INCREMENT, AUTO_INCREMENT=1608;

--
-- AUTO_INCREMENT for table `t_stock`
--
ALTER TABLE `t_stock`
  MODIFY `stock_id` int(11) NOT NULL AUTO_INCREMENT, AUTO_INCREMENT=21;

--
-- Ketidakleluasaan untuk tabel pelimpahan (Dumped Tables)
--

--
-- Ketidakleluasaan untuk tabel `p_item`
--
ALTER TABLE `p_item`
  ADD CONSTRAINT `p_item_ibfk_1` FOREIGN KEY (`category_id`) REFERENCES `p_category` (`category_id`) ON UPDATE CASCADE,
  ADD CONSTRAINT `p_item_ibfk_2` FOREIGN KEY (`unit_id`) REFERENCES `p_unit` (`unit_id`) ON UPDATE CASCADE;

--
-- Ketidakleluasaan untuk tabel `t_cart`
--
ALTER TABLE `t_cart`
  ADD CONSTRAINT `t_cart_ibfk_1` FOREIGN KEY (`item_id`) REFERENCES `p_item` (`item_id`) ON DELETE CASCADE ON UPDATE CASCADE,
  ADD CONSTRAINT `t_cart_ibfk_2` FOREIGN KEY (`user_id`) REFERENCES `user` (`user_id`) ON DELETE CASCADE ON UPDATE CASCADE;

--
-- Ketidakleluasaan untuk tabel `t_sale_detail`
--
ALTER TABLE `t_sale_detail`
  ADD CONSTRAINT `t_sale_detail_ibfk_1` FOREIGN KEY (`item_id`) REFERENCES `p_item` (`item_id`);

--
-- Ketidakleluasaan untuk tabel `t_stock`
--
ALTER TABLE `t_stock`
  ADD CONSTRAINT `t_stock_ibfk_1` FOREIGN KEY (`item_id`) REFERENCES `p_item` (`item_id`) ON DELETE CASCADE ON UPDATE CASCADE,
  ADD CONSTRAINT `t_stock_ibfk_2` FOREIGN KEY (`supplier_id`) REFERENCES `supplier` (`supplier_id`),
  ADD CONSTRAINT `t_stock_ibfk_3` FOREIGN KEY (`user_id`) REFERENCES `user` (`user_id`);
COMMIT;

